NOAA-Style Climate Reports


Report for 2019 november
                   Monthly Climatological Summary for nov 2019

Name: Weerstation Tilburg-Reeshof   City: Tilburg   State: Noord Brabant
Elevation: 7 m  Lat: N 51° 34' 46"   Lon: E 005° 00' 37"

                  Temperature (°C), Rain (mm), Wind Speed (km/h)

                                      Heat  Cool        Avg
    Mean                              Deg   Deg         Wind                 Dom
Day Temp  High   Time   Low    Time   Days  Days  Rain  Speed High   Time    Dir
----------------------------------------------------------------------------------
 1   8,2  13,2   23:57   2,7   02:50  10,1   0,0   4,3   4,4  17,6   16:42     Z
 2  13,7  16,3   14:18  11,7   23:57   4,6   0,0   5,2  10,3  27,0   17:18   ZZW
 3  11,0  13,6   13:06   8,8   07:52   7,3   0,0   8,3   3,4  14,4   00:52   ZZW
 4  10,6  14,2   15:31   9,0   08:50   7,7   0,0   2,0   4,6  15,8   11:23   ZZW
 5   9,5  12,1   15:30   8,0   01:20   8,8   0,0   2,7   3,5  12,2   09:48   ZZW
 6   9,6  14,2   13:31   7,7   23:50   8,7   0,0   0,6   1,6   7,9   04:52   NNW
 7   7,8  10,7   14:58   4,4   23:53  10,5   0,0   5,7   4,4  18,7   14:46   ZZW
 8   5,8  14,0   14:35   2,6   08:40  12,5   0,0   0,3   2,8   9,0   12:39   ZZW
 9   6,0  11,6   12:49   2,5   23:53  12,3   0,0   1,1   5,9  20,5   11:48   ZZW
10   3,5  13,3   14:42  -1,0   07:53  14,8   0,0   0,3   0,8   6,1   00:42     Z
11   5,3   8,2   11:26   0,8   00:00  13,0   0,0   8,0   7,3  22,7   11:41   ZZW
12   5,4   9,4   13:53   3,5   05:42  12,9   0,0   2,2   8,2  22,3   11:49   ZZW
13   6,4  10,6   12:45   4,9   00:00  11,9   0,0   9,9   5,6  16,6   01:18   ZZW
14   5,4   8,1   15:03   3,6   04:24  12,9   0,0   0,3   2,9  15,1   13:15     Z
15   4,5   6,4   15:08   2,7   05:57  13,8   0,0   0,0   4,1  14,8   07:41    NO
16   3,9   7,3   15:20   0,6   08:23  14,4   0,0   0,3   1,7   8,6   11:17   ZZW
17   4,7   9,6   13:52   0,8   08:35  13,6   0,0   0,0   2,5  11,2   15:58   NNO
18   5,8   7,5   20:15   4,4   00:00  12,5   0,0   6,6   3,4  11,9   21:46   NNW
19   4,8   9,3   14:12   0,4   23:59  13,5   0,0   1,1   2,5  11,5   12:12   WZW
20   1,9   9,6   13:34  -2,3   08:12  16,4   0,0   0,3   1,6  13,7   18:14   OZO
21   2,3   5,3   13:32   1,0   03:28  16,0   0,0   0,0   2,7  12,2   08:19   OZO
22   6,7  13,4   13:31   2,5   00:00  11,6   0,0   0,6   4,2  15,5   13:04     Z
----------------------------------------------------------------------------------
     6,5  16,3     2    -2,3    20   259,8   0,0  59,8   4,0  27,0     2     ZZW

Max >=  27,0:  0
Max <=   0,0:  0
Min <=   0,0:  2
Min <= -18,0:  0
Max Rain: 9,9 on day 13
Days of Rain: 19 (>= 0,2 mm)  10 (>= 2,0 mm)  0 (>= 20,0 mm)
Heat Base: 18,3  Cool Base: 18,3  Method: Integration