NOAA-Style Climate Reports


Report for 2018 juni
                   Monthly Climatological Summary for jun 2018

Name: Weerstation Tilburg-Reeshof   City: Tilburg   State: Noord Brabant
Elevation: 7 m  Lat: N 51° 34' 46"   Lon: E 005° 00' 37"

                  Temperature (°C), Rain (mm), Wind Speed (km/h)

                                      Heat  Cool        Avg
    Mean                              Deg   Deg         Wind                 Dom
Day Temp  High   Time   Low    Time   Days  Days  Rain  Speed High   Time    Dir
----------------------------------------------------------------------------------
 1  18,5  22,9   11:07  15,6   22:30   0,7   0,8   1,8   1,4   7,2   16:41    ZW
 2  18,1  22,5   16:27  15,8   00:00   1,0   0,8   0,5   2,6   9,7   09:11   ZZW
 3  20,4  27,4   15:10  14,2   05:59   1,0   3,1   0,0   1,7  11,5   19:44   NNW
 4  20,9  27,4   17:44  16,4   04:01   0,5   3,1   0,0   4,1  16,2   12:57     N
 5  18,8  25,2   18:41  15,7   07:15   1,0   1,5   0,0   4,5  15,1   14:47     N
 6  22,1  31,9   18:07  12,8   05:50   1,5   5,3   0,0   4,1  14,8   17:14     N
 7  23,0  31,8   15:19  17,5   05:38   0,0   4,8   0,0   1,9  10,4   10:41   WZW
 8  20,7  25,1   17:06  18,1   05:43   0,0   2,4   0,0   2,4  12,6   22:28     N
 9  22,3  28,4   14:23  17,6   03:24   0,1   4,0   0,0   3,1  13,3   10:32     N
10  21,5  28,4   16:48  16,3   06:32   0,4   3,6   0,0   3,9  17,6   17:11     N
11  19,7  27,0   15:40  13,5   05:43   1,3   2,7   0,0   6,3  20,5   14:32     N
12  16,5  22,2   13:56  13,5   04:58   2,2   0,5   0,0   5,1  16,9   17:26     N
13  17,0  24,0   17:25  12,7   01:28   2,1   0,7   0,0   2,6  18,0   15:17     N
14  16,3  23,0   12:37  11,0   05:18   2,7   0,7   0,0   4,1  16,6   11:00   ZZW
15  19,7  27,2   17:19  13,0   05:32   1,5   2,9   0,0   1,6  10,4   21:43    ZW
16  19,8  27,0   14:43  15,5   06:17   0,7   2,2   0,0   3,2  13,3   14:17   ZZW
17  16,5  19,9   16:05  13,3   04:32   1,9   0,1   0,5   3,8  12,2   13:24   ZZW
18  17,8  21,8   18:49  14,8   23:58   1,0   0,5   0,0   4,3  13,0   09:36   ZZW
19  18,0  22,0   17:28  13,7   03:57   1,4   1,1   0,0   2,9   8,6   04:25   ZZW
20  21,4  30,5   17:05  14,4   05:30   0,9   4,1   0,0   2,6  13,0   14:27   ZZW
21  16,7  19,5   16:52  11,2   23:51   1,6   0,1   0,0   3,5  15,5   17:26   WNW
22  13,8  16,8   16:02  10,1   01:50   4,5   0,0   0,0   3,1  12,6   18:11     N
23  16,1  24,3   17:39   8,4   03:26   3,4   1,2   0,0   1,8  10,1   14:41   WZW
----------------------------------------------------------------------------------
    18,9  31,9     6     8,4    23    31,4  46,2   2,8   3,3  20,5    11      NW

Max >=  27,0: 10
Max <=   0,0:  0
Min <=   0,0:  0
Min <= -18,0:  0
Max Rain: 1,8 on day 1
Days of Rain: 3 (>= 0,2 mm)  0 (>= 2,0 mm)  0 (>= 20,0 mm)
Heat Base: 18,3  Cool Base: 18,3  Method: Integration