NOAA-Style Climate Reports


Report for 2018 december
                   Monthly Climatological Summary for dec 2018

Name: Weerstation Tilburg-Reeshof   City: Tilburg   State: Noord Brabant
Elevation: 7 m  Lat: N 51° 34' 46"   Lon: E 005° 00' 37"

                  Temperature (°C), Rain (mm), Wind Speed (km/h)

                                      Heat  Cool        Avg
    Mean                              Deg   Deg         Wind                 Dom
Day Temp  High   Time   Low    Time   Days  Days  Rain  Speed High   Time    Dir
----------------------------------------------------------------------------------
 1   7,2   8,8   23:23   5,5   01:43  11,1   0,0   2,0   7,9  20,2   12:12   ZZW
 2  11,6  13,8   14:02   8,8   00:00   6,7   0,0  11,2   7,9  22,3   17:29    ZW
 3  12,5  13,2   03:59   8,8   23:38   5,8   0,0   4,8   8,4  23,4   05:16    ZW
 4   6,6   9,3   14:27   2,2   23:33  11,7   0,0   2,3   1,2  10,1   11:32     W
 5   5,6   8,9   21:44   2,0   00:20  12,7   0,0   0,5   3,5  13,7   20:50     Z
 6  11,1  12,8   18:34   8,8   00:00   7,2   0,0   1,5   8,0  19,8   19:35    ZW
 7  10,0  11,8   12:43   6,6   23:29   8,3   0,0  13,5  11,5  36,4   16:29    ZW
 8   8,9  11,0   12:48   6,4   01:30   9,4   0,0   8,6  12,4  27,7   16:14    ZW
 9   8,8  10,5   12:03   6,2   23:46   9,5   0,0   8,9   6,7  27,0   04:16     W
10   5,3   6,2   00:00   4,9   07:13  13,0   0,0   3,3   6,2  12,6   08:21     N
11   5,2   5,2   00:00   5,2   00:00  13,1   0,0   0,0   7,9   9,0   00:00   NNO
12   5,2   5,2   00:00   5,2   00:00  13,1   0,0   0,0   7,9   9,0   00:00   NNO
13   5,2   5,2   00:00   5,2   00:00  13,1   0,0   0,0   7,9   9,0   00:00   NNO
14   5,2   5,2   00:00   5,2   00:00  13,1   0,0   0,0   7,9   9,0   00:00   NNO
15   3,0  14,6   12:04  -0,6   18:19  15,3   0,0   4,3   6,8  15,8   23:31    NO
16   1,8   3,6   18:42  -0,5   00:14  16,5   0,0   4,1   4,8  14,4   23:41   ZZW
17   5,6   8,6   14:52   2,8   00:00  12,7   0,0   2,0   5,4  18,7   14:40   ZZW
18   6,8   9,7   14:00   4,6   00:00  11,5   0,0   0,0   6,7  15,8   09:17     Z
----------------------------------------------------------------------------------
     7,0  14,6    15    -0,6    15   203,8   0,0  67,0   7,2  36,4     7      ZW

Max >=  27,0:  0
Max <=   0,0:  0
Min <=   0,0:  2
Min <= -18,0:  0
Max Rain: 13,5 on day 7
Days of Rain: 13 (>= 0,2 mm)  11 (>= 2,0 mm)  0 (>= 20,0 mm)
Heat Base: 18,3  Cool Base: 18,3  Method: Integration