NOAA-Style Climate Reports


Report for 2019 september
                   Monthly Climatological Summary for sep 2019

Name: Weerstation Tilburg-Reeshof   City: Tilburg   State: Noord Brabant
Elevation: 7 m  Lat: N 51° 34' 46"   Lon: E 005° 00' 37"

                  Temperature (°C), Rain (mm), Wind Speed (km/h)

                                      Heat  Cool        Avg
    Mean                              Deg   Deg         Wind                 Dom
Day Temp  High   Time   Low    Time   Days  Days  Rain  Speed High   Time    Dir
----------------------------------------------------------------------------------
 1  18,1  21,6   18:15  14,3   22:36   0,8   0,6   0,0   3,3  15,5   14:55    NW
 2  17,3  24,5   15:58  11,1   07:24   2,7   1,7   0,0   3,3  12,2   13:34     W
 3  17,5  21,7   16:06  13,4   07:34   1,7   0,9   0,0   5,1  19,4   13:13    ZW
 4  16,6  22,2   13:20  13,0   23:58   2,1   0,3   4,5   6,6  23,8   11:23    ZW
 5  14,5  19,0   15:45  10,3   23:58   3,8   0,0   1,4   4,8  16,9   16:06    NW
 6  14,5  21,8   13:13   8,0   07:04   4,4   0,6   0,3   6,2  20,5   13:52    ZW
 7  15,5  20,8   13:01  11,4   06:40   3,0   0,2   0,0   4,1  13,7   22:09   WNW
 8  15,2  22,0   14:02  10,1   07:15   3,6   0,5   0,0   3,1  15,8   15:05     N
 9  13,6  21,6   14:46   7,4   07:18   5,2   0,5   0,0   2,3  16,2   15:57    ZW
10  14,8  24,2   16:05   6,4   06:45   4,9   1,5   0,0   1,7  13,0   16:07    NW
11  14,3  17,2   14:31  10,5   02:39   4,0   0,0   2,7   5,6  19,4   13:45    ZW
12  20,0  25,6   16:46  16,8   04:51   0,5   2,2   0,3   5,4  19,4   12:45    ZW
13  18,9  22,7   13:30  14,4   23:29   0,5   1,1   0,4   5,2  17,3   13:42   NNW
14  16,4  23,8   12:31  10,1   07:48   3,3   1,4   0,0   2,3  11,2   14:09    NO
15  16,6  25,0   12:54   8,8   07:01   3,6   1,8   0,0   2,9  13,3   13:08     W
16  15,5  17,7   12:30  13,7   15:49   2,8   0,0   0,0   2,3  15,5   15:44     N
17  13,8  19,1   12:29   9,4   06:38   4,5   0,0   0,0   3,3  19,1   16:39   NNW
----------------------------------------------------------------------------------
    16,1  25,6    12     6,4    10    51,4  13,3   9,6   4,0  23,8     4       W

Max >=  27,0:  0
Max <=   0,0:  0
Min <=   0,0:  0
Min <= -18,0:  0
Max Rain: 4,5 on day 4
Days of Rain: 6 (>= 0,2 mm)  2 (>= 2,0 mm)  0 (>= 20,0 mm)
Heat Base: 18,3  Cool Base: 18,3  Method: Integration