NOAA-Style Climate Reports


Report for 2012 february
                   Monthly Climatological Summary for feb 2012

Name: Weerstation Tilburg-Reeshof   City: Tilburg   State: Noord Brabant
Elevation: 7 m  Lat: N 51° 58' 34"   Lon: E 005° 01' 00"

                  Temperature (°C), Rain (mm), Wind Speed (km/h)

                                      Heat  Cool        Avg
    Mean                              Deg   Deg         Wind                 Dom
Day Temp  High   Time   Low    Time   Days  Days  Rain  Speed High   Time    Dir
----------------------------------------------------------------------------------
11  -5,3  -2,6   14:57  -5,7   23:56   4,1   0,0   0,0   1,0  14,0   13:24   NNE
12  -4,2  -1,2   14:03  -8,4   05:49  22,4   0,0   0,0   1,5   8,0   13:58   SSW
13   1,7   4,0   12:13  -1,2   00:00  16,6   0,0   1,8   1,6   6,0   12:54   SSW
14   4,3   6,0   13:17   2,4   00:00  14,0   0,0   2,8   2,4  12,0   14:07     N
15   5,7   7,0   13:06   4,6   00:14  12,6   0,0   6,6   4,8  17,0   12:59     N
16   5,7   7,8   14:09   4,4   22:41  12,6   0,0   0,5   1,9   8,0   20:04    SW
17   6,8   9,3   15:03   4,6   00:00  11,5   0,0   0,5   2,9  10,0   13:03    SW
18   7,7   9,6   13:03   4,1   23:59  10,6   0,0   6,6   7,4  19,0   14:05   SSW
19   2,8   5,6   12:56   0,1   23:56  15,5   0,0   4,3   2,3  12,0   00:50   WNW
20   2,2   6,8   15:39  -0,8   02:47  16,1   0,0   0,0   3,2  13,0   15:13   SSW
21   4,9   9,7   16:35   1,5   01:12  13,4   0,0   0,0   6,0  15,0   10:22   SSW
22   6,3   9,5   13:27   3,9   00:00  12,0   0,0   0,0   8,1  20,0   12:08   SSW
23   9,1  12,0   16:04   5,9   00:50   9,2   0,0   1,0   5,5  16,0   00:38   SSW
24   9,9  11,0   15:39   7,4   23:51   8,4   0,0   0,0   3,8  13,0   01:20   SSW
25   6,4   9,7   14:04   4,0   07:56  11,9   0,0   0,8   1,9   9,0   14:00   WSW
26   6,8   9,6   14:12   4,9   06:01  11,5   0,0   0,0   1,7  13,0   14:23   NNW
27   5,9   9,0   12:38   2,1   05:55  12,4   0,0   0,0   3,7  14,0   15:05   SSW
28   8,9  10,0   17:02   7,6   00:00   9,4   0,0   0,0   3,1  12,0   07:28   SSW
29   9,5  10,8   14:42   8,5   21:06   8,8   0,0   0,0   1,7   9,0   11:27   SSW
----------------------------------------------------------------------------------
     5,0  12,0    23    -8,4    12   233,0   0,0  24,9   3,5  20,0    22      SW

Max >=  27,0:  0
Max <=   0,0:  2
Min <=   0,0:  4
Min <= -18,0:  0
Max Rain: 6,6 on day 15
Days of Rain: 9 (>= 0,2 mm)  4 (>= 2,0 mm)  0 (>= 20,0 mm)
Heat Base: 18,3  Cool Base: 18,3  Method: Integration