NOAA-Style Climate Reports


Report for 2012 maart
                   Monthly Climatological Summary for mrt 2012

Name: Weerstation Tilburg-Reeshof   City: Tilburg   State: Noord Brabant
Elevation: 7 m  Lat: N 51° 58' 34"   Lon: E 005° 01' 00"

                  Temperature (°C), Rain (mm), Wind Speed (km/h)

                                      Heat  Cool        Avg
    Mean                              Deg   Deg         Wind                 Dom
Day Temp  High   Time   Low    Time   Days  Days  Rain  Speed High   Time    Dir
----------------------------------------------------------------------------------
 1   8,5   9,2   15:01   7,8   22:12   9,8   0,0   0,0   1,1   8,0   20:24     N
 2   9,3  11,9   14:25   7,9   00:00   9,0   0,0   0,0   1,9  11,0   12:47   NNW
 3  10,5  13,4   15:46   8,9   07:22   7,8   0,0   0,0   3,1  12,0   18:26   ZZW
 4   8,8  12,4   14:57   6,2   07:39   9,5   0,0   3,3   2,8  12,0   16:17   ZZW
 5   4,8   8,8   00:00   3,2   18:33  13,5   0,0   4,3   4,6  14,0   14:12    ZW
 6   5,5   9,4   12:18   2,0   23:55  12,8   0,0   0,0   1,9  10,0   03:07    ZW
 7   4,0   6,4   13:37   1,5   00:45  14,3   0,0  13,2   5,2  21,0   17:34   ZZW
 8   5,9   9,6   14:36   3,0   23:41  12,4   0,0   0,0   1,6   9,0   15:34     N
 9   7,6  11,6   12:38   3,1   00:00  10,7   0,0   0,0   4,2  14,0   16:35   ZZW
10   9,2  11,6   14:34   8,1   06:29   9,1   0,0   0,5   2,6  10,0   00:33   ZZW
11  10,2  15,2   14:53   6,8   07:49   8,1   0,0   0,0   1,5   8,0   13:15     N
12   8,6  13,5   13:39   4,3   07:39   9,7   0,0   0,0   1,9  10,0   21:07     N
13   8,7  10,3   15:42   7,4   07:46   9,6   0,0   0,0   2,4   9,0   14:40     N
14   7,5  10,8   16:32   4,1   23:40  10,8   0,0   0,0   1,9   9,0   01:23     N
15   9,4  20,0   16:35   0,8   07:11   9,0   0,1   0,0   1,2   9,0   14:50   ZZW
16   9,9  16,8   17:00   5,7   05:50   8,4   0,0   0,0   2,0  11,0   13:55   ZZW
17   9,7  12,8   12:14   6,0   06:50   8,6   0,0   0,0   2,8  13,0   18:27   ZZW
18   8,9  11,9   16:31   6,5   23:33   9,4   0,0   0,0   3,8  14,8   11:46    ZW
19   6,9  12,5   15:59   1,2   07:02  11,4   0,0   0,0   1,2   9,0   12:32     N
20   8,0  14,8   14:44   2,8   06:46  10,3   0,0   0,0   2,0  11,2   12:15   ZZW
21   9,8  17,4   16:47   2,8   07:00   8,5   0,0   0,0   1,5  11,9   16:56     N
22  13,3  20,8   15:04   6,8   05:35   5,4   0,4   0,0   2,7  14,8   13:49     N
23  14,0  21,3   16:07   7,8   07:00   4,8   0,4   0,0   1,9  10,1   17:07     N
24  12,7  19,7   16:13   6,3   06:21   5,8   0,2   0,0   2,4  13,7   12:45   NNO
25  11,0  18,9   17:28   4,8   08:13   7,0   0,0   0,0   3,4  14,4   17:31   NNO
26  11,8  18,8   17:16   5,6   07:42   6,5   0,0   0,0   3,8  13,3   16:20   NNO
27  11,9  19,3   16:38   4,8   07:02   6,4   0,1   0,0   2,4  12,2   17:58     N
28  12,3  20,0   16:49   6,1   07:28   6,2   0,2   0,0   1,6  14,8   18:11     N
29   9,1  12,7   14:58   5,0   06:43   9,2   0,0   0,0   2,8  13,7   17:12     N
30   8,8   9,8   15:27   7,7   02:24   9,5   0,0   0,0   2,5  10,1   19:33     N
31   7,9  10,0   12:14   4,5   23:56  10,4   0,0   0,0   4,5  19,1   18:44     N
----------------------------------------------------------------------------------
     9,2  21,3    23     0,8    15   283,9   1,4  21,3   2,6  21,0     7      NW

Max >=  27,0:  0
Max <=   0,0:  0
Min <=   0,0:  0
Min <= -18,0:  0
Max Rain: 13,2 on day 7
Days of Rain: 4 (>= 0,2 mm)  3 (>= 2,0 mm)  0 (>= 20,0 mm)
Heat Base: 18,3  Cool Base: 18,3  Method: Integration