NOAA-Style Climate Reports


Report for 2012 mei
                   Monthly Climatological Summary for mei 2012

Name: Weerstation Tilburg-Reeshof   City: Tilburg   State: Noord Brabant
Elevation: 7 m  Lat: N 51° 58' 34"   Lon: E 005° 01' 00"

                  Temperature (°C), Rain (mm), Wind Speed (km/h)

                                      Heat  Cool        Avg
    Mean                              Deg   Deg         Wind                 Dom
Day Temp  High   Time   Low    Time   Days  Days  Rain  Speed High   Time    Dir
----------------------------------------------------------------------------------
 1  16,6  22,2   16:01  12,6   08:32   2,2   0,5   2,3   3,7  16,9   00:23   NNW
 2  12,7  15,9   18:29  10,3   06:15   5,6   0,0  15,0   1,8   8,3   08:29   WNW
 3  12,3  14,7   15:28  10,5   04:36   6,0   0,0   0,0   3,4  11,2   14:39   ZZW
 4  11,7  14,8   12:06   8,5   23:49   6,6   0,0   0,0   2,9  10,8   11:58    ZW
 5   8,9  10,1   15:35   8,1   02:53   9,4   0,0   1,5   4,8  14,4   15:45   NNO
 6   9,0  12,4   19:01   6,7   06:00   9,3   0,0   0,0   5,3  16,2   09:27   NNO
 7  11,3  18,1   18:12   4,9   06:11   7,0   0,0   0,0   2,4  11,2   14:26    ZW
 8  14,7  19,9   17:35  10,6   03:06   3,7   0,1   0,0   4,3  19,4   13:09   ZZW
 9  16,5  20,8   15:02  13,7   05:50   2,1   0,2  18,3   3,6  14,4   14:41   ZZW
10  18,4  23,1   13:24  15,4   02:02   1,1   1,2  21,3   5,1  21,6   13:25   ZZW
11  15,7  18,8   00:00  10,0   23:58   2,6   0,0   0,5   4,0  16,9   11:29   ZZW
12   9,9  14,0   16:59   6,8   06:22   8,4   0,0   0,0   2,5  15,8   18:42     N
13   9,7  17,8   17:33   2,4   06:04   8,6   0,0   0,0   1,3   8,6   11:08   WZW
14  12,1  19,6   17:43   5,4   06:03   6,3   0,1   0,0   3,8  16,9   15:53   ZZW
15   8,6  11,2   10:23   6,7   14:47   9,7   0,0  17,8   2,7  10,4   11:35    ZW
16   9,5  13,5   16:12   5,6   06:54   8,8   0,0   0,0   2,9  12,6   09:12     N
17  11,1  17,6   15:02   4,0   05:54   7,2   0,0   0,0   2,7  10,8   09:32    ZW
18  14,7  20,4   12:53  11,1   05:32   3,7   0,1   0,0   3,2  14,0   11:51    ZW
19  16,9  23,4   17:12  12,1   05:37   2,4   1,0   0,0   3,4  13,7   20:42    ZW
20  16,5  24,6   17:28  12,6   06:01   2,9   1,1  44,9   3,3  18,4   19:12     N
21  18,5  25,4   18:22  13,0   06:04   1,9   2,0   0,8   2,4  15,1   14:25     N
22  21,0  29,8   17:05  14,9   06:23   0,9   3,6   0,0   2,2   9,7   12:06     N
23  19,6  28,8   17:22  12,8   06:03   1,9   3,2   1,0   2,3  10,1   20:50    ZW
24  23,0  29,5   17:54  16,9   05:54   0,2   4,9   0,0   3,0  16,2   14:39     N
25  21,6  27,1   16:55  16,0   06:32   0,3   3,6   0,0   5,1  21,6   16:30     N
26  21,4  27,0   17:13  15,2   06:22   0,5   3,7   0,0   3,6  17,3   15:16     N
27  22,2  29,0   16:04  15,1   06:45   0,5   4,4   0,0   2,5  15,5   16:57     N
28  20,7  26,4   17:07  15,3   06:08   0,6   3,0   0,0   2,2  13,7   18:19     N
29  16,9  22,1   18:27  12,7   05:42   2,0   0,6   0,0   2,3  11,5   17:21     N
30  17,8  24,3   17:50  11,9   05:12   2,3   1,8   0,0   1,7   8,3   18:53   NNW
31  16,8  20,2   12:23  13,5   23:53   1,8   0,3   2,8   2,9  13,7   14:25   ZZW
----------------------------------------------------------------------------------
    15,4  29,8    22     2,4    13   126,5  35,4 126,2   3,1  21,6    10     WNW

Max >=  27,0:  6
Max <=   0,0:  0
Min <=   0,0:  0
Min <= -18,0:  0
Max Rain: 44,9 on day 20
Days of Rain: 11 (>= 0,2 mm)  7 (>= 2,0 mm)  2 (>= 20,0 mm)
Heat Base: 18,3  Cool Base: 18,3  Method: Integration