NOAA-Style Climate Reports


Report for 2012 juli
                   Monthly Climatological Summary for jul 2012

Name: Weerstation Tilburg-Reeshof   City: Tilburg   State: Noord Brabant
Elevation: 7 m  Lat: N 51° 58' 34"   Lon: E 005° 01' 00"

                  Temperature (°C), Rain (mm), Wind Speed (km/h)

                                      Heat  Cool        Avg
    Mean                              Deg   Deg         Wind                 Dom
Day Temp  High   Time   Low    Time   Days  Days  Rain  Speed High   Time    Dir
----------------------------------------------------------------------------------
 1  16,7  19,9   13:20  13,7   23:59   1,9   0,3   0,0   4,6  16,2   11:20   ZZW
 2  17,7  25,8   17:09  10,4   05:46   2,6   2,0   0,0   2,6   9,0   15:46   ZZW
 3  20,1  25,4   13:09  14,9   05:46   0,9   2,7   0,0   2,7  11,5   12:08   ZZW
 4  23,4  30,8   16:48  17,9   04:15   0,0   5,2   0,0   2,1  10,4   13:23    ZW
 5  22,7  30,0   16:41  18,4   06:04   0,0   4,4   0,5   2,0  11,2   19:58    NW
 6  20,3  26,0   18:15  16,5   10:28   0,2   2,2   0,5   3,9  12,6   13:48   ZZW
 7  19,6  26,9   17:16  14,3   05:46   1,0   2,4   4,6   3,8  15,1   14:38   ZZW
 8  17,5  22,0   16:37  16,0   04:38   1,3   0,5  13,5   4,1  18,4   18:07   ZZW
 9  16,7  19,9   14:16  14,9   04:36   1,7   0,1   1,8   4,7  13,7   09:09   ZZW
10  16,2  19,3   16:03  13,6   04:31   2,1   0,0   1,8   3,2  10,1   09:47   ZZW
11  15,1  18,1   14:31  12,8   23:46   3,2   0,0   9,2   5,4  17,6   08:58   ZZW
12  15,2  20,4   17:49  10,8   08:53   3,3   0,2   5,1   3,9  13,3   12:39    ZW
13  15,9  21,1   17:39  13,4   04:17   2,6   0,2  12,7   4,1  14,0   14:07   ZZW
14  14,5  16,4   14:59  13,0   03:51   3,8   0,0   8,1   3,7  15,8   19:11   ZZW
15  15,6  19,6   17:38  13,0   05:49   2,8   0,1   0,0   1,7  10,1   14:54    ZW
16  14,4  17,2   10:46  12,4   01:48   3,9   0,0   7,9   6,1  16,9   14:55   ZZW
17  17,2  20,3   18:28  14,7   00:00   1,4   0,3  10,9   4,0  15,5   01:25    ZW
18  18,1  21,6   14:50  15,6   22:36   0,9   0,7   0,5   6,6  22,0   11:32   ZZW
19  16,5  20,1   15:32  14,7   23:53   1,9   0,1   6,1   5,2  18,4   13:52   ZZW
20  16,0  20,6   14:52  12,4   06:05   2,7   0,3   0,0   1,6  10,1   16:06     N
21  15,1  19,6   16:05  10,9   05:59   3,3   0,1   0,0   1,7  12,2   16:09     N
22  17,0  24,6   17:47   9,8   06:50   2,8   1,5   0,0   1,4  10,4   13:29    ZW
23  20,6  29,4   17:20  12,5   05:44   1,7   4,0   0,0   2,3  10,4   14:48   ZZW
24  22,8  30,9   17:20  14,2   06:21   0,8   5,3   0,0   1,9  12,2   14:41   NNW
25  23,7  30,4   16:09  15,9   06:29   0,3   5,7   0,0   1,5  16,6   15:27     N
26  23,4  30,4   17:06  16,9   06:50   0,1   5,2   0,0   3,1  13,0   14:51   NNO
27  23,3  30,1   15:17  19,2   07:07   0,0   5,0   0,0   2,3   8,6   14:05     N
28  20,1  26,1   16:56  17,1   23:53   0,2   2,0   8,9   1,8  10,1   00:42   NNW
29  17,2  22,3   17:17  13,0   07:22   1,9   0,9   3,3   3,8  16,9   10:07   ZZW
30  15,1  20,0   17:24  11,4   06:39   3,3   0,1   5,3   4,1  16,9   12:15   ZZW
31  15,2  19,3   17:09  11,3   06:22   3,1   0,1   0,0   2,7  10,1   16:10   ZZW
----------------------------------------------------------------------------------
    18,2  30,9    24     9,8    22    55,7  51,6 100,7   3,3  22,0    18      ZW

Max >=  27,0:  7
Max <=   0,0:  0
Min <=   0,0:  0
Min <= -18,0:  0
Max Rain: 13,5 on day 8
Days of Rain: 17 (>= 0,2 mm)  12 (>= 2,0 mm)  0 (>= 20,0 mm)
Heat Base: 18,3  Cool Base: 18,3  Method: Integration