NOAA-Style Climate Reports


Report for 2012 augustus
                   Monthly Climatological Summary for aug 2012

Name: Weerstation Tilburg-Reeshof   City: Tilburg   State: Noord Brabant
Elevation: 7 m  Lat: N 51° 58' 34"   Lon: E 005° 01' 00"

                  Temperature (°C), Rain (mm), Wind Speed (km/h)

                                      Heat  Cool        Avg
    Mean                              Deg   Deg         Wind                 Dom
Day Temp  High   Time   Low    Time   Days  Days  Rain  Speed High   Time    Dir
----------------------------------------------------------------------------------
 1  21,4  30,4   17:36  13,6   06:28   1,3   4,4   0,0   2,6  12,6   13:54    ZW
 2  20,1  23,5   18:05  16,7   23:57   0,1   1,8   0,5   3,3  16,6   11:49   ZZW
 3  19,2  25,0   17:15  14,8   02:15   1,0   2,0   0,0   3,1  12,6   10:11   ZZW
 4  19,6  25,8   15:46  14,8   05:05   1,0   2,3   0,0   3,7  14,8   14:02   ZZW
 5  20,2  26,9   16:33  15,4   03:38   0,7   2,6   0,0   2,3  11,5   15:38    ZW
 6  17,3  21,4   14:21  14,2   06:50   1,5   0,5   2,8   5,2  16,6   13:48   ZZW
 7  16,6  20,4   15:29  12,9   04:35   2,0   0,3   0,0   4,6  16,9   11:14   ZZW
 8  16,6  21,0   17:55  11,6   06:04   2,2   0,5   1,0   2,3  12,6   11:39   ZZW
 9  18,0  24,1   16:16  12,6   06:45   1,8   1,5   0,0   2,1  12,2   19:16   NNO
10  17,4  23,3   16:29  11,0   06:35   2,3   1,4   0,0   2,5  13,7   13:44   NNO
11  18,0  23,7   16:22  12,4   06:26   1,8   1,5   0,0   3,0  14,4   16:36     N
12  20,3  27,6   17:44  13,6   06:55   1,3   3,3   0,0   3,0  13,7   11:17   WNW
13  21,2  26,9   17:28  16,3   06:14   0,4   3,3   0,0   1,5   7,2   18:30    ZW
14  22,5  27,2   15:03  17,3   06:53   0,1   4,3   0,0   1,4   9,4   14:02    ZW
15  23,9  32,0   17:03  18,3   06:38   0,0   5,6   0,0   2,8  16,2   12:50   WNW
16  20,8  26,4   17:38  14,9   07:31   0,6   3,1   0,0   2,8  12,6   16:40   ZZW
17  23,7  31,2   17:15  17,2   06:39   0,1   5,5   0,0   2,7  11,2   13:43   ZZW
18  27,1  37,3   17:17  19,0   05:37   0,0   8,8   0,0   2,8  10,1   13:34   ZZW
19  27,9  35,6   16:19  20,8   06:59   0,0   9,6   0,0   2,4  11,2   10:57   ZZW
20  23,8  27,9   14:10  19,4   07:20   0,0   5,5   0,0   2,0  10,4   14:52    ZW
21  22,3  26,9   14:33  18,5   06:46   0,0   4,0   0,0   1,2   7,9   16:40    ZW
22  19,2  23,3   16:15  15,5   06:52   0,7   1,5   0,0   4,0  16,2   12:57   ZZW
23  17,9  24,8   18:17  11,7   07:18   2,2   1,8   0,0   2,8  10,1   13:59   ZZW
24  19,8  26,6   17:09  15,4   07:00   0,9   2,4   1,8   2,6  13,7   21:04   ZZW
25  18,5  23,1   16:47  14,5   04:05   1,1   1,3   0,0   6,3  21,6   13:46   ZZW
26  16,5  19,1   18:33  13,8   23:51   1,8   0,0  30,2   4,5  15,5   02:39   ZZW
27  17,4  24,8   17:00  10,8   07:19   2,7   1,8   0,5   2,6  10,8   11:14   ZZW
28  19,4  23,8   16:50  15,8   23:55   0,5   1,6   0,0   3,0  13,0   13:49    ZW
29  19,1  25,9   16:54  13,2   03:54   1,7   2,6   0,0   2,9  17,6   14:19   ZZW
30  17,4  22,8   15:59  13,3   07:27   1,9   1,0   0,5   4,3  14,8   12:23   ZZW
31  14,7  18,4   15:43  11,5   23:37   3,6   0,0   3,6   3,8  21,6   14:23     N
----------------------------------------------------------------------------------
    19,9  37,3    18    10,8    27    35,3  85,8  40,9   3,0  21,6    25      ZW

Max >=  27,0:  8
Max <=   0,0:  0
Min <=   0,0:  0
Min <= -18,0:  0
Max Rain: 30,2 on day 26
Days of Rain: 8 (>= 0,2 mm)  3 (>= 2,0 mm)  1 (>= 20,0 mm)
Heat Base: 18,3  Cool Base: 18,3  Method: Integration