NOAA-Style Climate Reports


Report for 2012 september
                   Monthly Climatological Summary for sep 2012

Name: Weerstation Tilburg-Reeshof   City: Tilburg   State: Noord Brabant
Elevation: 7 m  Lat: N 51° 58' 34"   Lon: E 005° 01' 00"

                  Temperature (°C), Rain (mm), Wind Speed (km/h)

                                      Heat  Cool        Avg
    Mean                              Deg   Deg         Wind                 Dom
Day Temp  High   Time   Low    Time   Days  Days  Rain  Speed High   Time    Dir
----------------------------------------------------------------------------------
 1  14,4  22,3   17:12   7,7   07:11   4,5   0,6   0,0   1,3   9,0   14:33    ZW
 2  16,1  21,8   17:12  11,2   07:08   2,9   0,7   0,0   2,5  11,9   14:05   ZZW
 3  19,1  24,5   18:10  15,8   06:59   0,9   1,7   0,0   1,6  11,2   15:13     N
 4  18,8  26,4   17:01  11,9   07:22   2,0   2,5   0,0   1,3   9,4   14:29     W
 5  17,5  21,0   16:48  14,5   23:58   1,2   0,5   0,0   2,7  16,6   17:42   NNO
 6  16,1  21,7   17:51  12,0   02:50   2,8   0,6   0,0   1,1   7,6   17:15    ZW
 7  17,2  24,9   17:27  10,8   07:13   2,9   1,8   0,0   2,8  12,6   15:26   ZZW
 8  19,4  29,1   17:26  12,6   07:26   1,9   3,0   0,0   1,4   7,9   10:10   ZZW
 9  21,0  30,8   16:30  12,2   07:06   1,7   4,5   0,0   1,9  11,9   15:55   ZZW
10  19,8  25,0   18:05  15,2   06:45   0,7   2,2   0,5   3,6  13,7   11:41   ZZW
11  16,4  18,0   00:00  12,5   23:59   1,9   0,0   4,3   2,3  12,6   13:16   ZZW
12  13,6  17,8   16:51  10,7   08:20   4,7   0,0   1,0   2,7  11,2   16:52    ZW
13  14,1  18,4   17:29  11,5   02:10   4,2   0,0  10,9   2,6  11,9   10:57     N
14  13,5  18,2   16:22  10,4   06:00   4,8   0,0   0,0   4,7  15,8   13:59   ZZW
15  15,2  19,5   17:40  11,7   23:57   3,2   0,1   0,0   2,2  11,2   11:36    ZW
16  15,2  22,9   16:41   9,3   07:28   3,9   0,8   0,0   2,7  11,5   11:55   ZZW
17  16,3  21,1   16:49  12,6   04:30   2,4   0,4   0,0   3,9  14,0   14:57   ZZW
18  14,5  17,9   13:56  10,3   23:56   3,8   0,0   2,3   3,3  14,8   13:52   ZZW
19  11,4  16,6   15:13   7,6   08:08   6,9   0,0   2,3   2,9  16,9   14:30    ZW
20  11,5  17,3   15:53   8,0   05:21   6,8   0,0   0,0   3,2  12,6   15:58   ZZW
21  12,2  17,1   14:42   7,9   07:18   6,1   0,0   0,0   1,5   7,2   12:05   ZZW
22  12,4  17,2   17:13   8,6   23:52   5,9   0,0   1,5   1,6  10,8   14:31     N
23  10,0  13,9   13:35   6,6   06:06   8,3   0,0   8,9   3,0  16,9   20:27     N
24  14,0  20,2   13:27  10,1   03:02   4,4   0,1  14,2   6,9  28,4   16:41   ZZW
25  13,4  17,2   14:43  10,8   07:53   4,9   0,0   7,6   5,5  16,9   14:43   ZZW
26  13,4  17,2   17:05  11,2   23:47   4,9   0,0   0,8   4,9  14,8   16:21   ZZW
27  13,2  17,9   15:31  11,0   05:34   5,1   0,0   0,5   3,2  13,3   11:26   ZZW
28  13,0  17,9   15:37   9,5   03:26   5,3   0,0   0,0   4,6  14,4   10:44   ZZW
29  12,9  16,6   16:06   9,3   23:51   5,4   0,0   0,5   3,5  11,9   01:27   ZZW
30  12,0  18,9   16:28   6,7   07:53   6,4   0,0   0,0   3,7  14,4   14:11   ZZW
----------------------------------------------------------------------------------
    14,9  30,8     9     6,6    23   120,8  19,5  55,3   3,0  28,4    24      ZW

Max >=  27,0:  2
Max <=   0,0:  0
Min <=   0,0:  0
Min <= -18,0:  0
Max Rain: 14,2 on day 24
Days of Rain: 13 (>= 0,2 mm)  7 (>= 2,0 mm)  0 (>= 20,0 mm)
Heat Base: 18,3  Cool Base: 18,3  Method: Integration