NOAA-Style Climate Reports


Report for 2013 february
                   Monthly Climatological Summary for feb 2013

Name: Weerstation Tilburg-Reeshof   City: Tilburg   State: Noord Brabant
Elevation: 7 m  Lat: N 51° 58' 34"   Lon: E 005° 01' 00"

                  Temperature (°C), Rain (mm), Wind Speed (km/h)

                                      Heat  Cool        Avg
    Mean                              Deg   Deg         Wind                 Dom
Day Temp  High   Time   Low    Time   Days  Days  Rain  Speed High   Time    Dir
----------------------------------------------------------------------------------
 1   5,7   7,8   00:04   3,1   23:58  12,6   0,0  12,6   3,8  14,0   06:21   ZZW
 2   3,9   6,2   11:35   2,4   08:56  14,4   0,0   2,3   3,3  24,5   15:01   NNW
 3   4,3   7,4   23:49   2,1   07:15  14,0   0,0   1,4   5,1  24,1   15:07   ZZW
 4   8,4  10,0   12:06   6,7   23:28   9,9   0,0   0,5   5,3  13,7   05:34   ZZW
 5   3,8   6,8   00:00   1,2   21:16  14,5   0,0   4,2   6,4  21,2   06:05   ZZW
 6   2,4   5,9   15:30   0,5   06:48  15,9   0,0   6,2   4,1  22,3   09:49     N
 7   2,5   4,8   12:51   1,1   23:55  15,8   0,0   3,9   1,8  10,8   03:27    NW
 8   1,4   4,9   15:03  -1,1   23:46  16,9   0,0   1,9   1,8  11,9   09:31   NNW
 9  -0,4   2,6   13:16  -3,0   05:21  18,7   0,0   1,5   1,7   8,6   13:43     Z
10  -0,1   3,2   15:22  -2,0   08:27  17,6   0,0   0,8   4,6  15,8   23:55   ZZW
11  -0,2   1,0   15:52  -1,7   04:35  18,5   0,0   0,0   4,1  13,7   11:22     W
12  -0,5   0,9   13:37  -2,7   07:23  18,8   0,0   0,0   2,7  11,9   11:30     N
13   0,4   3,1   13:36  -1,3   23:12  17,9   0,0   0,0   1,7   6,8   12:59   WZW
14  -0,7   0,6   11:20  -1,9   04:50  19,0   0,0   3,3   5,4  18,0   10:35     Z
15   2,9   8,2   15:00   0,0   00:00  15,4   0,0   0,0   2,0   8,3   16:03   ZZW
16   4,5   8,0   14:48   1,9   07:51  13,8   0,0   0,0   0,8   4,7   04:08   ZZW
17   3,9   9,6   14:59   0,7   22:02  14,4   0,0   0,0   1,4   9,0   14:43     W
18   2,4   9,2   14:34  -2,7   07:45  15,9   0,0   0,0   0,7   6,8   13:05    ZW
19   2,5   6,4   14:19  -0,9   03:46  15,8   0,0   0,5   1,3  13,0   21:38    NW
20   0,7   4,0   12:36  -1,6   23:29  17,6   0,0   0,0   3,8  14,8   10:59     N
21  -0,7   2,2   14:58  -3,1   07:28  19,0   0,0   0,0   4,8  16,9   17:16     N
22  -1,3   0,2   13:31  -2,8   06:20  19,6   0,0   0,0   5,9  18,0   15:56     N
23  -1,3   0,8   15:28  -3,9   05:06  19,6   0,0   0,0   7,2  20,2   13:04     N
24   0,1   1,0   15:14  -0,9   00:58  18,2   0,0   1,5   6,1  16,9   03:47     N
25   1,7   2,8   13:56   0,7   00:35  16,6   0,0   1,3   5,5  16,9   14:10     N
26   3,3   5,7   15:32   2,0   00:00  15,0   0,0   0,0   4,3  14,8   23:36     N
27   1,3   3,2   00:00   0,8   07:11  17,0   0,0   0,0   4,8  14,8   03:10     N
28   1,9   3,3   17:21   1,0   19:43  16,4   0,0   0,0   2,0  11,5   02:28     N
----------------------------------------------------------------------------------
     1,9  10,0     4    -3,9    23   458,8   0,0  41,9   3,7  24,5     2      NW

Max >=  27,0:  0
Max <=   0,0:  0
Min <=   0,0: 15
Min <= -18,0:  0
Max Rain: 12,6 on day 1
Days of Rain: 14 (>= 0,2 mm)  6 (>= 2,0 mm)  0 (>= 20,0 mm)
Heat Base: 18,3  Cool Base: 18,3  Method: Integration