NOAA-Style Climate Reports


Report for 2013 maart
                   Monthly Climatological Summary for mrt 2013

Name: Weerstation Tilburg-Reeshof   City: Tilburg   State: Noord Brabant
Elevation: 7 m  Lat: N 51° 58' 34"   Lon: E 005° 01' 00"

                  Temperature (°C), Rain (mm), Wind Speed (km/h)

                                      Heat  Cool        Avg
    Mean                              Deg   Deg         Wind                 Dom
Day Temp  High   Time   Low    Time   Days  Days  Rain  Speed High   Time    Dir
----------------------------------------------------------------------------------
 1   3,4   5,1   15:35   2,2   00:12  14,9   0,0   0,0   3,2  16,2   12:33     N
 2   3,1   4,4   14:46   2,3   07:29  15,2   0,0   0,0   1,9  11,2   14:47     N
 3   4,1   6,4   15:55   2,2   04:49  14,2   0,0   0,0   1,4   6,8   23:31   WZW
 4   5,8  13,7   16:34   0,0   07:45  12,5   0,0   0,0   2,4  10,1   13:20   WZW
 5   9,4  19,0   16:13   2,5   07:16   8,9   0,0   0,0   3,8  12,6   14:58   ZZW
 6  11,5  18,5   16:13   7,4   01:04   6,8   0,0   0,0   1,5   7,2   14:56    NW
 7  11,0  15,7   14:53   8,0   08:05   7,3   0,0   0,5   1,7   8,3   13:50   WNW
 8  11,2  16,3   15:23   8,7   06:22   7,1   0,0   1,0   2,4  11,2   13:49   NNW
 9   6,9   9,4   00:00   3,7   23:43  11,4   0,0  13,7   3,4  15,8   10:41   ZZW
10   1,2   3,7   00:00  -0,6   23:56  17,1   0,0   1,3   5,2  16,6   13:16     N
11  -1,6  -0,6   00:00  -2,5   22:13  18,1   0,0   0,0   8,5  20,9   12:50     N
12  -2,0   0,7   17:01  -4,0   23:42  20,3   0,0   0,0   9,0  27,7   12:01     N
13  -1,7   5,4   15:35  -7,0   06:09  20,0   0,0   1,0   1,6   9,4   09:10   ZZW
14   0,0   4,3   16:42  -3,2   23:45  18,3   0,0   0,0   2,3  16,2   15:10     N
15   0,6   3,4   16:09  -4,2   01:54  17,7   0,0   0,0   5,1  18,4   16:23     Z
16   5,3   8,2   16:20   3,2   00:00  13,0   0,0   0,0   7,3  19,4   13:55     Z
17   6,6  10,7   16:29   4,4   05:52  11,7   0,0   2,0   5,0  17,3   00:08   ZZW
18   6,6  11,4   14:51   2,8   07:36  11,7   0,0   0,8   4,2  15,8   06:26     Z
19   4,2   6,8   14:11   1,6   05:54  14,1   0,0   1,5   1,3   6,5   11:51     Z
20   1,4   2,7   00:00   0,6   07:53  16,9   0,0   3,8   3,1  12,2   11:31     N
21   1,8   6,7   15:55  -2,2   07:24  16,5   0,0   0,0   1,3   9,7   12:00     N
22   1,6   6,0   13:43  -1,5   05:50  16,7   0,0   0,0   4,7  18,0   13:26   NNW
23   0,3   1,2   14:09  -1,0   23:55  18,0   0,0   0,0   6,7  19,4   02:03    NW
24  -0,2   2,9   16:19  -3,0   07:32  18,5   0,0   0,0   6,8  19,4   18:40   NNW
25   0,9   5,2   14:01  -2,0   07:34  17,4   0,0   0,0   6,5  19,8   12:38   NNW
26   1,2   6,4   16:13  -2,5   06:26  17,1   0,0   0,0   5,2  19,4   14:00   NNW
27   1,7   7,4   17:04  -2,7   06:44  16,6   0,0   0,0   3,5  14,8   15:21   NNW
28   1,0   5,5   14:00  -2,5   06:34  17,3   0,0   0,0   4,2  15,8   08:01     N
29   0,1   3,3   17:40  -2,4   06:49  18,2   0,0   0,0   1,3   9,4   11:30     N
30   1,3   5,4   14:26  -1,7   07:29  17,0   0,0   0,0   3,1  14,4   13:05     N
31   1,1   5,6   14:26  -2,6   06:50  16,5   0,0   0,0   3,0  11,9   10:43     N
----------------------------------------------------------------------------------
     3,2  19,0     5    -7,0    13   467,0   0,0  25,6   3,9  27,7    12     NNW

Max >=  27,0:  0
Max <=   0,0:  1
Min <=   0,0: 18
Min <= -18,0:  0
Max Rain: 13,7 on day 9
Days of Rain: 9 (>= 0,2 mm)  3 (>= 2,0 mm)  0 (>= 20,0 mm)
Heat Base: 18,3  Cool Base: 18,3  Method: Integration