NOAA-Style Climate Reports


Report for 2013 april
                   Monthly Climatological Summary for apr 2013

Name: Weerstation Tilburg-Reeshof   City: Tilburg   State: Noord Brabant
Elevation: 7 m  Lat: N 51° 34' 46"   Lon: E 005° 00' 37"

                  Temperature (°C), Rain (mm), Wind Speed (km/h)

                                      Heat  Cool        Avg
    Mean                              Deg   Deg         Wind                 Dom
Day Temp  High   Time   Low    Time   Days  Days  Rain  Speed High   Time    Dir
----------------------------------------------------------------------------------
 1   2,9   8,8   17:33  -2,4   07:26  15,3   0,0   0,0   3,8  16,9   14:42     N
 2   3,7   9,4   17:03  -1,6   07:30  14,6   0,0   0,0   5,6  24,1   17:48     N
 3   3,5   8,2   17:48   0,1   03:44  14,8   0,0   0,0   5,4  26,3   15:39     N
 4   3,7   6,4   17:25   1,6   07:32  14,6   0,0   0,0   5,1  16,2   10:07     N
 5   4,1   6,5   18:07   2,4   05:02  14,2   0,0   0,0   4,9  19,1   13:44     N
 6   5,3   9,6   16:11   3,0   07:24  13,0   0,0   0,0   4,4  15,1   13:34     N
 7   4,3  11,5   16:47  -2,4   08:03  14,0   0,0   0,0   2,2  11,9   17:22     N
 8   6,7  10,8   16:10   1,6   07:33  11,6   0,0   0,0   2,8  13,7   15:31    NW
 9   6,8   9,9   12:00   3,6   05:12  11,5   0,0   2,3   2,0   9,4   11:25   ZZW
10   7,4  10,0   14:39   5,6   22:01  10,9   0,0   1,0   2,2  11,5   16:54   ZZW
11   8,7  12,6   17:45   6,1   00:00   9,6   0,0  10,4   4,2  17,6   11:53   ZZW
12   9,5  14,6   14:44   5,7   06:19   8,7   0,0   3,6   5,6  19,4   15:06     Z
13  11,2  16,4   17:39   8,5   02:12   7,1   0,0   0,3   5,7  16,6   16:36   ZZW
14  16,6  24,5   18:37  10,5   00:02   3,1   1,4   0,0   5,4  18,4   17:14     Z
15  14,5  17,6   00:00  10,2   23:59   3,8   0,0   2,3   2,2  10,8   14:54   ZZW
16  12,7  18,5   14:15   7,7   03:22   5,6   0,0   0,0   5,2  19,1   13:14   ZZW
17  16,0  22,5   16:07  11,1   01:44   3,3   1,0   2,3   4,4  16,9   14:42     Z
18  14,1  17,8   00:00  10,8   23:53   4,2   0,0   0,0   9,1  24,5   12:30   ZZW
19   9,1  11,7   19:04   5,6   07:09   9,2   0,0   1,0   4,6  16,2   01:25    ZW
20   7,8  13,6   17:23   2,6   06:38  10,5   0,0   0,0   5,6  18,4   11:50     N
21   8,6  16,2   17:51   2,7   06:57   9,7   0,0   0,0   2,5  10,4   17:51     N
22   9,5  17,2   17:13   1,6   05:47   8,8   0,0   0,0   3,3  11,2   16:57   ZZW
23  12,2  17,4   17:58   9,1   07:28   6,1   0,0   0,0   4,8  15,5   04:28   ZZW
24  14,4  22,6   17:14   7,1   07:03   4,8   1,0   0,0   3,7  21,6   13:34   ZZW
25  17,2  25,9   16:57  10,7   06:50   3,0   1,9   0,0   2,5  14,8   15:26   ZZW
26  10,1  15,9   00:00   6,2   23:55   8,2   0,0   8,4   3,1  15,8   13:58     N
27   7,9  12,2   16:36   4,4   06:25  10,4   0,0   0,0   4,3  19,8   15:23     N
28   8,6  16,0   17:38   1,6   06:34   9,7   0,0   0,0   2,2  13,3   16:54    ZW
29   8,4  13,3   17:49   4,5   05:30   9,9   0,0   1,0   4,2  16,6   11:09   ZZW
30  10,0  15,7   16:43   3,7   07:05   8,3   0,0   0,0   3,9  19,4   15:36     N
----------------------------------------------------------------------------------
     9,2  25,9    25    -2,4     1   278,5   5,3  32,6   4,2  26,3     3     WZW

Max >=  27,0:  0
Max <=   0,0:  0
Min <=   0,0:  3
Min <= -18,0:  0
Max Rain: 10,4 on day 11
Days of Rain: 10 (>= 0,2 mm)  6 (>= 2,0 mm)  0 (>= 20,0 mm)
Heat Base: 18,3  Cool Base: 18,3  Method: Integration