NOAA-Style Climate Reports


Report for 2013 mei
                   Monthly Climatological Summary for mei 2013

Name: Weerstation Tilburg-Reeshof   City: Tilburg   State: Noord Brabant
Elevation: 7 m  Lat: N 51° 34' 46"   Lon: E 005° 00' 37"

                  Temperature (°C), Rain (mm), Wind Speed (km/h)

                                      Heat  Cool        Avg
    Mean                              Deg   Deg         Wind                 Dom
Day Temp  High   Time   Low    Time   Days  Days  Rain  Speed High   Time    Dir
----------------------------------------------------------------------------------
 1  11,9  19,7   16:50   4,6   06:24   6,5   0,1   0,0   5,6  18,4   15:37     N
 2  12,7  18,6   17:52   8,6   09:43   5,6   0,0   0,5   5,0  14,8   17:53     N
 3  14,4  20,4   18:18   8,3   06:21   4,2   0,3   0,0   3,1  13,7   14:11     N
 4  12,9  18,3   14:54   6,8   05:53   5,4   0,0   0,0   3,7  16,2   13:34   ZZW
 5  14,7  22,3   17:13   7,8   06:54   4,4   0,8   0,0   3,0  11,2   17:13   ZZW
 6  16,0  23,9   15:35   8,5   06:22   3,6   1,3   0,0   2,5  13,3   15:07     N
 7  17,1  24,2   14:16  11,2   05:39   2,5   1,3   0,0   3,8  20,5   15:06     N
 8  16,9  21,9   12:12  13,6   06:56   1,8   0,4   0,5   4,5  18,7   13:53     Z
 9  14,5  17,8   15:27  11,5   23:54   3,8   0,0   0,0   5,5  20,9   12:15   ZZW
10  12,9  15,6   17:17  10,3   23:54   5,4   0,0   0,0   7,0  22,3   09:30   ZZW
11  11,2  15,0   15:14   8,6   03:14   7,1   0,0   2,3   5,9  26,3   15:48     Z
12  10,3  13,9   18:20   7,0   07:45   8,0   0,0   3,3   3,8  16,9   00:20   ZZW
13  11,1  13,6   16:09   8,1   01:05   7,2   0,0   4,8   5,8  14,8   02:33   ZZW
14  10,4  13,0   16:11   7,9   06:13   7,9   0,0   1,3   5,4  19,1   14:03   ZZW
15  13,4  19,0   17:07  10,2   00:56   5,0   0,0   0,5   5,1  17,3   16:53   ZZW
16   9,8  10,9   00:00   9,0   03:44   8,5   0,0  19,8   1,8  11,2   13:14   NNW
17   9,2  10,3   14:52   8,4   03:06   9,1   0,0  17,0   1,4   6,8   14:22    NW
18  10,2  13,2   18:55   8,3   05:34   8,1   0,0   0,0   2,3  10,1   11:17   ZZW
19  12,6  18,9   15:44   7,2   03:27   5,8   0,0   0,0   4,4  14,8   15:05     N
20  11,6  13,0   15:45  10,0   06:03   6,7   0,0   0,0   2,3   8,6   11:50   ZZW
21  10,6  11,9   11:29   9,1   23:02   7,7   0,0   9,4   1,8   8,6   21:46   WNW
22   9,8  12,7   16:35   8,0   06:08   8,5   0,0   0,0   3,9  12,2   11:23   NNW
23   7,3   9,9   18:53   4,9   23:53  11,0   0,0   3,8   1,9   9,0   16:28    NW
24   8,4  13,8   17:17   3,5   05:30   9,9   0,0   0,0   3,5  15,1   10:49   ZZW
25   9,6  14,9   14:25   4,8   06:21   8,6   0,0   1,0   3,5  13,7   15:15   NNW
26  10,1  13,0   13:57   7,9   02:25   8,2   0,0   7,1   3,2  11,5   07:01    NW
27  13,9  20,5   17:50   7,9   06:02   4,7   0,3   0,0   2,4  10,1   13:01   WZW
28  16,3  24,6   16:06   9,9   06:19   3,4   1,5   0,0   3,1  14,4   18:58     W
29  10,6  13,6   00:00   9,6   11:20   7,7   0,0   8,9   3,2  11,5   14:41   ZZW
30  12,8  17,9   16:26  10,7   07:34   5,5   0,0   0,5   1,4   9,7   15:45     W
31  15,4  22,0   14:31  11,0   06:16   3,6   0,7   0,0   4,6  25,9   15:56   NNW
----------------------------------------------------------------------------------
    12,2  24,6    28     3,5    24   195,4   6,7  80,7   3,7  26,3    11     WZW

Max >=  27,0:  0
Max <=   0,0:  0
Min <=   0,0:  0
Min <= -18,0:  0
Max Rain: 19,8 on day 16
Days of Rain: 15 (>= 0,2 mm)  9 (>= 2,0 mm)  0 (>= 20,0 mm)
Heat Base: 18,3  Cool Base: 18,3  Method: Integration