NOAA-Style Climate Reports


Report for 2013 juni
                   Monthly Climatological Summary for jun 2013

Name: Weerstation Tilburg-Reeshof   City: Tilburg   State: Noord Brabant
Elevation: 7 m  Lat: N 51° 34' 46"   Lon: E 005° 00' 37"

                  Temperature (°C), Rain (mm), Wind Speed (km/h)

                                      Heat  Cool        Avg
    Mean                              Deg   Deg         Wind                 Dom
Day Temp  High   Time   Low    Time   Days  Days  Rain  Speed High   Time    Dir
----------------------------------------------------------------------------------
 1  11,6  16,3   15:13   9,5   06:21   6,7   0,0   0,0   3,7  11,2   17:22   NNW
 2  12,9  18,8   17:34   6,6   06:21   5,4   0,0   0,0   3,3  17,6   15:45     N
 3  11,9  16,9   17:28   7,5   05:41   6,4   0,0   0,0   4,3  20,2   16:37     N
 4  14,6  22,8   17:35   8,0   02:54   4,6   0,9   0,0   3,6  13,7   20:43     N
 5  17,7  25,9   17:33  10,2   05:56   2,6   2,1   0,0   3,5  13,7   19:19     N
 6  19,7  28,0   17:38  11,7   06:29   1,9   3,3   0,0   4,1  13,7   12:44     N
 7  20,3  27,7   17:05  13,3   06:17   1,3   3,3   0,0   4,3  18,7   13:11     N
 8  17,0  24,2   17:00  10,9   06:15   2,7   1,4   0,0   6,7  19,4   12:15     N
 9  14,6  20,0   18:18  10,4   04:56   3,9   0,2   0,0   7,0  18,0   12:51     N
10  13,7  19,2   17:45   8,9   05:49   4,6   0,0   0,0   2,8  13,3   00:08     N
11  16,7  24,7   17:34   8,1   05:50   3,3   1,6   0,0   2,1  10,4   13:54   ZZW
12  19,1  23,7   17:32  16,2   05:17   0,4   1,3   1,3   4,5  15,1   10:43   ZZW
13  17,3  19,3   10:49  14,5   18:41   1,2   0,2   2,0   5,2  15,8   16:14   ZZW
14  16,0  21,6   17:16  11,4   05:32   2,8   0,5   0,0   4,2  14,8   00:58   ZZW
15  16,0  20,8   16:51  11,2   05:06   2,7   0,4   0,8   6,2  23,8   20:42   ZZW
16  16,0  20,8   15:09  11,5   06:40   2,7   0,4   0,0   4,2  14,4   00:03   ZZW
17  19,1  26,0   18:30  12,3   05:00   1,9   2,7   0,4   3,7  14,8   12:42     N
18  25,5  33,4   16:31  16,9   06:12   0,1   7,3   0,0   1,9  10,1   17:52   WZW
19  23,0  27,0   15:33  19,8   05:47   0,0   4,7   1,1   3,0  17,3   14:35     N
20  21,8  27,3   18:31  18,6   04:07   0,0   3,5   1,8   2,4  11,2   02:07    NW
21  17,3  21,6   00:00  14,9   23:56   1,2   0,2   9,8   5,4  15,1   16:42   ZZW
22  16,5  20,4   11:58  13,8   23:57   2,0   0,2   1,5   7,2  20,5   10:40   ZZW
23  14,3  17,4   14:55  12,8   03:12   4,0   0,0   8,5   6,0  19,8   12:21   ZZW
24  13,6  15,1   12:39  12,2   23:49   4,7   0,0   3,0   3,4  11,9   01:37   ZZW
25  14,6  19,0   16:30  11,2   05:09   3,8   0,0   0,0   2,3  14,8   17:32     N
26  13,6  18,3   18:33   7,4   05:43   4,7   0,0   3,5   1,5   8,3   10:39     W
27  13,5  16,5   16:35  11,3   07:03   4,8   0,0   9,3   2,3   9,7   13:47   WNW
28  14,0  16,9   18:21  12,0   00:33   4,3   0,0   6,0   3,4  10,4   18:06   ZZW
29  15,7  19,2   15:20  12,4   23:53   2,7   0,1   2,3   3,1  14,0   14:27   NNW
30  16,7  24,1   19:16   9,2   04:17   3,1   1,5   0,0   3,5  13,3   16:27   ZZW
----------------------------------------------------------------------------------
    16,5  33,4    18     6,6     2    90,5  35,8  51,3   4,0  23,8    15       W

Max >=  27,0:  5
Max <=   0,0:  0
Min <=   0,0:  0
Min <= -18,0:  0
Max Rain: 9,8 on day 21
Days of Rain: 14 (>= 0,2 mm)  8 (>= 2,0 mm)  0 (>= 20,0 mm)
Heat Base: 18,3  Cool Base: 18,3  Method: Integration