NOAA-Style Climate Reports


Report for 2013 juli
                   Monthly Climatological Summary for jul 2013

Name: Weerstation Tilburg-Reeshof   City: Tilburg   State: Noord Brabant
Elevation: 7 m  Lat: N 51° 34' 46"   Lon: E 005° 00' 37"

                  Temperature (°C), Rain (mm), Wind Speed (km/h)

                                      Heat  Cool        Avg
    Mean                              Deg   Deg         Wind                 Dom
Day Temp  High   Time   Low    Time   Days  Days  Rain  Speed High   Time    Dir
----------------------------------------------------------------------------------
 1  16,9  20,1   18:30  14,5   07:33   1,7   0,3   0,0   3,4  12,2   12:09   ZZW
 2  17,7  23,7   16:50  11,2   06:25   2,3   1,7   9,3   2,1  15,5   23:29   ZZW
 3  16,6  17,7   19:22  15,9   10:16   1,7   0,0   3,8   2,4  10,1   10:42   ZZW
 4  18,1  22,9   13:36  15,4   03:55   1,2   1,0   0,0   4,1  15,8   13:46   ZZW
 5  18,8  24,9   17:35  15,4   05:44   1,0   1,5   0,0   2,0  12,2   19:26    ZW
 6  21,2  27,8   17:11  14,0   05:48   1,1   4,0   0,0   3,0  12,6   14:14     N
 7  22,1  29,0   17:30  15,2   05:54   0,6   4,4   0,0   4,1  15,5   23:32     N
 8  21,9  29,0   16:55  15,3   06:26   0,5   4,1   0,0   5,3  15,8   17:55     N
 9  20,6  27,3   16:50  13,8   06:19   1,0   3,3   0,0   4,9  15,1   18:17     N
10  18,3  22,9   16:33  14,6   05:44   1,1   1,1   0,0   5,0  17,6   17:52     N
11  16,7  20,9   17:44  14,2   05:13   1,9   0,3   0,0   3,8  14,0   17:45     N
12  15,8  20,2   19:39  11,8   05:18   2,8   0,3   0,0   1,8  11,2   19:16     N
13  18,1  24,6   16:44  12,6   03:32   1,9   1,7   0,0   2,2  13,0   13:23     N
14  18,8  24,7   18:16  13,0   05:39   1,6   2,1   0,0   1,9  10,4   13:29     N
15  21,7  28,0   17:46  15,6   06:02   0,5   3,9   0,0   1,8  14,0   17:05   NNW
16  21,8  28,0   16:31  15,1   06:13   0,6   4,1   0,0   1,8  11,2   16:00     N
17  23,2  29,4   17:35  17,7   06:22   0,0   4,9   0,0   2,8  12,2   14:08     N
18  24,2  30,6   16:40  18,1   06:43   0,0   5,9   0,0   4,4  15,1   17:02     N
19  22,1  27,7   14:44  15,7   06:45   0,3   4,1   0,0   6,0  16,9   14:44     N
20  19,4  24,0   18:52  16,4   04:34   0,3   1,4   0,0   3,7  12,2   20:10     N
21  24,6  34,7   18:13  15,6   05:15   0,6   6,8   0,0   2,1  12,2   15:56    NW
22  27,1  34,2   15:32  19,6   06:05   0,0   8,8   0,0   1,3  11,2   16:10   NNW
23  26,7  33,6   18:20  20,2   06:25   0,0   8,4   0,0   1,6   8,6   11:15   NNW
24  23,0  28,9   17:18  19,9   07:32   0,0   4,7   0,5   2,4  11,2   13:56   ZZW
25  22,9  31,2   17:11  16,1   06:05   0,3   4,9   2,8   1,8  11,2   13:52   ZZW
26  23,3  29,6   17:25  19,3   04:22   0,0   5,0   4,8   1,8  11,2   12:00   ZZW
27  22,2  26,3   18:47  19,2   11:50   0,0   3,9   9,8   1,7  19,4   10:55   WZW
28  21,1  26,1   18:24  17,9   07:53   0,0   2,8  31,5   4,1  12,2   16:34   ZZW
29  21,0  25,7   17:27  17,4   05:23   0,1   2,8   0,0   4,0  15,5   16:16   ZZW
30  18,0  21,0   13:42  14,8   06:18   0,9   0,6   3,3   5,4  16,6   10:56     Z
31  20,3  24,8   18:13  16,8   05:41   0,3   2,2   1,8   4,9  16,9   14:30   ZZW
----------------------------------------------------------------------------------
    20,8  34,7    21    11,2     2    24,3 101,0  67,6   3,2  19,4    27      NW

Max >=  27,0: 15
Max <=   0,0:  0
Min <=   0,0:  0
Min <= -18,0:  0
Max Rain: 31,5 on day 28
Days of Rain: 9 (>= 0,2 mm)  7 (>= 2,0 mm)  1 (>= 20,0 mm)
Heat Base: 18,3  Cool Base: 18,3  Method: Integration