NOAA-Style Climate Reports


Report for 2013 augustus
                   Monthly Climatological Summary for aug 2013

Name: Weerstation Tilburg-Reeshof   City: Tilburg   State: Noord Brabant
Elevation: 7 m  Lat: N 51° 34' 46"   Lon: E 005° 00' 37"

                  Temperature (°C), Rain (mm), Wind Speed (km/h)

                                      Heat  Cool        Avg
    Mean                              Deg   Deg         Wind                 Dom
Day Temp  High   Time   Low    Time   Days  Days  Rain  Speed High   Time    Dir
----------------------------------------------------------------------------------
 1  26,2  35,2   18:07  18,4   06:29   0,0   7,9   0,0   3,5  11,2   12:55     Z
 2  28,2  37,0   16:57  21,1   06:37   0,0   9,9   0,0   3,5  15,8   16:41     Z
 3  22,2  25,4   16:28  18,2   23:58   0,0   3,9   0,0   4,0  21,6   14:24   ZZW
 4  21,9  29,8   18:25  14,7   06:31   0,8   4,4   0,0   1,8   9,7   13:50   ZZW
 5  23,4  31,5   16:52  15,3   06:50   0,4   5,5   2,0   2,5  12,6   16:09   ZZW
 6  19,9  23,6   18:05  16,8   06:07   0,3   1,9   0,0   3,4  10,4   07:13   ZZW
 7  16,0  17,9   00:00  14,8   22:14   2,3   0,0  15,3   4,6  18,0   17:27     N
 8  17,8  23,6   17:46  12,7   07:17   1,8   1,4   0,5   2,0  11,2   11:51     N
 9  18,7  24,4   16:17  11,8   06:43   1,8   2,2   0,0   2,7  13,7   13:12   ZZW
10  17,6  20,2   12:36  14,8   06:04   1,1   0,4   0,0   2,5  11,2   12:03    ZW
11  17,7  22,5   16:16  13,2   07:10   1,7   1,1   2,8   4,4  14,8   11:44   ZZW
12  17,1  21,3   19:10  13,3   06:46   1,8   0,6   0,0   2,7  10,8   13:20   ZZW
13  16,1  21,0   16:01  11,8   07:05   2,6   0,4   2,0   2,8  13,7   15:47    ZW
14  16,7  23,6   16:52  12,0   01:49   2,6   1,0   1,3   1,8   7,6   17:19   ZZW
15  17,0  23,6   18:48  12,4   03:11   2,2   0,9   0,5   2,4  10,4   09:58   ZZW
16  20,2  28,8   15:49  14,6   06:50   1,0   2,8   0,5   3,5  16,6   13:20   ZZW
17  20,0  26,2   18:07  16,4   04:42   0,6   2,3   0,0   3,9  14,0   16:40   ZZW
18  20,1  24,4   18:35  17,2   07:01   0,2   1,9   5,0   3,6  15,5   13:14   ZZW
19  17,9  22,7   16:53  14,4   23:59   1,2   0,8   1,5   2,5  15,8   11:28   WZW
20  17,7  22,9   16:36  12,1   02:58   2,0   1,5   0,0   1,6   8,3   13:29   ZZW
21  19,4  27,2   17:16  12,9   06:03   1,7   2,8   0,0   2,1  10,8   13:55     Z
22  18,2  23,5   11:48  13,2   06:19   1,3   1,2   0,0   1,1   7,2   11:51   NNW
23  21,3  29,1   18:12  15,6   07:03   0,7   3,7   0,0   1,8  10,1   12:14   NNW
24  19,1  21,9   14:26  15,7   23:53   0,3   1,0   1,3   2,0   7,9   14:44   ZZW
25  17,6  21,7   18:51  14,2   03:29   1,5   0,8   0,0   1,1   8,6   16:46    NW
26  19,3  24,5   17:58  13,6   06:58   1,3   2,2   0,0   4,3  15,8   13:09     N
27  20,5  26,0   16:28  16,1   07:14   0,4   2,6   0,0   3,4  16,2   12:49     N
28  19,1  25,9   16:33  13,8   06:38   1,3   2,1   0,0   2,0  11,9   17:40     N
29  18,9  25,6   17:31  12,5   07:17   1,7   2,2   0,0   1,4  10,4   16:58    ZW
30  18,2  23,6   13:57  13,0   07:37   1,8   1,7   0,0   2,6  11,9   16:15   ZZW
31  17,9  22,1   17:20  13,2   23:54   1,3   0,9   0,5   2,9  16,2   12:41    NW
----------------------------------------------------------------------------------
    19,4  37,0     2    11,8     9    37,7  72,0  33,2   2,7  21,6     3      ZW

Max >=  27,0:  7
Max <=   0,0:  0
Min <=   0,0:  0
Min <= -18,0:  0
Max Rain: 15,3 on day 7
Days of Rain: 12 (>= 0,2 mm)  5 (>= 2,0 mm)  0 (>= 20,0 mm)
Heat Base: 18,3  Cool Base: 18,3  Method: Integration