NOAA-Style Climate Reports


Report for 2013 december
                   Monthly Climatological Summary for dec 2013

Name: Weerstation Tilburg-Reeshof   City: Tilburg   State: Noord Brabant
Elevation: 7 m  Lat: N 51° 34' 46"   Lon: E 005° 00' 37"

                  Temperature (°C), Rain (mm), Wind Speed (km/h)

                                      Heat  Cool        Avg
    Mean                              Deg   Deg         Wind                 Dom
Day Temp  High   Time   Low    Time   Days  Days  Rain  Speed High   Time    Dir
----------------------------------------------------------------------------------
 1   6,5   9,8   14:03   3,3   02:42  11,8   0,0   0,0   0,7   6,1   22:04     W
 2   5,7   9,1   14:08   2,2   23:10  12,6   0,0   0,0   1,5   7,6   03:27     N
 3   0,3   2,4   00:00  -1,5   08:39  18,0   0,0   0,0   0,6   5,0   13:34   ZZW
 4   4,2   7,9   16:06  -0,8   00:00  14,1   0,0   1,0   2,9  12,2   11:42   ZZW
 5   4,4   8,8   17:05   2,0   02:53  13,9   0,0   4,0   7,7  29,9   16:07   ZZW
 6   3,8   5,0   02:25   2,9   04:21  14,5   0,0   2,0   3,9  12,2   01:09    NW
 7   5,7   8,1   15:11   3,6   03:32  12,6   0,0   2,8   3,3  11,2   13:09   ZZW
 8   8,0   9,9   18:03   6,1   06:09  10,3   0,0   0,5   5,7  15,8   19:39   ZZW
 9   8,4  10,2   14:07   5,6   23:58   9,9   0,0   0,0   5,1  16,9   02:04   ZZW
10   4,3  10,3   15:31   1,3   08:39  14,0   0,0   0,0   1,6   8,6   13:24     Z
11   2,2   7,9   13:47   0,0   04:18  16,1   0,0   0,8   1,4   7,6   11:32   ZZW
12   1,9   4,8   13:15   0,0   08:35  16,4   0,0   0,5   2,9  10,8   11:43     Z
13   2,1   6,1   15:01  -0,2   09:22  16,2   0,0   0,0   3,3  11,2   01:23     Z
14   5,9   8,5   12:47   2,7   00:00  12,4   0,0   3,3   5,1  18,4   23:46     Z
15   7,8   9,0   13:20   6,3   06:32  10,4   0,0   1,0   7,8  20,2   05:55     Z
16  10,2  13,2   13:48   7,7   00:00   8,0   0,0   0,0   7,0  18,7   04:31     Z
17   7,0  10,4   00:00   6,0   23:16  11,3   0,0   0,0   2,5  11,2   04:05   ZZW
18   8,1   9,7   13:00   6,0   00:00  10,2   0,0   0,0   6,2  16,9   21:51     Z
19   7,7   9,5   14:27   3,9   23:40  10,6   0,0   9,3   5,2  18,4   03:31     Z
20   5,3   8,6   14:57   3,7   02:50  13,0   0,0   0,0   5,4  14,8   12:56     Z
21   7,1   8,5   13:09   5,2   00:00  11,2   0,0   2,8   9,5  23,4   11:47     Z
22   8,2  10,7   14:19   6,6   00:00  10,1   0,0   4,3   9,6  21,6   01:12     Z
23   8,2  11,9   22:59   4,9   09:14  10,1   0,0   0,0   8,9  27,7   22:39     Z
24   9,9  11,7   00:00   7,2   22:50   8,4   0,0  12,5  12,0  33,8   08:51     Z
25   6,8   8,6   05:30   3,5   23:45  11,5   0,0   7,5   4,3  16,2   06:13     Z
26   5,1   7,6   15:47   3,2   03:01  13,2   0,0   0,5   3,0  10,8   14:44   ZZW
27   7,3   9,4   15:10   3,5   00:00  11,0   0,0   6,5   8,4  27,4   09:22     Z
28   7,1   9,2   14:32   5,1   23:56  11,2   0,0  14,3   3,7  11,5   12:34     Z
29   5,1   7,9   15:28   3,0   23:46  13,2   0,0   1,5   4,3  11,9   15:32   ZZW
30   5,2   7,3   22:04   2,7   00:31  13,1   0,0   0,5   7,5  20,5   11:31     Z
31   7,4   9,6   14:06   5,8   06:48  10,9   0,0   1,3   6,0  18,4   20:10     Z
----------------------------------------------------------------------------------
     6,0  13,2    16    -1,5     3   380,2   0,0  76,9   5,1  33,8    24       Z

Max >=  27,0:  0
Max <=   0,0:  0
Min <=   0,0:  5
Min <= -18,0:  0
Max Rain: 14,3 on day 28
Days of Rain: 20 (>= 0,2 mm)  11 (>= 2,0 mm)  0 (>= 20,0 mm)
Heat Base: 18,3  Cool Base: 18,3  Method: Integration