NOAA-Style Climate Reports


Report for 2014 february
                   Monthly Climatological Summary for feb 2014

Name: Weerstation Tilburg-Reeshof   City: Tilburg   State: Noord Brabant
Elevation: 7 m  Lat: N 51° 34' 46"   Lon: E 005° 00' 37"

                  Temperature (°C), Rain (mm), Wind Speed (km/h)

                                      Heat  Cool        Avg
    Mean                              Deg   Deg         Wind                 Dom
Day Temp  High   Time   Low    Time   Days  Days  Rain  Speed High   Time    Dir
----------------------------------------------------------------------------------
 1   6,5   8,4   14:25   4,5   23:32  11,8   0,0   7,5   7,3  21,6   05:37     Z
 2   5,4   9,3   14:28   2,6   08:43  12,9   0,0   0,0   5,6  16,9   10:32     Z
 3   4,3   9,7   15:46   0,8   08:06  14,0   0,0   0,0   3,4  15,5   17:09   ZZW
 4   6,5  11,0   14:38   2,7   03:42  11,8   0,0   0,0   5,8  16,6   12:05     Z
 5   7,2  10,8   13:35   4,4   01:12  11,1   0,0   2,0   8,3  23,0   23:52     Z
 6   7,8  10,7   12:55   5,8   19:17  10,5   0,0   6,8   8,8  20,5   12:58     Z
 7   7,8  10,7   07:53   4,4   23:34  10,5   0,0   8,5   8,0  27,7   10:15     Z
 8   6,8   8,8   16:22   4,3   00:09  11,5   0,0   4,5   8,7  20,5   06:01     Z
 9   6,2   8,3   15:56   4,1   23:46  12,0   0,0   1,5  12,3  26,3   07:13     Z
10   5,2   8,0   13:23   3,2   02:48  13,1   0,0   0,5   2,0   7,6   09:26   ZZW
11   6,1   8,8   15:10   4,6   09:09  12,2   0,0   5,5   7,4  23,4   18:13     Z
12   5,7  10,0   14:49   2,9   07:29  12,6   0,0   3,8   8,6  24,5   19:33     Z
13   5,0   6,5   11:52   3,2   21:56  13,3   0,0   5,0   6,0  24,5   04:19     Z
14   4,4   9,6   23:59   3,2   00:00  13,9   0,0   9,0   5,4  19,4   16:23     Z
15  10,5  13,0   02:21   6,8   19:51   7,8   0,0   2,3  14,2  31,0   03:02   ZZW
16   7,1  10,8   15:08   4,2   23:56  11,2   0,0   0,0   6,2  19,1   13:20     Z
17   6,9  12,2   15:48   3,4   03:52  11,4   0,0   0,0   4,1  14,4   12:04     Z
18   6,3   8,0   12:21   4,8   04:19  12,0   0,0   1,5   3,5  10,4   13:04     Z
19   7,7  10,6   15:48   5,8   03:47  10,6   0,0   0,0   3,8  11,2   13:24     Z
20   8,2   9,9   17:04   5,9   04:17  10,1   0,0   5,0   5,9  16,2   10:53     Z
21   7,4  10,4   14:42   4,5   23:53  10,9   0,0   5,0   5,7  18,7   13:59   ZZW
22   6,5  10,2   16:10   4,0   04:49  11,8   0,0   0,0   6,1  15,8   16:14     Z
23   7,5  13,4   16:40   3,3   06:01  10,8   0,0   0,0   5,8  16,6   14:50     Z
24   8,7  14,4   15:01   3,9   07:23   9,6   0,0   0,0   4,8  15,5   12:32     Z
25   9,4  13,1   15:27   7,1   23:56   8,9   0,0   3,8   5,8  20,5   12:13     Z
26   7,2  11,5   14:46   4,4   07:44  11,1   0,0   0,0   2,9  11,2   12:27     Z
27   5,1   7,7   12:20   3,3   04:41  13,2   0,0   2,5   5,7  20,5   14:11     Z
28   6,2  10,4   15:43   3,2   03:43  12,1   0,0   2,3   3,1  11,2   11:04   ZZW
----------------------------------------------------------------------------------
     6,8  14,4    24     0,8     3   322,7   0,0  77,0   6,3  31,0    15       Z

Max >=  27,0:  0
Max <=   0,0:  0
Min <=   0,0:  0
Min <= -18,0:  0
Max Rain: 9,0 on day 14
Days of Rain: 18 (>= 0,2 mm)  15 (>= 2,0 mm)  0 (>= 20,0 mm)
Heat Base: 18,3  Cool Base: 18,3  Method: Integration