NOAA-Style Climate Reports


Report for 2014 maart
                   Monthly Climatological Summary for mrt 2014

Name: Weerstation Tilburg-Reeshof   City: Tilburg   State: Noord Brabant
Elevation: 7 m  Lat: N 51° 34' 46"   Lon: E 005° 00' 37"

                  Temperature (°C), Rain (mm), Wind Speed (km/h)

                                      Heat  Cool        Avg
    Mean                              Deg   Deg         Wind                 Dom
Day Temp  High   Time   Low    Time   Days  Days  Rain  Speed High   Time    Dir
----------------------------------------------------------------------------------
 1   6,2   8,5   13:51   3,7   07:55  12,1   0,0   1,8   2,7  14,0   22:47     Z
 2   5,9  10,7   15:10   1,6   07:32  12,4   0,0   0,0   5,9  16,2   22:07     Z
 3   6,5  11,4   16:27   4,2   01:13  11,8   0,0   0,5   4,4  16,6   14:29   ZZW
 4   5,6  11,9   13:06   1,2   07:40  12,7   0,0   0,0   2,0  13,0   12:41   ZZW
 5   5,4  13,2   14:32  -0,5   06:40  12,9   0,0   0,0   0,8  11,5   14:47   NNW
 6   7,5  15,6   16:13   1,1   05:22  10,8   0,0   0,0   2,5  12,2   12:38     Z
 7   9,1  14,1   14:28   4,6   07:06   9,2   0,0   0,0   3,8  15,1   11:46     Z
 8  11,3  19,5   16:04   5,2   04:10   7,1   0,1   0,0   2,9  13,7   20:41   ZZW
 9  12,1  21,7   15:51   4,0   05:23   6,6   0,5   0,0   3,0  13,7   11:50     Z
10  10,9  19,4   16:22   4,0   07:45   7,5   0,1   0,0   3,0  15,5   16:41     N
11  10,2  15,6   16:25   7,4   07:34   8,1   0,0   0,0   5,5  15,1   07:07     N
12  10,5  18,8   16:31   4,4   07:21   7,8   0,0   0,0   1,9   8,3   12:18     N
13  10,2  18,4   15:54   2,8   07:13   8,1   0,0   0,0   1,2  11,5   14:36     N
14   8,3  17,4   17:20   2,3   06:34  10,0   0,0   0,0   1,8  10,8   15:52    ZW
15  10,1  13,6   16:09   8,4   02:29   8,2   0,0   0,0   4,2  14,8   17:17   WNW
16  11,0  13,6   12:56   8,6   22:26   7,3   0,0   0,0   3,2  11,2   06:04   WZW
17  10,2  12,8   12:36   7,8   04:38   8,1   0,0   0,0   2,6  10,4   14:39   ZZW
18   9,7  11,1   16:46   8,2   03:35   8,6   0,0   4,1   5,3  19,4   19:39   ZZW
19  12,6  18,3   14:11   9,1   06:42   5,7   0,0   0,0   6,0  24,1   15:51   ZZW
20  14,0  23,5   16:01   6,6   07:03   5,1   0,8   0,0   5,9  22,3   16:15     Z
21   9,1  11,9   02:18   5,4   23:47   9,2   0,0  12,0   3,9  15,8   04:31   ZZW
22   6,9  10,5   12:53   4,5   23:46  11,4   0,0   1,0   5,3  19,8   09:10     Z
23   5,4   9,8   17:23   2,6   06:29  12,9   0,0   3,8   3,2  11,9   09:15     Z
24   6,8  12,1   16:26   3,0   07:10  11,5   0,0   0,0   1,8  12,2   15:48     N
25   6,4  12,5   14:46   0,4   06:13  11,9   0,0   0,0   2,5  12,2   17:52    NW
26   5,7  11,0   14:32   1,6   06:08  12,6   0,0   1,8   1,9  11,5   12:32     N
27   8,5  15,1   16:04   1,9   04:31   9,8   0,0   0,0   2,4  11,9   17:01   NNW
28  12,0  19,5   16:11   4,8   06:14   6,3   0,1   0,0   2,8  13,3   16:53   NNW
29  13,4  21,4   14:30   6,9   06:30   5,3   0,4   0,0   2,2  12,2   14:39   WNW
30  15,0  22,2   16:10   8,0   04:55   4,0   0,9   0,0   1,1   7,9   13:44   WZW
31  17,2  24,3   17:01  11,7   08:19   2,4   1,3   0,0   1,7   9,7   14:36     W
----------------------------------------------------------------------------------
     9,5  24,3    31    -0,5     5   277,4   4,2  25,0   3,1  24,1    19      ZW

Max >=  27,0:  0
Max <=   0,0:  0
Min <=   0,0:  1
Min <= -18,0:  0
Max Rain: 12,0 on day 21
Days of Rain: 7 (>= 0,2 mm)  3 (>= 2,0 mm)  0 (>= 20,0 mm)
Heat Base: 18,3  Cool Base: 18,3  Method: Integration