NOAA-Style Climate Reports


Report for 2014 april
                   Monthly Climatological Summary for apr 2014

Name: Weerstation Tilburg-Reeshof   City: Tilburg   State: Noord Brabant
Elevation: 7 m  Lat: N 51° 34' 46"   Lon: E 005° 00' 37"

                  Temperature (°C), Rain (mm), Wind Speed (km/h)

                                      Heat  Cool        Avg
    Mean                              Deg   Deg         Wind                 Dom
Day Temp  High   Time   Low    Time   Days  Days  Rain  Speed High   Time    Dir
----------------------------------------------------------------------------------
 1  16,0  21,9   16:44  10,9   07:34   2,9   0,6   0,0   1,9   9,0   12:24    ZW
 2  16,1  23,5   18:07   9,0   07:35   3,5   1,3   0,0   1,2  10,1   17:15   WZW
 3  17,1  24,0   15:27  11,6   07:26   2,6   1,3   0,0   2,2  13,7   16:25   ZZW
 4  14,1  15,4   15:16  12,3   23:41   4,2   0,0   0,0   1,3   6,5   14:44    ZW
 5  13,6  19,3   18:30  10,2   06:43   4,6   0,1   0,0   2,0  10,1   17:10   ZZW
 6  14,0  19,0   15:31   8,6   03:17   4,3   0,0   0,0   4,4  18,4   13:49     Z
 7  17,2  24,0   15:44  13,2   05:58   2,4   1,3   6,0   4,9  18,7   15:17     Z
 8  10,0  14,0   02:32   6,0   23:15   8,3   0,0   6,5   5,5  19,4   03:40   ZZW
 9   9,9  15,4   16:53   4,7   07:29   8,4   0,0   0,0   2,8  12,6   13:40    ZW
10  12,4  17,1   14:17   8,5   00:04   5,9   0,0   0,0   2,6  10,1   12:32   ZZW
11  12,8  16,5   16:44   9,4   23:58   5,5   0,0   0,0   3,7  12,2   08:54     N
12  10,9  15,8   15:10   5,4   06:19   7,4   0,0   0,0   1,8  11,2   16:11   WZW
13  10,9  14,1   15:44   7,6   23:53   7,4   0,0   0,0   2,9  10,1   16:03    ZW
14   9,9  13,1   13:49   6,8   23:40   8,4   0,0   0,5   4,6  19,1   17:23    NW
15   7,8  12,4   17:19   3,3   07:35  10,5   0,0   0,0   3,4  17,6   14:44     N
16  10,1  18,7   18:02   2,5   07:09   8,2   0,0   0,0   2,1  11,9   19:09    ZW
17  12,2  19,2   15:45   6,2   07:10   6,1   0,0   1,0   4,5  15,5   16:09   ZZW
18   9,8  13,2   14:55   7,1   07:08   8,5   0,0   0,0   3,9  19,4   14:27     N
19  11,5  18,0   17:25   6,4   01:33   6,8   0,0   0,0   4,8  21,2   16:12     N
20  16,2  22,8   14:52  10,5   06:33   3,2   1,1   0,0   3,8  19,4   12:27   NNW
21  14,0  17,2   14:07  10,4   06:53   4,3   0,0   0,0   2,8  14,8   12:16     N
22  14,3  19,9   15:57  10,3   06:46   4,1   0,1   0,0   2,6  12,6   12:24     Z
23  14,7  23,0   17:58   8,2   07:23   4,4   0,8   0,0   1,5   8,6   20:26   ZZW
24  15,4  21,5   16:18  10,1   05:36   3,4   0,5   0,0   2,6  14,8   18:44     N
25  17,8  26,8   16:19  12,1   06:13   2,3   1,8   0,0   4,2  11,9   12:23    NW
26  15,3  20,4   15:01   9,6   07:07   3,3   0,3   0,0   3,3  13,7   20:00   ZZW
27  14,8  19,9   15:50  11,4   06:40   3,6   0,1   0,0   1,9  11,5   16:24   ZZW
28  14,4  19,2   12:05   9,6   05:22   3,9   0,0   0,0   1,1   8,3   12:26   NNW
29  13,8  16,2   12:26  12,2   05:48   4,5   0,0   5,0   0,8   6,5   14:12    ZW
30  13,3  17,2   14:46  11,2   23:51   5,0   0,0   0,0   1,5   7,2   16:16   WNW
----------------------------------------------------------------------------------
    13,3  26,8    25     2,5    16   157,9   9,3  19,0   2,9  21,2    19     WZW

Max >=  27,0:  0
Max <=   0,0:  0
Min <=   0,0:  0
Min <= -18,0:  0
Max Rain: 6,5 on day 8
Days of Rain: 5 (>= 0,2 mm)  3 (>= 2,0 mm)  0 (>= 20,0 mm)
Heat Base: 18,3  Cool Base: 18,3  Method: Integration