NOAA-Style Climate Reports


Report for 2014 mei
                   Monthly Climatological Summary for mei 2014

Name: Weerstation Tilburg-Reeshof   City: Tilburg   State: Noord Brabant
Elevation: 7 m  Lat: N 51° 34' 46"   Lon: E 005° 00' 37"

                  Temperature (°C), Rain (mm), Wind Speed (km/h)

                                      Heat  Cool        Avg
    Mean                              Deg   Deg         Wind                 Dom
Day Temp  High   Time   Low    Time   Days  Days  Rain  Speed High   Time    Dir
----------------------------------------------------------------------------------
 1  13,5  20,0   15:43   9,1   05:07   4,9   0,1   2,5   1,7   9,0   14:53    ZW
 2  11,7  13,3   00:00   9,8   23:56   6,6   0,0   0,0   5,8  18,7   13:25     N
 3  10,3  15,2   16:48   5,3   06:38   8,0   0,0   0,0   3,9  15,5   09:05     N
 4   9,7  15,9   15:25   2,7   05:57   8,6   0,0   0,0   1,6  13,7   15:48     N
 5  14,8  23,4   17:38   6,6   06:22   4,5   1,1   0,0   1,9   9,7   16:41   ZZW
 6  15,6  20,9   15:24  12,4   05:46   2,9   0,1   4,1   3,6  14,0   11:06   ZZW
 7  12,9  15,5   18:23   9,7   05:40   5,4   0,0   3,3   5,8  15,8   11:14   ZZW
 8  12,2  13,4   11:55  11,1   09:14   6,1   0,0  15,0   6,4  16,9   22:59   ZZW
 9  13,2  15,9   15:13  10,5   23:15   5,1   0,0  13,0   6,6  22,7   15:40   ZZW
10  11,4  15,3   19:22   8,9   04:31   6,9   0,0   5,5   6,0  19,4   23:05     Z
11  11,0  12,4   18:27   9,3   02:53   7,3   0,0  10,3   8,6  20,5   07:19   ZZW
12  10,5  13,2   19:51   8,9   23:52   7,8   0,0  24,8   4,9  18,0   06:14   ZZW
13  11,0  15,8   16:24   8,5   05:43   7,3   0,0   6,6   2,5  12,6   17:04    NW
14  10,0  15,3   17:45   4,6   05:46   8,3   0,0   2,3   2,3  16,9   17:36   NNW
15  10,9  17,0   19:07   4,3   06:27   7,4   0,0   0,0   2,5  14,8   09:50     N
16  13,7  21,3   18:11   6,3   06:36   5,0   0,4   0,0   2,5  13,0   18:52     N
17  16,1  23,2   17:40   9,1   06:12   3,3   1,1   0,0   2,6  13,0   16:59     N
18  18,1  26,1   17:39   9,9   06:17   2,5   2,4   0,0   1,5  10,1   13:07    NW
19  20,7  29,0   18:18  12,9   06:05   1,5   3,9   0,0   1,7  10,1   14:49   ZZW
20  22,0  28,3   16:48  16,5   05:15   0,3   4,0   2,0   3,7  17,3   14:23   ZZW
21  18,4  21,9   18:05  13,6   06:03   1,4   1,5   4,1   2,1  16,9   00:41    ZW
22  19,1  24,8   15:21  14,4   06:51   0,9   1,7   6,1   4,3  19,4   16:29     Z
23  18,1  24,2   18:22  13,4   06:24   1,6   1,4   0,0   2,8  10,4   00:44     Z
24  17,4  21,3   16:12  14,4   04:58   1,6   0,7   0,0   3,8  14,0   13:18   ZZW
25  17,0  23,8   18:18  10,9   06:01   2,6   1,3   0,0   2,5  10,1   08:20   ZZW
26  17,0  21,0   12:26  14,2   03:31   1,7   0,4   0,5   3,9  14,4   18:28     N
27  15,7  16,9   13:23  15,0   05:05   2,6   0,0  27,9   1,2   7,6   23:05    NW
28  14,8  16,7   14:42  13,2   06:38   3,5   0,0   1,8   2,1   9,0   09:53   ZZW
29  13,1  14,9   13:52  11,1   23:45   5,2   0,0   1,5   2,7  13,7   15:48     N
30  13,5  18,7   17:05   8,0   06:13   4,8   0,0   0,0   3,3  14,8   16:18     N
31  15,0  22,2   16:31   8,7   05:55   3,8   0,5   0,0   1,8  10,1   14:47     N
----------------------------------------------------------------------------------
    14,5  29,0    19     2,7     4   139,4  20,6 131,3   3,4  22,7     9      ZW

Max >=  27,0:  2
Max <=   0,0:  0
Min <=   0,0:  0
Min <= -18,0:  0
Max Rain: 27,9 on day 27
Days of Rain: 17 (>= 0,2 mm)  14 (>= 2,0 mm)  2 (>= 20,0 mm)
Heat Base: 18,3  Cool Base: 18,3  Method: Integration