NOAA-Style Climate Reports


Report for 2014 juli
                   Monthly Climatological Summary for jul 2014

Name: Weerstation Tilburg-Reeshof   City: Tilburg   State: Noord Brabant
Elevation: 7 m  Lat: N 51° 34' 46"   Lon: E 005° 00' 37"

                  Temperature (°C), Rain (mm), Wind Speed (km/h)

                                      Heat  Cool        Avg
    Mean                              Deg   Deg         Wind                 Dom
Day Temp  High   Time   Low    Time   Days  Days  Rain  Speed High   Time    Dir
----------------------------------------------------------------------------------
 1  15,6  22,1   17:15   8,2   05:50   3,6   0,8   0,0   2,2  13,3   17:14     N
 2  17,3  24,1   17:19  10,0   06:06   2,6   1,6   0,0   1,7  10,4   18:24     N
 3  20,9  29,6   18:26  11,6   05:21   1,8   4,3   0,0   3,1  14,8   18:36     Z
 4  22,8  31,4   14:44  14,8   05:34   0,7   5,2   1,8   3,1  15,1   22:14     Z
 5  20,3  23,8   17:49  18,2   03:29   0,0   2,0   7,6   4,6  16,2   08:54     Z
 6  19,6  24,5   13:49  15,2   23:51   0,5   1,8   7,1   4,0  17,3   14:24     Z
 7  18,3  26,2   18:14  11,8   05:51   2,1   2,1   0,5   2,7   9,7   08:23   ZZW
 8  15,6  19,1   00:00  14,1   23:34   2,7   0,0  22,6   2,2   8,6   00:11     N
 9  14,8  17,0   23:44  13,3   02:45   3,5   0,0  18,8   3,3  16,2   15:38   NNW
10  20,7  26,8   16:47  17,0   00:00   0,4   2,8   1,5   2,5  10,8   19:05     W
11  18,9  23,2   17:46  16,7   06:10   0,6   1,1   0,0   2,6   9,4   14:07   ZZW
12  18,5  21,2   16:51  17,0   06:17   0,5   0,7   0,0   2,2   9,7   18:04   ZZW
13  18,7  24,5   16:53  16,0   02:50   0,7   1,1   2,3   2,6  10,4   12:46   ZZW
14  19,6  23,2   14:13  16,3   23:58   0,4   1,7   0,5   3,0  15,8   13:39   ZZW
15  18,0  23,2   15:41  13,0   05:06   1,6   1,3   0,0   3,3  11,9   12:38   ZZW
16  21,8  28,4   18:43  15,3   05:42   0,5   4,0   0,0   1,7  12,2   16:29   ZZW
17  23,9  31,1   15:41  17,6   04:45   0,1   5,7   0,0   0,8   8,6   18:17     N
18  27,3  36,1   17:42  19,5   06:22   0,0   9,0   0,0   2,2   9,0   16:47    NW
19  28,9  35,9   15:50  22,8   06:05   0,0  10,6   0,0   2,6  11,5   12:13   ZZW
20  23,7  28,1   15:56  20,0   06:22   0,0   5,4   0,5   1,8   9,7   08:15   ZZW
21  20,3  23,2   13:47  19,0   06:00   0,0   2,0   4,1   2,3   8,6   08:46   NNW
22  23,4  29,7   17:38  18,9   03:25   0,0   5,0   2,5   3,7  16,2   17:05     N
23  24,6  30,5   16:46  19,6   06:02   0,0   6,3   0,0   4,8  18,4   11:49     N
24  23,2  28,4   17:07  18,4   06:46   0,0   4,9   0,0   4,8  17,6   12:45     N
25  19,7  22,9   12:17  17,2   06:17   0,1   1,5   0,0   4,1  15,5   12:45     N
26  21,3  27,2   16:42  16,7   05:18   0,3   3,3   0,5   1,8  11,2   16:34    ZW
27  21,6  28,4   16:36  18,2   03:51   0,0   3,3  17,3   1,7   9,7   19:14   WZW
28  20,0  25,4   17:44  16,4   10:21   0,3   2,1  57,2   1,7  11,5   06:56     N
29  21,9  28,0   17:15  17,9   05:28   0,0   3,7   2,8   3,6  19,1   16:50     N
30  19,6  23,8   17:09  16,2   06:13   0,5   1,7   0,0   2,0   8,6   10:16   WNW
31  19,4  31,9   17:12  12,5   06:04   1,7   2,8   0,0   2,2   8,3   10:09     Z
----------------------------------------------------------------------------------
    20,7  36,1    18     8,2     1    25,2  97,8 147,6   2,7  19,1    29       W

Max >=  27,0: 14
Max <=   0,0:  0
Min <=   0,0:  0
Min <= -18,0:  0
Max Rain: 57,2 on day 28
Days of Rain: 16 (>= 0,2 mm)  10 (>= 2,0 mm)  2 (>= 20,0 mm)
Heat Base: 18,3  Cool Base: 18,3  Method: Integration