NOAA-Style Climate Reports


Report for 2014 augustus
                   Monthly Climatological Summary for aug 2014

Name: Weerstation Tilburg-Reeshof   City: Tilburg   State: Noord Brabant
Elevation: 7 m  Lat: N 51° 34' 46"   Lon: E 005° 00' 37"

                  Temperature (°C), Rain (mm), Wind Speed (km/h)

                                      Heat  Cool        Avg
    Mean                              Deg   Deg         Wind                 Dom
Day Temp  High   Time   Low    Time   Days  Days  Rain  Speed High   Time    Dir
----------------------------------------------------------------------------------
 1  22,2  29,3   17:29  15,0   06:24   0,6   4,4   0,0   1,6   9,4   14:45   ZZW
 2  23,5  28,5   11:39  18,4   06:02   0,0   5,2   0,0   3,0  13,7   16:37     Z
 3  20,8  29,4   16:39  15,7   06:29   0,5   3,0   1,0   1,4   8,6   15:39   ZZW
 4  19,8  25,2   15:36  14,5   06:34   0,7   2,2   0,0   2,0  10,8   13:18   ZZW
 5  20,0  28,4   17:45  12,4   06:43   1,5   3,2   0,0   1,8   8,6   14:13   ZZW
 6  18,2  21,8   14:38  15,5   06:23   0,9   0,9   3,8   2,4  10,1   08:56     Z
 7  19,2  26,1   16:17  15,5   06:39   0,9   1,8   0,0   1,9   7,6   15:26   ZZW
 8  18,7  20,9   11:48  16,8   06:05   0,3   0,7  18,3   1,7   9,0   20:39     W
 9  20,5  26,6   17:41  16,3   07:44   0,2   2,4   5,8   4,9  16,9   06:47     Z
10  19,1  24,9   11:57  15,9   03:29   0,7   1,5   8,4   3,9  20,5   17:36     Z
11  17,5  22,3   13:56  13,9   06:33   1,6   0,9   6,1   7,0  18,4   18:43     Z
12  16,1  20,4   12:06  13,4   06:11   2,4   0,2  13,2   5,3  20,5   12:11     Z
13  17,0  24,4   16:18  11,4   06:34   2,7   1,4   0,0   3,5  15,8   18:22   ZZW
14  16,3  21,4   17:18  13,2   23:55   2,2   0,3   5,8   3,2  11,5   14:02     Z
15  15,4  21,0   17:04  11,9   05:14   3,1   0,1   5,6   1,6   8,3   19:15   ZZW
16  16,1  20,0   19:08  13,1   06:15   2,3   0,1   4,6   2,6  11,9   11:20   ZZW
17  15,5  18,0   12:27  13,0   22:33   2,8   0,0   4,8   6,9  19,1   12:24     Z
18  14,3  18,3   15:17  12,2   07:05   4,0   0,0   6,6   5,2  20,5   10:30   ZZW
19  13,2  17,0   14:00   9,6   23:55   5,1   0,0  12,7   3,2  15,8   14:00   ZZW
20  12,8  19,0   18:30   7,8   06:41   5,5   0,0   1,0   2,0   9,7   12:27   ZZW
21  14,0  19,7   16:21   9,6   07:13   4,4   0,0   0,0   2,4  11,2   12:26     Z
22  14,2  17,9   12:52  10,7   02:36   4,1   0,0   0,0   4,4  18,4   12:12     Z
23  14,0  19,2   15:21  10,6   03:32   4,3   0,0   1,8   2,3  12,2   16:18   ZZW
24  12,9  19,1   17:42   8,6   06:29   5,4   0,0   1,5   2,0  11,9   13:46   ZZW
25  13,1  18,6   15:00   7,3   06:34   5,2   0,0   7,6   0,2   7,9   23:28   ZZW
26  14,1  15,5   12:13  12,4   23:42   4,2   0,0  22,6   2,2  15,1   16:19     N
27  15,8  24,4   16:54   8,3   07:32   3,9   1,4   0,0   1,8  10,8   14:30    NW
28  18,1  24,0   17:41  13,4   06:53   1,6   1,4   1,0   2,7  11,2   13:04     Z
29  17,3  21,4   17:16  13,1   07:15   1,8   0,7   0,8   3,1  12,2   12:48     Z
30  16,3  18,3   14:49  14,1   23:20   2,0   0,0  10,4   3,9  12,2   05:02     Z
31  15,5  21,2   14:54  12,3   06:14   3,1   0,3   0,0   2,1   9,0   14:12   ZZW
----------------------------------------------------------------------------------
    16,8  29,4     3     7,3    25    78,0  32,1 143,4   3,0  20,5    10     ZZW

Max >=  27,0:  4
Max <=   0,0:  0
Min <=   0,0:  0
Min <= -18,0:  0
Max Rain: 22,6 on day 26
Days of Rain: 21 (>= 0,2 mm)  15 (>= 2,0 mm)  1 (>= 20,0 mm)
Heat Base: 18,3  Cool Base: 18,3  Method: Integration