NOAA-Style Climate Reports


Report for 2014 september
                   Monthly Climatological Summary for sep 2014

Name: Weerstation Tilburg-Reeshof   City: Tilburg   State: Noord Brabant
Elevation: 7 m  Lat: N 51° 34' 46"   Lon: E 005° 00' 37"

                  Temperature (°C), Rain (mm), Wind Speed (km/h)

                                      Heat  Cool        Avg
    Mean                              Deg   Deg         Wind                 Dom
Day Temp  High   Time   Low    Time   Days  Days  Rain  Speed High   Time    Dir
----------------------------------------------------------------------------------
 1  15,9  22,6   15:46   9,8   06:40   3,3   0,9   0,5   1,0   7,6   14:39    ZW
 2  18,5  24,2   15:28  14,9   04:29   1,3   1,5   0,0   1,2  15,5   15:27     N
 3  18,0  23,9   15:59  13,6   06:51   1,6   1,3   0,5   3,1  16,9   15:35     N
 4  19,8  25,8   17:36  15,2   07:51   0,9   2,4   0,0   2,0   8,6   14:16   NNW
 5  20,2  24,7   18:01  16,9   23:53   0,2   2,1   0,0   0,0   2,9   03:44   ZZW
 6  18,4  22,3   15:15  15,6   03:42   0,9   1,0   0,0   0,0   0,0   00:00   ---
 7  17,7  25,1   16:57  13,1   04:44   2,0   1,5   0,0   0,6   6,8   16:48   NNW
 8  16,8  23,4   16:57  12,0   07:12   2,5   1,0   0,0   1,3  13,7   17:59     N
 9  14,8  18,9   15:33  11,1   05:23   3,5   0,0   0,0   0,8  11,9   13:00     N
10  15,9  20,4   14:47  12,7   00:23   2,7   0,3   0,0   2,6  14,4   15:03     N
11  16,3  22,9   15:30  10,8   05:03   2,9   0,9   0,0   2,4  14,0   15:18     N
12  16,5  23,7   16:45  10,6   07:03   3,0   1,2   0,0   3,3  16,9   12:14     N
13  17,8  23,9   17:40  13,6   04:07   1,8   1,3   0,0   4,5  14,4   14:08     N
14  16,9  20,6   13:47  14,1   23:53   1,9   0,5   0,0   3,3  12,2   14:47     N
15  17,8  25,5   15:22  12,5   04:02   2,3   1,8   0,0   1,8  11,5   16:15     N
16  19,0  26,6   16:19  13,7   07:44   1,5   2,2   0,0   0,0   1,8   00:00   NNO
17  19,5  27,9   16:17  13,2   06:20   1,7   2,9   0,0   0,7   8,6   16:56    NW
18  20,3  27,6   15:30  15,0   06:12   1,0   3,0   0,0   1,2  11,2   12:18    ZW
19  20,4  26,0   17:23  17,2   07:20   0,1   2,2   0,0   0,9   5,4   14:37   ZZW
20  19,5  25,2   16:37  16,0   06:23   0,6   1,8   0,0   1,3   8,6   15:56   WNW
21  17,3  20,9   15:57  13,6   23:48   1,4   0,4   0,0   2,8  16,2   17:49     N
22  14,7  19,4   16:39   9,2   23:55   3,6   0,1   0,0   2,1  14,0   14:23     N
23  13,4  20,6   17:23   7,6   03:55   5,2   0,3   0,0   1,6   9,7   15:25     Z
24  13,0  17,2   14:34  11,3   04:12   5,3   0,0  22,6   2,8  14,0   15:12     Z
25  13,8  18,7   17:30  10,0   07:12   4,5   0,0   0,0   2,8  15,8   15:56   ZZW
26  15,3  18,5   16:00  13,0   03:19   3,0   0,0   1,5   3,4  11,9   12:35     Z
27  15,4  21,6   17:17  11,4   07:27   3,2   0,4   0,5   0,9   6,5   13:33   ZZW
28  16,6  24,2   15:38  11,2   03:43   3,0   1,3   0,0   1,0   9,0   15:25    ZW
29  16,6  19,6   13:20  14,0   07:49   1,9   0,1   6,1   2,0  11,5   14:07     Z
30  17,3  21,6   17:10  14,9   23:29   1,6   0,6   0,0   2,3  10,1   11:24   ZZW
----------------------------------------------------------------------------------
    17,1  27,9    17     7,6    23    68,4  33,0  31,7   1,8  16,9     3     NNW

Max >=  27,0:  2
Max <=   0,0:  0
Min <=   0,0:  0
Min <= -18,0:  0
Max Rain: 22,6 on day 24
Days of Rain: 6 (>= 0,2 mm)  2 (>= 2,0 mm)  1 (>= 20,0 mm)
Heat Base: 18,3  Cool Base: 18,3  Method: Integration