NOAA-Style Climate Reports


Report for 2014 oktober
                   Monthly Climatological Summary for okt 2014

Name: Weerstation Tilburg-Reeshof   City: Tilburg   State: Noord Brabant
Elevation: 7 m  Lat: N 51° 34' 46"   Lon: E 005° 00' 37"

                  Temperature (°C), Rain (mm), Wind Speed (km/h)

                                      Heat  Cool        Avg
    Mean                              Deg   Deg         Wind                 Dom
Day Temp  High   Time   Low    Time   Days  Days  Rain  Speed High   Time    Dir
----------------------------------------------------------------------------------
 1  16,8  23,2   17:12  12,1   06:38   2,3   0,9   0,8   1,6   8,6   12:45   ZZW
 2  17,2  21,1   12:57  14,4   23:58   1,6   0,5   0,0   1,0   7,6   16:13   NNW
 3  16,1  24,4   15:33  10,1   08:02   3,5   1,3   0,0   0,6   7,6   12:38   ZZW
 4  16,5  24,1   15:13  11,6   07:58   2,8   1,0   2,5   2,6  10,1   22:07     Z
 5  13,5  15,7   15:31  12,3   08:20   4,8   0,0   0,8   2,2   9,0   11:31     N
 6  14,2  17,6   16:19  12,6   02:09   4,1   0,0   0,0   2,4  12,6   13:01     Z
 7  12,3  15,2   15:02   9,0   23:41   6,0   0,0  10,4   4,9  22,3   13:43     Z
 8  12,5  17,2   16:17   8,0   05:09   5,8   0,0  19,3   4,2  13,3   15:10     Z
 9  14,9  19,0   16:27  12,5   07:55   3,4   0,0   4,8   4,5  15,8   15:50     Z
10  14,3  19,2   15:02  11,4   08:21   4,1   0,0   0,0   3,5  12,2   12:31     Z
11  11,8  15,3   12:24   9,2   03:11   6,5   0,0  12,7   1,0   7,6   15:32     Z
12  12,7  18,4   15:47   8,0   07:40   5,6   0,0   4,3   2,2  10,8   19:49   NNW
13  15,0  19,0   14:41  11,6   23:50   3,3   0,0   0,0   3,3  13,3   15:59     Z
14  12,8  15,3   12:57  10,2   05:00   5,5   0,0   0,5   4,9  15,8   16:29     Z
15  13,9  17,9   16:11  11,7   08:16   4,4   0,0   1,3   3,0  10,1   02:05   ZZW
16  14,2  17,7   15:24  12,3   03:23   4,1   0,0   4,3   3,2  13,0   15:34     Z
17  15,1  19,8   16:18  12,8   02:12   3,2   0,1   0,5   2,7  10,4   12:23     Z
18  17,4  24,6   16:31  12,4   02:30   2,3   1,4   0,0   3,9  14,4   15:55     Z
19  17,9  23,2   14:05  15,2   07:53   1,3   0,9   0,0   5,3  20,5   21:42     Z
20  15,2  18,8   14:30  12,8   22:14   3,1   0,0   0,0   5,1  15,5   13:57     Z
21  11,9  14,0   14:26   8,9   23:28   6,4   0,0  12,7   6,0  19,8   14:35   ZZW
22   9,8  14,0   14:02   7,3   05:53   8,5   0,0   6,6   2,7  13,7   15:09     W
23  12,0  16,1   15:22   8,7   00:00   6,3   0,0   0,0   3,7  11,5   14:45     Z
24  12,1  13,9   15:00  10,9   08:00   6,2   0,0   5,8   4,3  12,2   18:15     Z
25  12,4  15,3   14:54   9,1   22:45   5,9   0,0   0,0   2,9   8,6   00:32     Z
26  12,8  17,0   13:53   9,2   00:00   5,8   0,0   0,0   2,7  12,6   12:29     Z
27  12,8  18,5   15:35   9,7   07:16   5,5   0,0   0,0   2,3   9,4   12:15     Z
28  10,2  15,6   14:45   7,1   07:10   8,1   0,0   0,8   3,5  12,2   21:04     Z
29  10,7  12,0   15:50   8,5   01:11   7,6   0,0   0,5   2,8  10,1   13:24     Z
30  13,7  17,0   15:06  11,8   00:00   4,6   0,0   0,0   1,6   7,6   12:39     Z
31  14,2  20,5   15:51  11,2   07:07   4,2   0,1   0,5   2,6   8,6   15:25     Z
----------------------------------------------------------------------------------
    13,8  24,6    18     7,1    28   146,8   6,2  89,1   3,1  22,3     7       Z

Max >=  27,0:  0
Max <=   0,0:  0
Min <=   0,0:  0
Min <= -18,0:  0
Max Rain: 19,3 on day 8
Days of Rain: 18 (>= 0,2 mm)  10 (>= 2,0 mm)  0 (>= 20,0 mm)
Heat Base: 18,3  Cool Base: 18,3  Method: Integration