NOAA-Style Climate Reports


Report for 2014 november
                   Monthly Climatological Summary for nov 2014

Name: Weerstation Tilburg-Reeshof   City: Tilburg   State: Noord Brabant
Elevation: 7 m  Lat: N 51° 34' 46"   Lon: E 005° 00' 37"

                  Temperature (°C), Rain (mm), Wind Speed (km/h)

                                      Heat  Cool        Avg
    Mean                              Deg   Deg         Wind                 Dom
Day Temp  High   Time   Low    Time   Days  Days  Rain  Speed High   Time    Dir
----------------------------------------------------------------------------------
 1  15,2  20,6   15:01  11,8   05:51   3,4   0,3   0,0   3,4  10,1   01:07     Z
 2  14,9  18,8   13:52  11,9   07:23   3,4   0,0   5,6   5,4  20,2   13:51     Z
 3  12,5  15,5   13:55  10,0   23:25   5,8   0,0   9,9   6,4  18,7   16:35     Z
 4   9,3  11,2   14:01   6,9   23:55   8,9   0,0   1,0   2,4   9,4   01:24     Z
 5   6,7  10,6   16:07   3,7   23:37  11,6   0,0   0,5   1,1   7,9   12:47     Z
 6   6,7   9,7   14:46   4,2   00:00  11,6   0,0   0,0   1,7   8,6   22:59     Z
 7   7,4   9,8   15:44   4,7   02:25  10,9   0,0   1,8   5,0  15,8   10:08     Z
 8   9,9  14,2   14:14   7,8   00:04   8,4   0,0   0,0   5,2  13,7   10:56     Z
 9   9,9  14,9   14:58   7,1   08:03   8,3   0,0   0,5   2,9  11,2   13:48     Z
10   9,7  13,5   14:48   6,7   23:58   8,6   0,0   0,5   3,8  12,2   14:14     Z
11   9,0  14,1   14:02   5,3   03:45   9,3   0,0   0,5   2,5   8,6   11:31    ZW
12   9,9  13,3   14:05   6,4   23:37   8,4   0,0   0,5   2,0   8,6   14:00     Z
13   8,4  14,5   14:27   5,0   08:03   9,9   0,0   0,8   1,6   7,9   12:51   ZZW
14   9,9  13,1   14:03   6,8   00:50   8,4   0,0   5,3   2,5  12,2   10:39   ZZW
15   9,6  11,1   12:57   7,0   23:15   8,7   0,0   8,9   1,3   9,4   15:00   ZZW
16   8,3   9,4   14:03   7,2   00:00  10,0   0,0   7,6   0,7   5,0   22:00     Z
17   9,2  12,4   13:41   7,5   01:51   9,1   0,0   0,0   1,8  11,2   12:05   ZZW
18   8,1   9,2   15:36   6,7   02:04  10,2   0,0   0,0   2,2   8,3   10:54     N
19   8,1  10,2   13:04   5,0   22:08  10,2   0,0   0,0   0,8   6,1   01:31     N
20   6,4   9,4   13:29   4,2   08:22  11,9   0,0   0,0   1,2   7,2   11:58   NNW
21   5,4   9,4   14:16   2,4   08:12  12,9   0,0   0,5   1,5   9,4   13:26    NW
22   8,5  14,6   14:54   4,7   03:51   9,8   0,0   0,0   2,4  10,1   12:27     Z
23  11,4  15,3   14:16   8,2   08:20   6,9   0,0   0,8   2,5   9,7   23:37     Z
24   7,2  11,5   14:12   1,8   23:50  11,1   0,0   1,5   0,8   7,6   00:25    NW
25   4,5   9,7   13:41   0,1   05:18  13,8   0,0   0,0   1,7  10,1   20:46   NNW
26   5,6   7,0   14:40   3,8   02:58  12,7   0,0   0,5   2,5   8,6   12:00   WZW
27   7,8   9,4   14:03   6,7   00:00  10,5   0,0   1,0   2,0   8,6   09:27    ZW
28   7,3   9,8   14:24   4,5   23:57  11,0   0,0   0,0   2,9  10,4   19:29   WNW
29   3,8   7,0   13:54   2,1   07:32  14,5   0,0   0,0   2,5  11,5   00:42    NW
30   3,4   3,9   12:14   2,8   23:55  14,9   0,0  10,2   1,8   8,6   23:23   WZW
----------------------------------------------------------------------------------
     8,5  20,6     1     0,1    25   295,1   0,3  57,9   2,5  20,2     2     ZZW

Max >=  27,0:  0
Max <=   0,0:  0
Min <=   0,0:  0
Min <= -18,0:  0
Max Rain: 10,2 on day 30
Days of Rain: 19 (>= 0,2 mm)  6 (>= 2,0 mm)  0 (>= 20,0 mm)
Heat Base: 18,3  Cool Base: 18,3  Method: Integration