NOAA-Style Climate Reports


Report for 2014 december
                   Monthly Climatological Summary for dec 2014

Name: Weerstation Tilburg-Reeshof   City: Tilburg   State: Noord Brabant
Elevation: 7 m  Lat: N 51° 34' 46"   Lon: E 005° 00' 37"

                  Temperature (°C), Rain (mm), Wind Speed (km/h)

                                      Heat  Cool        Avg
    Mean                              Deg   Deg         Wind                 Dom
Day Temp  High   Time   Low    Time   Days  Days  Rain  Speed High   Time    Dir
----------------------------------------------------------------------------------
 1   2,4   2,8   00:00   1,9   09:54  15,9   0,0   0,0   4,0  11,5   01:40     N
 2   1,5   2,1   00:05   0,8   09:12  16,8   0,0   0,0   3,9  11,9   18:36     N
 3   0,0   1,6   00:15  -1,9   22:48  18,3   0,0   0,0   5,0  14,8   08:42     N
 4   0,0   1,6   14:18  -1,9   00:00  18,3   0,0   0,5   2,0   8,6   09:53     N
 5   3,4   5,1   22:08   1,6   00:00  14,9   0,0   1,5   2,5   8,6   11:56   ZZW
 6   4,7   8,9   14:30   0,0   23:49  13,6   0,0   0,0   1,0   9,0   12:30   NNW
 7   2,8   5,6   20:30  -0,2   07:01  15,5   0,0   3,3   4,5  16,9   13:51     Z
 8   2,7   5,7   12:38   0,7   09:06  15,6   0,0   3,3   4,0  14,8   12:35   ZZW
 9   2,6   4,1   19:36  -0,6   08:38  15,7   0,0   1,0   3,3  15,5   22:28     Z
10   5,9   9,2   13:20   3,3   23:15  12,4   0,0   4,6   6,8  21,6   05:29     Z
11   5,8   7,2   11:27   3,4   00:00  12,5   0,0   9,4   8,1  26,6   13:43   ZZW
12   7,8   9,5   13:36   5,3   23:52  10,5   0,0  15,2   9,6  32,8   08:03   ZZW
13   4,4   5,9   13:27   3,4   21:36  13,9   0,0   0,0   2,8   8,3   20:01   ZZW
14   1,9   4,9   15:08   0,1   04:50  16,4   0,0   0,0   3,8  15,8   23:40     Z
15   4,9   6,9   14:06   2,4   00:00  13,4   0,0   3,3   5,9  16,9   06:18     Z
16   5,6   8,2   14:27   3,1   21:44  12,7   0,0   1,8   3,1  11,2   14:30   ZZW
17   7,1  10,3   23:15   3,4   00:36  11,2   0,0   2,8   4,8  19,1   08:36   ZZW
18  11,4  12,8   16:05  10,0   03:06   6,9   0,0   3,3   7,1  23,8   22:51   ZZW
19   9,3  12,3   04:46   6,2   19:09   9,0   0,0  10,4   6,8  21,2   06:54   ZZW
20   7,0   9,2   13:44   5,4   01:39  11,3   0,0   0,0   5,5  15,8   04:32   ZZW
21   6,5   8,9   23:23   3,7   07:48  11,8   0,0   0,5   6,3  19,8   22:01     Z
22  10,4  12,5   15:44   8,4   00:51   7,9   0,0   0,0  11,2  23,8   03:09   ZZW
23  11,3  12,8   12:04  10,1   23:15   7,0   0,0   0,0   9,5  23,0   10:49     Z
24   8,0  10,1   00:00   4,4   23:01  10,3   0,0   2,0   7,1  24,1   09:07   ZZW
25   4,8   8,1   12:13   1,1   23:54  13,5   0,0   3,8   3,2  14,4   16:59   ZZW
26   2,2   4,8   14:14   0,3   07:39  16,1   0,0   0,8   2,3  11,9   22:17     Z
27   0,0   2,7   01:26  -0,9   23:54  18,3   0,0  10,4   6,2  17,6   17:00   NNW
28  -2,9  -0,1   14:27  -4,8   20:09  21,2   0,0   0,0   5,0  16,9   01:06     N
29   0,8   4,6   13:24  -1,9   00:00  17,5   0,0   6,1   1,7  11,2   02:54   ZZW
30   1,9   4,5   13:51   0,2   00:00  16,4   0,0   9,4   1,3   6,8   12:04   ZZW
31   2,1   6,1   14:37  -0,4   23:30  16,2   0,0   1,0   2,3   7,6   14:50     Z
----------------------------------------------------------------------------------
     4,4  12,8    18    -4,8    28   431,0   0,0  94,4   4,9  32,8    12     ZZW

Max >=  27,0:  0
Max <=   0,0:  1
Min <=   0,0:  9
Min <= -18,0:  0
Max Rain: 15,2 on day 12
Days of Rain: 21 (>= 0,2 mm)  14 (>= 2,0 mm)  0 (>= 20,0 mm)
Heat Base: 18,3  Cool Base: 18,3  Method: Integration