NOAA-Style Climate Reports


Report for 2015 januari
                   Monthly Climatological Summary for jan 2015

Name: Weerstation Tilburg-Reeshof   City: Tilburg   State: Noord Brabant
Elevation: 7 m  Lat: N 51° 34' 46"   Lon: E 005° 00' 37"

                  Temperature (°C), Rain (mm), Wind Speed (km/h)

                                      Heat  Cool        Avg
    Mean                              Deg   Deg         Wind                 Dom
Day Temp  High   Time   Low    Time   Days  Days  Rain  Speed High   Time    Dir
----------------------------------------------------------------------------------
 1   1,4   4,4   13:49  -1,1   06:18  16,7   0,0   0,0   6,6  22,7   22:37     Z
 2   5,7   9,3   14:36   3,1   23:58  12,6   0,0   2,3   6,5  20,2   00:02   ZZW
 3   2,1   3,2   00:00   0,8   20:00  16,2   0,0   6,6   2,9  13,3   11:49   ZZW
 4   1,6   5,6   15:08  -1,1   07:37  16,7   0,0   0,5   1,2   6,1   22:03   ZZW
 5   0,6   2,7   21:06  -1,7   08:39  17,7   0,0   0,0   3,4  12,2   10:36     Z
 6   1,2   4,0   23:45  -1,3   09:03  17,1   0,0   1,0   4,0  14,0   20:53     Z
 7   3,3   6,8   14:31   0,9   09:39  15,0   0,0   0,0   4,9  16,6   22:50     Z
 8   5,4   8,2   14:52   2,9   00:16  12,9   0,0  24,4   6,4  18,4   04:48   ZZW
 9   8,6  13,3   23:37   4,1   00:25   9,7   0,0  13,0   9,6  28,4   07:05   ZZW
10  10,3  13,4   00:02   4,2   23:57   8,0   0,0   3,6   9,3  32,8   08:56   ZZW
11   5,4   7,2   13:50   3,3   05:29  12,9   0,0   0,0   6,1  24,8   13:32   ZZW
12   7,8  10,0   23:43   5,6   07:19  10,5   0,0   1,0  11,4  25,9   11:47   ZZW
13   8,5  10,5   09:24   5,5   23:59   9,8   0,0   8,6   9,9  25,9   03:50   ZZW
14   3,7   6,0   14:55   2,2   20:15  14,6   0,0   2,8   7,3  20,9   13:42   ZZW
15   7,5   9,8   13:50   4,0   00:00  10,8   0,0   5,6  10,8  30,2   09:38     Z
16   5,2   8,4   15:00   3,3   08:53  13,1   0,0   0,5   5,5  19,1   01:23     Z
17   2,0   5,8   14:21  -0,9   08:41  16,3   0,0   0,0   3,8  12,6   19:48     Z
18   2,3   3,6   15:47   1,1   07:32  16,0   0,0   9,4   3,6  14,8   03:31     Z
19   1,0   2,4   13:08   0,2   02:50  17,3   0,0   2,5   1,1   5,8   09:12     N
20   1,0   3,0   14:14  -0,7   23:58  17,3   0,0   0,0   1,4   6,5   16:17     Z
21  -0,4   2,0   14:21  -1,9   23:55  18,7   0,0   0,0   1,9   7,9   13:49     W
22  -1,6  -0,1   22:28  -3,0   05:09  19,9   0,0   0,0   3,9  12,6   13:53     N
23  -2,3  -0,1   00:05  -3,6   05:31  20,6   0,0   0,0   2,7  11,5   22:20   ZZW
24   0,9   5,7   15:11  -2,0   00:00  17,4   0,0   2,8   3,4  15,5   03:28   ZZW
25   2,2   4,6   16:06  -1,4   00:42  16,1   0,0   0,0   2,4   9,0   22:46   ZZW
26   5,1   7,7   14:12   3,4   01:37  13,2   0,0   1,3   3,4   9,7   15:31   ZZW
27   3,4   6,9   14:32   0,8   04:15  14,9   0,0   0,0   1,6   7,6   13:56    ZW
28   4,6   6,3   16:25   2,3   00:00  13,7   0,0   8,4   7,1  25,6   12:30   ZZW
29   3,3   6,3   14:06   0,8   23:47  15,0   0,0   1,3   7,8  22,7   10:32   ZZW
30   1,5   3,1   15:15   0,3   07:59  16,8   0,0   0,0   3,0   9,7   22:32   ZZW
31   1,6   5,2   13:51  -0,4   23:42  16,7   0,0   2,5   2,9  10,4   00:32   ZZW
----------------------------------------------------------------------------------
     3,3  13,4    10    -3,6    23   464,2   0,0  98,1   5,0  32,8    10     ZZW

Max >=  27,0:  0
Max <=   0,0:  2
Min <=   0,0: 12
Min <= -18,0:  0
Max Rain: 24,4 on day 8
Days of Rain: 19 (>= 0,2 mm)  13 (>= 2,0 mm)  1 (>= 20,0 mm)
Heat Base: 18,3  Cool Base: 18,3  Method: Integration