NOAA-Style Climate Reports


Report for 2015 february
                   Monthly Climatological Summary for feb 2015

Name: Weerstation Tilburg-Reeshof   City: Tilburg   State: Noord Brabant
Elevation: 7 m  Lat: N 51° 34' 46"   Lon: E 005° 00' 37"

                  Temperature (°C), Rain (mm), Wind Speed (km/h)

                                      Heat  Cool        Avg
    Mean                              Deg   Deg         Wind                 Dom
Day Temp  High   Time   Low    Time   Days  Days  Rain  Speed High   Time    Dir
----------------------------------------------------------------------------------
 1   2,5   4,6   15:40  -0,4   00:00  15,8   0,0   1,5   2,4  14,0   10:56   ZZW
 2   1,6   4,1   14:04   0,4   22:23  16,7   0,0   4,3   2,7  10,8   13:55   ZZW
 3   1,5   5,6   15:30  -0,4   05:37  16,8   0,0   0,0   1,5   6,5   05:20    ZW
 4   0,8   6,3   16:10  -2,8   08:29  17,5   0,0   0,3   1,5  13,7   14:10     N
 5  -0,5   1,6   12:48  -2,9   03:25  18,8   0,0   0,0   3,8  16,2   12:31     N
 6   0,0   3,2   15:12  -1,9   04:46  18,3   0,0   0,0   8,4  22,3   10:36     N
 7   1,2   6,1   14:36  -3,0   06:53  17,1   0,0   0,0   2,0  12,2   03:20     N
 8   4,8   7,5   15:46   2,7   23:04  13,5   0,0   0,0   4,1  27,7   13:25     N
 9   5,1   7,2   12:50   2,8   04:40  13,2   0,0   0,0   1,6   6,1   12:44   WZW
10   5,9   7,4   13:28   5,0   08:13  12,4   0,0   0,0   1,7  10,1   09:51     N
11   4,7   6,5   14:00   0,6   22:40  13,6   0,0   0,0   1,7   9,4   11:09    ZW
12   2,8   7,3   15:53  -0,5   23:58  15,5   0,0   0,0   0,8   6,5   15:14    ZW
13   4,8  12,0   15:05  -0,7   00:43  13,5   0,0   0,0   4,3  14,8   16:30     Z
14   7,6  10,6   16:25   5,5   07:27  10,7   0,0   0,0   3,0  11,9   10:03    ZW
15   5,2   8,9   14:20   0,0   23:58  13,1   0,0   0,0   2,6  11,2   14:49     N
16   2,1   9,2   15:10  -2,5   07:47  16,2   0,0   0,0   1,8  10,8   13:07     Z
17   4,7   9,5   14:54  -0,6   23:53  13,6   0,0   0,0   2,0   9,7   14:56   WZW
18   1,0   5,6   15:39  -2,1   08:00  17,3   0,0   0,0   2,5  11,5   15:07     Z
19   3,1   7,0   13:38   0,2   03:06  15,2   0,0   0,0   6,2  19,4   12:29     Z
20   5,3   6,6   14:49   3,0   00:00  13,0   0,0  13,7   6,5  15,8   20:49     Z
21   4,1   7,2   14:52   1,1   23:57  14,2   0,0   4,3   3,1  14,4   00:41   ZZW
22   2,8   7,7   14:53  -0,6   03:47  15,5   0,0   1,8   4,6  23,0   21:50     Z
23   5,6  10,3   14:27   2,8   01:33  12,7   0,0   5,3   8,0  21,2   02:11     Z
24   5,5   9,1   15:51   3,5   02:36  12,8   0,0   1,3   6,9  20,5   06:16   ZZW
25   4,2   7,6   12:26   0,8   06:56  14,1   0,0   3,3   3,5  12,2   11:37     Z
26   7,0   9,8   13:31   4,4   08:27  11,3   0,0   5,8   4,6  18,4   17:22     Z
27   5,6   8,8   14:24   0,5   23:57  12,7   0,0   0,0   3,1  11,2   13:07   NNW
28   4,7  10,8   16:09  -0,6   06:32  13,6   0,0   0,0   6,5  23,4   20:17     Z
----------------------------------------------------------------------------------
     3,7  12,0    13    -3,0     7   408,7   0,0  41,6   3,6  27,7     8     ZZW

Max >=  27,0:  0
Max <=   0,0:  0
Min <=   0,0: 14
Min <= -18,0:  0
Max Rain: 13,7 on day 20
Days of Rain: 10 (>= 0,2 mm)  6 (>= 2,0 mm)  0 (>= 20,0 mm)
Heat Base: 18,3  Cool Base: 18,3  Method: Integration