NOAA-Style Climate Reports


Report for 2015 maart
                   Monthly Climatological Summary for mrt 2015

Name: Weerstation Tilburg-Reeshof   City: Tilburg   State: Noord Brabant
Elevation: 7 m  Lat: N 51° 34' 46"   Lon: E 005° 00' 37"

                  Temperature (°C), Rain (mm), Wind Speed (km/h)

                                      Heat  Cool        Avg
    Mean                              Deg   Deg         Wind                 Dom
Day Temp  High   Time   Low    Time   Days  Days  Rain  Speed High   Time    Dir
----------------------------------------------------------------------------------
 1   8,8  12,0   15:10   6,0   03:37   9,5   0,0   5,6   8,0  21,2   15:55   ZZW
 2   5,7   8,7   13:08   3,5   07:54  12,6   0,0   1,0   5,7  18,4   11:25   ZZW
 3   4,5   8,0   15:39   2,4   05:18  13,8   0,0   8,9   5,8  17,6   13:09   ZZW
 4   4,6   7,7   15:51   1,7   07:05  13,7   0,0   0,0   4,1  13,7   09:40    ZW
 5   5,0  10,5   14:39  -0,4   07:24  13,3   0,0   0,0   1,5  10,8   13:35    ZW
 6   6,5  10,1   16:17   4,2   00:00  11,8   0,0   0,0   3,2  14,4   13:01   ZZW
 7   8,2  15,1   15:19   3,5   06:23  10,1   0,0   0,0   5,9  18,4   14:45     Z
 8   9,8  18,4   16:01   4,4   07:33   8,5   0,0   0,0   4,1  13,7   14:57   ZZW
 9   9,7  13,7   15:12   7,4   05:38   8,6   0,0   0,0   2,7  10,8   03:33   ZZW
10   9,4  12,8   14:40   3,3   23:59   8,9   0,0   0,0   2,7  15,8   14:25   NNW
11   5,1  12,2   16:00  -0,2   04:47  13,2   0,0   0,0   1,3  11,2   13:53    ZW
12   6,9  14,6   16:10   0,7   06:59  11,4   0,0   0,0   2,2  11,5   14:55     W
13   5,9  10,6   16:06   2,0   06:50  12,4   0,0   0,0   3,4  13,7   14:26   NNW
14   4,2   7,6   14:15   1,2   06:56  14,1   0,0   0,0   5,2  15,1   11:30     N
15   6,3   9,4   15:04   4,8   00:54  12,0   0,0   0,5   5,1  14,8   00:07     N
16   7,6  15,3   15:53   2,2   07:01  10,7   0,0   0,0   2,0   8,3   15:44   NNW
17   9,1  18,9   15:44   0,7   07:18   9,3   0,0   0,0   1,3  11,2   13:08     N
18   6,8   9,8   15:14   4,1   05:13  11,5   0,0   0,0   2,4  11,5   15:46     N
19   7,0  10,8   17:13   5,4   06:30  11,3   0,0   0,0   1,9  10,8   06:03     N
20   4,5   7,2   16:29   2,2   03:12  13,8   0,0   0,0   1,5   8,6   14:15   NNW
21   6,8  10,4   15:37   4,0   02:20  11,5   0,0   1,3   5,2  22,0   21:37   NNW
22   5,6   9,2   15:23   1,1   23:59  12,7   0,0   0,0   4,2  17,6   05:43     N
23   4,6  12,7   16:08  -1,9   06:29  13,7   0,0   0,0   1,3  11,9   12:53    ZW
24   6,1  13,1   15:52  -0,4   04:36  12,2   0,0   1,0   1,7  11,9   11:27    ZW
25   6,5   7,9   15:15   5,4   06:29  11,8   0,0  11,7   1,6   7,9   04:56   NNW
26   5,3   8,1   13:46   1,3   07:06  13,0   0,0   4,3   4,4  17,3   14:04     Z
27   7,2  10,9   13:46   1,8   23:51  11,1   0,0   0,0   2,9  11,9   11:16   WZW
28   7,4  11,8   21:33   1,1   01:30  10,9   0,0   3,3   7,2  19,1   15:18   ZZW
29  10,2  11,8   18:55   8,0   23:40   7,8   0,0  20,8   8,9  29,9   18:37   ZZW
30   8,1  10,9   17:33   6,4   23:51  10,2   0,0   2,3   5,5  19,4   21:50   WZW
31   9,7  12,0   17:54   5,5   21:15   8,6   0,0  14,2   9,0  26,3   03:26    ZW
----------------------------------------------------------------------------------
     6,9  18,9    17    -1,9    23   354,0   0,0  74,9   5,0  29,9    29      ZW

Max >=  27,0:  0
Max <=   0,0:  0
Min <=   0,0:  4
Min <= -18,0:  0
Max Rain: 20,8 on day 29
Days of Rain: 12 (>= 0,2 mm)  8 (>= 2,0 mm)  1 (>= 20,0 mm)
Heat Base: 18,3  Cool Base: 18,3  Method: Integration