NOAA-Style Climate Reports


Report for 2015 april
                   Monthly Climatological Summary for apr 2015

Name: Weerstation Tilburg-Reeshof   City: Tilburg   State: Noord Brabant
Elevation: 7 m  Lat: N 51° 34' 46"   Lon: E 005° 00' 37"

                  Temperature (°C), Rain (mm), Wind Speed (km/h)

                                      Heat  Cool        Avg
    Mean                              Deg   Deg         Wind                 Dom
Day Temp  High   Time   Low    Time   Days  Days  Rain  Speed High   Time    Dir
----------------------------------------------------------------------------------
 1   7,6  10,7   17:23   5,4   07:16  10,7   0,0   0,0   6,3  16,9   21:47    ZW
 2   7,0  10,1   15:55   4,2   23:36  11,3   0,0   7,9   4,8  18,4   13:34   NNW
 3   6,7  12,0   15:18   1,3   04:40  11,6   0,0   0,0   2,3  10,1   15:50   ZZW
 4   6,6  10,5   16:13   3,5   10:18  11,7   0,0   2,5   4,5  19,4   19:10     N
 5   6,5  13,9   17:25   1,1   07:27  11,9   0,0   0,0   2,5  13,3   18:27     N
 6   7,4  14,2   17:55   2,0   02:56  10,9   0,0   0,0   1,1   7,6   17:27     W
 7   8,6  15,1   17:19   2,0   06:29   9,7   0,0   0,0   1,7   9,7   13:27    ZW
 8   8,9  15,9   16:53   3,1   05:48   9,4   0,0   0,0   1,2   9,7   14:50   NNW
 9  12,0  21,4   17:55   4,4   05:47   6,7   0,4   0,0   1,5   9,4   15:26    ZW
10  13,9  24,9   17:06   5,0   07:07   5,6   1,3   0,0   1,3  10,1   15:20   ZZW
11  11,3  14,6   14:15   5,2   23:38   7,0   0,0   2,3   4,6  19,8   16:47   ZZW
12  10,8  18,7   17:10   4,2   06:55   7,5   0,0   0,0   6,1  22,3   18:20   ZZW
13  10,6  16,0   16:48   5,2   07:19   7,7   0,0   0,0   2,3  14,4   00:28   WNW
14  14,1  23,2   18:04   6,4   01:49   5,2   1,0   0,0   3,9  14,0   15:25   ZZW
15  16,5  25,9   17:12   9,3   05:43   3,8   2,0   0,0   3,1  14,0   16:51    ZW
16  12,3  18,6   16:20   7,7   07:14   6,0   0,0   0,0   5,1  16,6   18:01     N
17  10,1  15,6   16:34   5,9   06:59   8,2   0,0   0,0   6,5  18,4   21:30     N
18  10,2  17,7   17:39   4,0   05:55   8,1   0,0   0,0   5,6  20,5   12:24     N
19  10,0  18,8   17:29   3,1   07:01   8,3   0,0   0,0   3,1  14,0   19:21     N
20  13,0  21,6   17:12   5,9   06:25   5,7   0,5   0,0   4,2  16,2   17:05     N
21  12,8  21,2   16:04   6,0   06:33   6,0   0,4   0,0   4,0  18,7   21:27     N
22  10,1  15,9   17:40   5,0   06:17   8,2   0,0   0,0   4,6  21,2   11:14     N
23  10,7  18,4   18:09   4,2   06:21   7,6   0,0   0,0   2,6  15,1   15:07     N
24  14,1  24,3   17:08   4,6   06:03   5,5   1,3   0,0   2,6  14,4   15:53   ZZW
25  13,7  16,8   12:48  10,9   23:35   4,6   0,0   3,3   4,0  13,0   12:02   ZZW
26  13,1  17,2   14:26  10,0   23:46   5,2   0,0   4,3   3,0  13,7   09:16   WZW
27  10,5  15,2   15:57   5,9   23:58   7,8   0,0   0,0   6,3  19,8   09:19     N
28   7,6  13,4   17:28   0,9   06:03  10,7   0,0   0,8   2,8  12,6   10:05   ZZW
29   9,6  16,3   16:23   3,1   05:55   8,7   0,0   1,5   5,0  16,9   20:18     Z
30  10,5  16,0   17:11   6,4   06:37   7,8   0,0   2,0   3,7  13,7   15:04   ZZW
----------------------------------------------------------------------------------
    10,6  25,9    15     0,9    28   239,1   6,9  24,6   3,7  22,3    12     WNW

Max >=  27,0:  0
Max <=   0,0:  0
Min <=   0,0:  0
Min <= -18,0:  0
Max Rain: 7,9 on day 2
Days of Rain: 8 (>= 0,2 mm)  6 (>= 2,0 mm)  0 (>= 20,0 mm)
Heat Base: 18,3  Cool Base: 18,3  Method: Integration