NOAA-Style Climate Reports


Report for 2015 mei
                   Monthly Climatological Summary for mei 2015

Name: Weerstation Tilburg-Reeshof   City: Tilburg   State: Noord Brabant
Elevation: 7 m  Lat: N 51° 34' 46"   Lon: E 005° 00' 37"

                  Temperature (°C), Rain (mm), Wind Speed (km/h)

                                      Heat  Cool        Avg
    Mean                              Deg   Deg         Wind                 Dom
Day Temp  High   Time   Low    Time   Days  Days  Rain  Speed High   Time    Dir
----------------------------------------------------------------------------------
 1   9,7  17,3   17:13   2,6   05:44   8,6   0,0   0,0   3,1  15,1   14:47     N
 2  12,0  19,5   17:26   4,2   06:47   6,3   0,1   0,0   2,6  12,2   18:48   NNW
 3  14,4  17,4   19:43  10,7   07:13   3,9   0,0   4,6   3,6  14,8   18:00   ZZW
 4  16,7  23,6   18:30  11,6   02:58   2,7   1,1   1,5   4,2  15,1   14:20   ZZW
 5  16,7  23,4   12:49  11,6   23:39   2,0   0,4  13,7   6,8  23,4   13:17   ZZW
 6  12,9  17,3   13:34   9,1   06:06   5,4   0,0   2,8   7,0  32,4   15:54   ZZW
 7  12,4  16,4   13:01  10,0   07:35   5,9   0,0   1,3   5,1  16,6   02:22   ZZW
 8  15,7  23,4   18:39   9,4   02:33   3,5   0,9   0,0   1,3  10,4   15:22     W
 9  15,4  18,6   14:05  12,8   23:53   3,0   0,0   1,0   6,1  20,5   12:43   ZZW
10  15,2  24,2   17:46   7,1   06:07   4,3   1,2   0,0   2,3  13,7   15:27   ZZW
11  19,4  29,2   16:57  11,8   04:09   2,2   3,3   0,0   3,2  13,3   14:06   ZZW
12  16,4  19,6   17:26  12,0   23:55   2,1   0,2   0,0   2,7  13,3   16:56    ZW
13  14,0  21,1   15:30   7,6   06:04   4,8   0,4   0,0   3,3  19,4   18:49   WNW
14  12,9  19,8   16:44   7,6   03:07   5,4   0,1   0,0   3,0  14,0   15:28     N
15  13,0  18,7   18:14   8,1   07:12   5,3   0,0   0,0   5,3  18,0   01:07     N
16  11,1  17,0   17:46   7,1   03:25   7,2   0,0   1,5   3,0  11,5   08:36   ZZW
17  13,3  20,2   16:11   8,1   02:16   5,2   0,2   0,0   2,2  14,0   15:54    ZW
18  12,3  17,6   14:39   7,4   04:49   6,0   0,0   1,3   5,2  18,0   14:35   ZZW
19  11,5  17,2   18:16   8,1   06:24   6,8   0,0   3,3   6,7  17,6   12:20   ZZW
20  11,2  17,5   18:57   6,0   04:54   7,0   0,0   2,0   3,1  11,5   11:29    ZW
21  13,1  20,6   16:15   5,1   05:55   5,5   0,3   0,0   2,1  12,2   14:48    ZW
22  16,3  22,8   15:38  11,3   05:30   2,9   1,0   0,0   2,7  10,8   15:01   ZZW
23  15,0  19,2   16:33  11,2   23:59   3,3   0,1   0,8   3,1  16,2   18:28     N
24  15,0  24,6   17:28   7,3   05:46   4,5   1,1   0,0   2,6  10,4   00:41    NW
25  14,4  18,4   14:02  11,1   23:33   3,9   0,0   0,5   3,0  12,6   11:47     N
26  13,8  18,9   16:41   8,5   06:34   4,6   0,0   0,0   2,6  14,4   14:18     N
27  15,4  22,6   18:19   7,7   05:53   3,8   0,9   0,0   2,5  12,2   13:03   ZZW
28  15,3  19,8   17:08  11,3   23:59   3,1   0,1   0,0   4,2  15,8   12:22   ZZW
29  12,6  18,3   14:36   9,1   23:59   5,7   0,0   3,3   5,2  22,3   16:28   ZZW
30  12,4  18,9   18:30   7,6   06:11   5,9   0,0   2,0   3,2  17,6   10:05   ZZW
31  13,5  17,5   12:03   9,2   01:15   4,8   0,0  12,7   5,5  18,4   11:10   ZZW
----------------------------------------------------------------------------------
    14,0  29,2    11     2,6     1   145,6  11,4  52,3   3,8  32,4     6      ZW

Max >=  27,0:  1
Max <=   0,0:  0
Min <=   0,0:  0
Min <= -18,0:  0
Max Rain: 13,7 on day 5
Days of Rain: 15 (>= 0,2 mm)  8 (>= 2,0 mm)  0 (>= 20,0 mm)
Heat Base: 18,3  Cool Base: 18,3  Method: Integration