NOAA-Style Climate Reports


Report for 2015 juni
                   Monthly Climatological Summary for jun 2015

Name: Weerstation Tilburg-Reeshof   City: Tilburg   State: Noord Brabant
Elevation: 7 m  Lat: N 51° 34' 46"   Lon: E 005° 00' 37"

                  Temperature (°C), Rain (mm), Wind Speed (km/h)

                                      Heat  Cool        Avg
    Mean                              Deg   Deg         Wind                 Dom
Day Temp  High   Time   Low    Time   Days  Days  Rain  Speed High   Time    Dir
----------------------------------------------------------------------------------
 1  14,0  19,3   15:21   8,9   06:09   4,4   0,1   0,0   3,2  11,2   12:50   ZZW
 2  15,3  18,8   18:42  12,2   09:01   3,1   0,0   1,8   8,9  24,1   13:23   ZZW
 3  15,9  20,4   19:16  11,8   23:53   2,6   0,2   0,0   4,1  18,4   00:52   ZZW
 4  17,2  26,2   18:42   7,8   05:49   3,5   2,3   0,0   2,1  12,2   10:56   NNW
 5  23,2  36,5   17:13  14,8   05:46   0,8   5,7  23,6   3,3  18,7   19:37   ZZW
 6  17,9  22,6   17:32  13,6   23:55   1,3   1,0   0,5   2,9  11,5   12:53    ZW
 7  15,3  22,1   17:37   8,7   05:25   3,8   0,9   0,0   3,0  16,9   16:10     N
 8  14,0  20,4   16:56   8,9   04:21   4,4   0,2   0,0   6,4  21,6   19:57     N
 9  13,1  18,3   17:52   8,5   05:56   5,2   0,0   0,0   6,9  19,8   16:58     N
10  16,7  24,4   17:22   9,2   05:15   3,3   1,8   0,0   6,5  19,4   18:16     N
11  20,1  28,2   17:15  12,3   05:52   1,8   3,6   0,0   4,8  18,0   13:15     N
12  22,9  31,6   17:42  15,6   05:27   0,5   5,1   0,5   2,9  12,2   14:28    NW
13  20,2  25,2   17:22  16,4   10:25   0,3   2,2   0,0   4,9  16,9   16:17   ZZW
14  18,3  24,6   15:30  14,2   04:15   1,3   1,3   0,0   3,1  15,8   18:12     W
15  16,5  22,5   17:40  12,5   06:58   2,6   0,8   0,0   6,7  18,7   07:12     N
16  16,7  22,5   17:40  12,5   06:58   2,7   0,9   0,0   4,0  18,7   07:12     N
17  17,2  26,0   16:48   8,6   05:49   3,2   2,1   0,0   3,5  13,7   16:35   ZZW
18  16,4  19,2   00:00  13,2   23:44   1,9   0,0   4,6   3,0  11,2   17:43   WNW
19  13,7  16,4   14:45  11,5   05:38   4,6   0,0   1,0   2,3   7,2   09:38    ZW
20  14,3  18,1   16:58  10,8   03:47   4,0   0,0   2,8   1,5  10,1   17:01   WNW
21  16,4  21,4   17:44  13,4   05:37   2,3   0,5   1,5   3,2  15,8   15:29   ZZW
22  13,3  16,2   16:20  10,4   23:20   5,0   0,0  21,6   3,2  11,5   10:43   ZZW
23  13,1  16,5   14:54  10,2   00:44   5,2   0,0   2,5   2,5  10,1   16:26   WZW
24  17,2  24,9   16:40  12,3   04:59   2,5   1,5   0,0   2,3  12,2   16:31   ZZW
25  19,6  26,9   15:40  13,0   06:07   1,5   2,8   0,0   1,9  12,2   11:59    ZW
26  21,6  28,0   18:55  14,7   05:13   0,9   4,2   0,0   1,8  11,5   19:04   ZZW
27  20,5  24,9   16:57  16,4   23:54   0,2   2,3   0,0   2,9  11,2   14:51   WZW
28  19,4  26,4   16:50  11,6   05:02   1,8   2,9   0,0   2,2  10,8   17:40   ZZW
29  20,8  26,8   16:46  15,0   05:20   0,5   3,0   0,0   1,9  10,1   13:25    ZW
30  22,7  31,8   17:29  13,4   05:32   1,1   5,6   0,0   2,0  11,2   17:10    NW
----------------------------------------------------------------------------------
    17,5  36,5     5     7,8     4    76,3  51,0  60,4   3,6  24,1     2       W

Max >=  27,0:  5
Max <=   0,0:  0
Min <=   0,0:  0
Min <= -18,0:  0
Max Rain: 23,6 on day 5
Days of Rain: 10 (>= 0,2 mm)  5 (>= 2,0 mm)  2 (>= 20,0 mm)
Heat Base: 18,3  Cool Base: 18,3  Method: Integration