NOAA-Style Climate Reports


Report for 2015 juli
                   Monthly Climatological Summary for jul 2015

Name: Weerstation Tilburg-Reeshof   City: Tilburg   State: Noord Brabant
Elevation: 7 m  Lat: N 51° 34' 46"   Lon: E 005° 00' 37"

                  Temperature (°C), Rain (mm), Wind Speed (km/h)

                                      Heat  Cool        Avg
    Mean                              Deg   Deg         Wind                 Dom
Day Temp  High   Time   Low    Time   Days  Days  Rain  Speed High   Time    Dir
----------------------------------------------------------------------------------
 1  28,0  37,8   17:14  18,3   05:54   0,0   9,7   0,0   2,8  11,5   14:49   WZW
 2  27,2  33,5   13:38  22,8   23:38   0,0   8,9   0,0   2,8  11,2   17:47   WZW
 3  26,3  33,3   17:57  19,2   06:20   0,0   8,0   0,0   2,7  12,6   13:54     N
 4  27,7  35,7   16:11  21,6   23:53   0,0   9,4   0,0   3,3  12,2   09:39   WZW
 5  22,6  30,6   13:20  18,6   05:09   0,0   4,3   0,0   2,6  13,3   15:08   WZW
 6  20,9  28,5   17:52  14,1   05:40   0,9   3,5   0,0   3,8  15,1   11:28   ZZW
 7  21,8  26,3   11:54  17,5   06:01   0,1   3,6   0,0   3,9  18,4   20:07   ZZW
 8  16,4  19,3   19:51  14,2   06:16   1,9   0,0  16,0   6,1  18,4   13:45   ZZW
 9  15,3  20,4   17:48  10,8   05:34   3,3   0,3   1,0   2,6  11,9   11:14   NNW
10  17,8  27,6   17:53   8,6   05:40   3,3   2,9   0,0   2,1  13,3   16:44    ZW
11  22,3  31,0   15:05  16,2   06:07   0,4   4,4   0,0   2,6  11,2   14:57    ZW
12  18,0  21,6   17:09  14,8   05:53   0,9   0,6   0,8   4,4  16,2   20:16   ZZW
13  17,6  19,8   14:10  16,6   23:43   0,8   0,1   4,3   4,5  11,2   12:39   ZZW
14  17,8  20,2   13:35  16,6   00:00   0,8   0,2  14,2   3,6  10,4   00:54   ZZW
15  18,8  21,6   14:53  16,5   05:46   0,5   1,0   2,3   2,8  11,9   14:22   ZZW
16  20,6  28,0   18:23  14,6   04:05   1,0   3,4   0,5   2,3  13,7   17:12     N
17  24,0  29,3   18:04  20,4   23:59   0,0   5,7   0,5   5,2  20,5   14:31   ZZW
18  20,0  25,8   17:39  15,0   05:51   0,7   2,3   1,3   3,5  13,0   13:37   ZZW
19  18,1  23,8   19:45  15,2   05:34   1,1   0,9   5,3   2,1  11,5   17:04    ZW
20  18,6  25,6   19:07  12,5   05:30   1,7   2,0   2,3   2,0   7,9   17:56   ZZW
21  22,3  27,4   16:25  18,7   07:45   0,0   4,0   0,0   4,5  14,8   06:07   ZZW
22  20,5  24,9   17:02  16,1   06:24   0,4   2,6   0,0   3,2  11,9   16:14   ZZW
23  19,2  25,3   17:55  13,4   06:11   1,1   2,1   0,0   2,5   8,6   01:02    ZW
24  20,4  26,5   14:55  16,2   06:09   0,5   2,6   0,0   2,5  10,4   19:11   NNW
25  15,8  19,0   00:00  12,4   23:59   2,5   0,0  12,7   4,9  18,0   11:34    ZW
26  14,9  23,7   14:22   9,0   05:36   4,1   0,7   3,3   3,8  14,0   14:42   ZZW
27  16,7  20,4   18:32  13,9   00:24   2,0   0,3   3,8   7,7  20,5   20:01   ZZW
28  16,9  20,2   12:44  14,1   06:51   1,7   0,3   0,0   7,7  17,6   10:33   ZZW
29  14,8  19,3   15:03  12,1   07:30   3,5   0,0   1,5   4,6  21,2   13:56   ZZW
30  14,7  19,6   14:40  11,7   23:56   3,6   0,0   2,8   2,3   9,4   20:56    ZW
31  15,1  23,6   17:11   7,0   06:27   4,4   1,2   0,0   2,1  11,9   17:33     N
----------------------------------------------------------------------------------
    19,7  37,8     1     7,0    31    41,2  85,0  72,6   3,6  21,2    29      ZW

Max >=  27,0: 11
Max <=   0,0:  0
Min <=   0,0:  0
Min <= -18,0:  0
Max Rain: 16,0 on day 8
Days of Rain: 16 (>= 0,2 mm)  10 (>= 2,0 mm)  0 (>= 20,0 mm)
Heat Base: 18,3  Cool Base: 18,3  Method: Integration