NOAA-Style Climate Reports


Report for 2015 augustus
                   Monthly Climatological Summary for aug 2015

Name: Weerstation Tilburg-Reeshof   City: Tilburg   State: Noord Brabant
Elevation: 7 m  Lat: N 51° 34' 46"   Lon: E 005° 00' 37"

                  Temperature (°C), Rain (mm), Wind Speed (km/h)

                                      Heat  Cool        Avg
    Mean                              Deg   Deg         Wind                 Dom
Day Temp  High   Time   Low    Time   Days  Days  Rain  Speed High   Time    Dir
----------------------------------------------------------------------------------
 1  18,0  25,2   17:23  10,8   06:25   2,4   2,1   0,0   1,8  11,2   15:38     N
 2  19,9  29,3   17:20  10,6   06:14   2,3   3,9   0,0   1,7   9,0   17:59     W
 3  24,0  33,0   14:34  16,5   06:21   0,2   5,9   0,0   3,4  15,8   14:10    ZW
 4  19,5  23,5   18:29  15,2   23:57   0,2   1,4   3,8   3,0  13,0   03:19    ZW
 5  20,8  30,6   17:21  12,2   03:46   1,9   4,4   0,0   2,9  11,2   14:04   ZZW
 6  23,0  30,4   13:46  16,4   06:46   0,2   4,9   0,0   2,4  11,2   13:31    ZW
 7  22,4  31,2   17:29  15,6   05:37   0,5   4,6   0,0   2,2  14,0   15:30     N
 8  21,6  28,5   18:09  17,7   06:47   0,1   3,4   0,0   2,9  14,8   14:03     N
 9  20,1  26,2   13:21  14,0   06:11   1,1   3,0   0,0   1,4   7,6   01:17   NNW
10  21,7  30,2   16:06  16,9   06:03   0,2   3,6   0,0   1,4   7,9   17:28    ZW
11  21,1  27,3   17:07  16,1   06:29   0,4   3,2   0,0   1,8  10,1   20:47   NNW
12  22,2  28,0   17:35  18,7   06:31   0,0   3,9   0,0   5,2  15,5   17:39     N
13  23,1  32,1   16:59  16,0   06:26   0,4   5,2   7,4   4,5  20,5   21:14     N
14  21,9  27,7   15:13  19,3   01:23   0,0   3,6  20,8   2,8  14,8   00:47   ZZW
15  18,6  22,0   11:22  15,8   23:15   0,6   1,0   4,3   1,8   8,3   14:33     W
16  16,6  19,4   16:10  13,8   23:06   1,9   0,1   1,0   2,5  12,2   14:59     N
17  14,3  16,0   15:34  12,7   02:40   4,0   0,0  12,2   1,9   7,2   16:07     W
18  14,8  19,0   15:16  12,6   06:39   3,5   0,0   4,3   4,1  11,2   14:28   ZZW
19  18,1  25,0   15:01  13,3   04:57   2,0   1,8   0,0   2,3  11,2   14:46   ZZW
20  19,7  28,6   15:47  12,8   06:08   1,7   3,1   0,0   2,1  10,8   15:28   ZZW
21  21,1  29,2   17:11  14,8   04:03   1,0   3,8   0,0   1,5  10,1   12:18   ZZW
22  22,8  30,3   16:58  16,8   06:25   0,2   4,7   0,0   2,6  11,2   15:08   WZW
23  20,6  29,1   15:52  15,7   07:10   0,5   2,8  30,0   3,5  16,6   10:34     W
24  18,1  24,6   16:05  14,1   06:17   1,3   1,1   5,3   3,5  16,6   16:08   ZZW
25  16,6  21,4   16:12  14,8   05:12   2,1   0,4  16,0   6,3  16,9   11:34   ZZW
26  20,5  28,0   17:31  15,7   00:00   0,8   3,0   4,3   5,1  21,2   21:18     Z
27  16,1  18,7   00:00  13,8   23:35   2,3   0,0   9,9   4,0  15,8   03:47   ZZW
28  16,5  23,0   17:30  12,1   04:54   2,7   0,9   0,0   2,6  10,1   11:53   ZZW
29  18,4  27,4   17:31  10,7   07:07   2,6   2,7   0,0   1,6   8,6   18:12     W
30  21,4  28,5   16:01  15,5   07:56   0,6   3,7   6,6   3,0  13,7   23:12     N
31  21,9  30,8   14:57  18,0   07:29   0,0   3,6  10,9   2,9  14,4   16:41    ZW
----------------------------------------------------------------------------------
    19,9  33,0     3    10,6     2    37,7  85,8 136,8   2,9  21,2    26     WZW

Max >=  27,0: 19
Max <=   0,0:  0
Min <=   0,0:  0
Min <= -18,0:  0
Max Rain: 30,0 on day 23
Days of Rain: 14 (>= 0,2 mm)  13 (>= 2,0 mm)  2 (>= 20,0 mm)
Heat Base: 18,3  Cool Base: 18,3  Method: Integration