NOAA-Style Climate Reports


Report for 2015 september
                   Monthly Climatological Summary for sep 2015

Name: Weerstation Tilburg-Reeshof   City: Tilburg   State: Noord Brabant
Elevation: 7 m  Lat: N 51° 34' 46"   Lon: E 005° 00' 37"

                  Temperature (°C), Rain (mm), Wind Speed (km/h)

                                      Heat  Cool        Avg
    Mean                              Deg   Deg         Wind                 Dom
Day Temp  High   Time   Low    Time   Days  Days  Rain  Speed High   Time    Dir
----------------------------------------------------------------------------------
 1  17,4  21,1   17:38  13,0   23:59   1,3   0,4   0,8   2,5  17,3   13:38    NW
 2  14,4  20,8   17:05  10,1   05:08   4,1   0,2   8,1   1,6   7,9   08:27    ZW
 3  13,4  17,7   12:27   9,4   07:05   4,9   0,0   2,3   2,0  11,5   10:56   ZZW
 4  12,9  16,9   14:59   9,8   03:38   5,4   0,0  13,7   4,7  17,6   14:36   ZZW
 5  14,0  17,6   16:08  11,5   23:51   4,3   0,0   9,4   2,7  15,8   12:31   WZW
 6  13,1  17,8   17:17   9,2   06:55   5,2   0,0   0,5   2,1  12,2   14:58   WZW
 7  14,9  18,2   14:37  12,4   04:21   3,4   0,0   0,5   1,8   9,7   15:43   NNW
 8  15,8  19,9   15:12  12,9   05:55   2,7   0,2   0,0   2,3  11,2   11:15     N
 9  15,4  21,2   16:29  10,6   07:03   3,4   0,5   0,0   3,1  15,8   15:13     N
10  15,0  21,3   14:51   9,7   07:00   3,9   0,6   0,0   3,2  14,8   15:26     N
11  15,5  23,1   16:51   9,7   07:09   3,7   0,9   0,0   2,2  13,7   17:13   NNW
12  16,3  21,9   14:12  13,0   04:18   2,5   0,5  10,9   2,4  11,9   15:59   ZZW
13  16,3  21,1   16:17  11,7   08:09   2,4   0,4   4,1   2,4  10,1   16:05    ZW
14  15,3  20,5   13:53  11,2   23:47   3,3   0,3   3,8   4,3  18,4   16:53     Z
15  13,0  17,9   13:52   9,3   03:56   5,3   0,0   0,5   6,6  24,1   13:50     Z
16  15,3  19,8   13:33  11,8   00:04   3,2   0,2   7,6   3,7  14,0   23:41   ZZW
17  14,8  16,6   12:51  11,7   23:47   3,5   0,0  10,9   5,2  19,1   02:21   ZZW
18  13,8  19,4   15:13   9,8   06:48   4,5   0,1   2,3   3,5  15,8   14:22     Z
19  14,5  18,9   15:08  11,7   23:48   3,8   0,0   0,5   1,8  18,4   13:21     N
20  13,6  20,8   17:03   7,8   08:04   5,0   0,3   0,0   1,3  11,2   14:31   ZZW
21  13,4  19,8   15:29   8,1   07:27   5,0   0,1   3,3   3,2  14,4   12:51   ZZW
22  13,6  17,7   14:14  11,8   23:30   4,7   0,0  14,2   2,9  10,1   03:45   ZZW
23  12,9  15,3   12:47  10,3   23:54   5,4   0,0  17,3   2,3   8,6   13:06   ZZW
24  12,7  16,7   11:58  10,0   04:48   5,6   0,0   1,5   4,3  16,9   11:44   ZZW
25  13,1  18,1   15:08   9,5   06:00   5,2   0,0   0,0   1,9   9,4   09:30   ZZW
26  11,4  18,3   15:40   5,6   07:45   6,9   0,0   0,0   2,0  13,7   14:34     N
27  12,6  19,6   15:57   7,3   07:46   5,8   0,1   0,0   3,0  15,1   13:26     N
28  12,2  17,6   14:17   7,6   07:37   6,1   0,0   0,0   3,1  15,8   14:03     N
29  12,5  18,8   15:24   7,2   07:25   5,8   0,0   0,0   3,9  19,4   13:57     N
30  12,8  18,7   14:48   8,0   07:25   5,5   0,0   0,0   3,8  17,6   13:54     N
----------------------------------------------------------------------------------
    14,1  23,1    11     5,6    26   131,8   4,8 112,2   3,0  24,1    15      ZW

Max >=  27,0:  0
Max <=   0,0:  0
Min <=   0,0:  0
Min <= -18,0:  0
Max Rain: 17,3 on day 23
Days of Rain: 19 (>= 0,2 mm)  13 (>= 2,0 mm)  0 (>= 20,0 mm)
Heat Base: 18,3  Cool Base: 18,3  Method: Integration