NOAA-Style Climate Reports


Report for 2015 november
                   Monthly Climatological Summary for nov 2015

Name: Weerstation Tilburg-Reeshof   City: Tilburg   State: Noord Brabant
Elevation: 7 m  Lat: N 51° 34' 46"   Lon: E 005° 00' 37"

                  Temperature (°C), Rain (mm), Wind Speed (km/h)

                                      Heat  Cool        Avg
    Mean                              Deg   Deg         Wind                 Dom
Day Temp  High   Time   Low    Time   Days  Days  Rain  Speed High   Time    Dir
----------------------------------------------------------------------------------
 1   9,1  17,0   15:24   4,8   06:34   9,2   0,0   0,5   0,7   5,4   08:45     Z
 2   8,4  16,0   15:24   4,8   04:20   9,9   0,0   0,0   0,8   8,3   10:48   WZW
 3   9,6  17,2   14:39   3,8   07:18   8,7   0,0   0,0   1,0   7,2   14:27   ZZW
 4  12,7  17,1   14:28   8,5   06:19   5,6   0,0   0,0   3,4  15,1   13:08     Z
 5  13,3  15,9   15:07  10,6   02:45   5,0   0,0   2,8   3,3  10,1   08:34     Z
 6  15,5  17,8   14:32  13,8   00:00   2,8   0,0   1,8   5,4  14,0   14:08   ZZW
 7  16,7  19,0   14:39  14,4   08:01   1,6   0,0   5,8   4,7  20,5   19:32   ZZW
 8  13,7  16,8   23:38   9,7   06:31   4,6   0,0   0,5   3,2  15,5   23:28     Z
 9  14,5  17,2   00:45  13,5   19:04   3,8   0,0   1,8   7,2  20,2   21:42   ZZW
10  13,9  15,2   16:13  12,9   07:59   4,4   0,0   0,0   7,7  19,1   02:22   ZZW
11  12,5  14,3   14:03  11,3   04:45   5,8   0,0   3,8   5,9  14,0   19:54   ZZW
12  13,2  15,8   14:35  11,6   21:27   5,1   0,0   0,0   3,8  12,2   03:07     Z
13  11,6  13,9   14:25   7,8   22:41   6,7   0,0   2,3   6,1  18,4   15:52   ZZW
14   8,8  11,0   13:10   7,0   01:29   9,5   0,0   7,6   6,7  22,7   23:49   ZZW
15  13,9  15,7   11:19  10,7   00:00   4,4   0,0   9,4   9,5  24,5   10:20   ZZW
16  12,6  13,5   00:00  11,7   21:11   5,7   0,0   1,0   7,5  19,4   13:22   ZZW
17  13,9  15,6   20:41  11,7   01:08   4,4   0,0  10,4   8,7  34,6   22:23   ZZW
18  13,3  14,9   00:00  11,8   08:22   5,0   0,0   0,0   9,7  34,9   01:18   ZZW
19  11,3  13,6   02:25   8,4   19:58   7,0   0,0  10,9   6,5  24,8   05:59   ZZW
20   7,8   9,1   13:46   5,2   22:28  10,5   0,0   0,8   3,4  11,2   23:42   ZZW
21   4,3   5,7   01:57   3,2   06:45  14,0   0,0   2,8   4,4  15,5   11:09   ZZW
22   2,7   5,5   13:49   0,1   23:27  15,6   0,0   0,5   1,2  10,1   14:02   WNW
23   1,8   6,6   13:53  -2,4   08:12  16,5   0,0   0,0   1,8   9,4   21:52     Z
24   3,4   5,6   23:15   1,6   01:30  14,9   0,0   8,4   7,3  23,4   10:57     Z
25   5,3   6,8   12:55   3,6   19:28  13,0   0,0   6,9   2,0  10,1   00:53   ZZW
26   4,1   9,3   14:44   1,5   22:08  14,2   0,0   0,0   0,4   4,7   12:02     W
27   3,9   6,4   14:24   1,5   01:47  14,4   0,0   0,0   5,1  16,9   21:28     Z
28   6,3   8,2   14:00   4,3   00:04  12,0   0,0   5,1   7,1  25,2   23:26   ZZW
29  10,1  12,8   21:33   7,1   00:00   8,2   0,0   7,6  10,2  28,4   20:15   ZZW
30   9,8  13,3   23:07   7,2   10:04   8,5   0,0  17,5   6,8  25,9   18:05   ZZW
----------------------------------------------------------------------------------
     9,9  19,0     7    -2,4    23   251,0   0,0 108,2   5,1  34,9    18     ZZW

Max >=  27,0:  0
Max <=   0,0:  0
Min <=   0,0:  1
Min <= -18,0:  0
Max Rain: 17,5 on day 30
Days of Rain: 21 (>= 0,2 mm)  14 (>= 2,0 mm)  0 (>= 20,0 mm)
Heat Base: 18,3  Cool Base: 18,3  Method: Integration