NOAA-Style Climate Reports


Report for 2015 december
                   Monthly Climatological Summary for dec 2015

Name: Weerstation Tilburg-Reeshof   City: Tilburg   State: Noord Brabant
Elevation: 7 m  Lat: N 51° 34' 46"   Lon: E 005° 00' 37"

                  Temperature (°C), Rain (mm), Wind Speed (km/h)

                                      Heat  Cool        Avg
    Mean                              Deg   Deg         Wind                 Dom
Day Temp  High   Time   Low    Time   Days  Days  Rain  Speed High   Time    Dir
----------------------------------------------------------------------------------
 1  10,4  12,8   00:00   8,2   07:42   7,9   0,0   4,1   3,6  14,8   17:40   ZZW
 2  10,9  12,8   14:17   9,3   21:05   7,4   0,0   0,0   5,4  13,3   12:05   ZZW
 3   9,7  12,3   13:30   8,2   23:46   8,6   0,0   0,0   5,2  13,7   21:14     Z
 4   8,9  10,8   14:09   7,8   19:42   9,4   0,0   5,3   6,4  19,1   05:38     Z
 5   7,7   8,8   13:04   6,8   07:09  10,6   0,0   0,0   9,6  21,6   12:10     Z
 6  10,1  12,3   14:41   6,8   00:33   8,2   0,0   0,0  10,0  24,5   14:38     Z
 7  11,0  13,9   14:38   9,1   21:57   7,3   0,0   0,8   3,8  11,9   00:30     Z
 8   9,7  12,4   14:00   7,6   08:06   8,6   0,0   3,8   4,8  16,2   13:22     Z
 9   7,1   9,8   14:42   5,1   09:16  11,2   0,0   0,0   3,9  13,0   14:32     Z
10   5,3   8,3   14:11   4,0   08:47  13,0   0,0   0,0   7,1  18,4   12:12     Z
11   6,6   8,8   14:54   4,8   03:04  11,7   0,0   9,9   7,1  18,7   11:15   ZZW
12   7,0  11,4   21:04   3,6   05:43  11,3   0,0   0,5   5,9  26,6   21:48   ZZW
13   8,1  11,2   02:37   7,0   18:14  10,2   0,0   6,1   2,7  26,3   00:06   ZZW
14   7,2   9,2   13:49   4,8   23:39  11,1   0,0   0,0   1,9  10,1   12:47     Z
15   7,2   9,9   15:03   4,5   00:35  11,1   0,0   0,0   1,6   9,0   21:24   ZZW
16  11,3  12,7   19:29   9,5   02:20   6,9   0,0   4,8   5,1  17,6   19:04     Z
17  13,3  15,6   13:56  12,4   00:52   5,0   0,0   0,0   5,4  14,4   03:12     Z
18  12,0  13,2   00:52  10,6   23:24   6,3   0,0   0,0   4,5  13,7   02:03   ZZW
19  12,2  14,1   15:00  10,4   08:13   6,1   0,0   0,0   5,7  14,4   20:18     Z
20  11,8  13,6   14:25  10,2   09:05   6,5   0,0   0,0   5,7  15,5   21:34     Z
21  10,9  12,2   00:00   9,8   08:34   7,4   0,0   2,3   9,5  27,7   19:10   ZZW
22  12,7  13,9   13:37  10,9   01:54   5,6   0,0   2,3  10,6  24,5   09:51   ZZW
23  10,8  13,0   02:41   7,5   22:52   7,5   0,0   1,5   7,3  26,6   02:41     Z
24   9,9  13,5   14:40   6,6   03:48   8,4   0,0   1,0   7,1  23,0   16:46     Z
25   9,1  13,2   22:48   6,6   06:22   9,2   0,0   0,8   5,4  17,3   22:43     Z
26  12,6  14,5   14:57  10,4   22:07   5,7   0,0   0,0   8,1  18,4   00:06     Z
27  11,3  13,2   14:41   9,2   08:25   7,0   0,0   0,0   6,9  17,6   12:48     Z
28   8,6  12,0   14:21   6,0   08:49   9,7   0,0   0,0   2,8   9,4   10:44   ZZW
29   7,4  11,0   15:03   4,4   08:30  10,9   0,0   0,0   3,7  10,8   13:40     Z
30   7,1  10,4   14:06   4,8   07:44  11,2   0,0   0,0   5,4  16,9   21:42     Z
31   7,8  10,6   14:08   5,9   22:13  10,5   0,0   2,0   6,2  17,6   12:40     Z
----------------------------------------------------------------------------------
     9,5  15,6    17     3,6    12   271,5   0,0  45,2   5,8  27,7    21       Z

Max >=  27,0:  0
Max <=   0,0:  0
Min <=   0,0:  0
Min <= -18,0:  0
Max Rain: 9,9 on day 11
Days of Rain: 14 (>= 0,2 mm)  9 (>= 2,0 mm)  0 (>= 20,0 mm)
Heat Base: 18,3  Cool Base: 18,3  Method: Integration