NOAA-Style Climate Reports


Report for 2016 januari
                   Monthly Climatological Summary for jan 2016

Name: Weerstation Tilburg-Reeshof   City: Tilburg   State: Noord Brabant
Elevation: 7 m  Lat: N 51° 34' 46"   Lon: E 005° 00' 37"

                  Temperature (°C), Rain (mm), Wind Speed (km/h)

                                      Heat  Cool        Avg
    Mean                              Deg   Deg         Wind                 Dom
Day Temp  High   Time   Low    Time   Days  Days  Rain  Speed High   Time    Dir
----------------------------------------------------------------------------------
 1   5,3   6,9   14:43   2,6   08:55  13,0   0,0   0,0   2,1  12,2   00:13   ZZW
 2   6,7   8,2   14:17   5,2   07:42  11,6   0,0   4,8   4,0  12,6   01:26   ZZW
 3   7,2   8,4   13:15   5,3   23:44  11,1   0,0   8,9   6,0  16,9   21:42   ZZW
 4   6,2   7,9   14:31   4,7   01:45  12,1   0,0   5,1   4,1  15,1   00:17     Z
 5   7,0   8,6   13:31   5,6   05:25  11,3   0,0   0,0   3,5  10,8   10:15     Z
 6   6,2   7,5   14:14   5,0   09:20  12,1   0,0   2,0   1,2   6,1   00:16    ZW
 7   5,8   7,7   17:57   4,6   01:17  12,5   0,0  12,2   5,4  18,7   22:36   ZZW
 8   4,7   8,4   15:22   2,2   23:47  13,6   0,0   0,0   5,1  16,9   00:25     Z
 9   5,8   8,5   14:58   2,2   00:00  12,5   0,0   0,0   5,0  15,5   22:42     Z
10   7,1  10,0   14:35   4,8   23:17  11,2   0,0   1,0   6,7  18,4   12:23     Z
11   4,8   6,8   15:25   2,6   06:07  13,5   0,0   5,1   4,3  14,0   23:24     Z
12   5,9   7,6   13:35   5,0   20:49  12,4   0,0   6,1   6,9  21,6   14:12   ZZW
13   5,2   6,6   11:42   1,9   23:46  13,1   0,0   7,1   3,7  13,0   01:24    ZW
14   3,6   6,0   15:11   1,9   00:00  14,7   0,0   7,6   7,4  21,2   16:18     Z
15   2,9   4,0   15:12   0,4   23:49  15,4   0,0   1,8   1,7  13,7   16:37   NNW
16   2,3   4,9   16:26  -0,8   01:40  16,0   0,0   1,0   2,8  13,7   11:45    NW
17  -0,2   3,0   15:25  -3,2   21:14  18,5   0,0   3,3   0,9   7,9   12:28   NNW
18  -3,0   0,1   14:24  -3,8   23:56  21,3   0,0   0,0   0,2   2,9   18:13    ZW
19  -2,8   1,4   16:02  -7,2   08:48  21,1   0,0   0,0   1,6   7,6   12:33   ZZW
20   1,1   3,3   15:00  -0,5   00:00  17,2   0,0   0,5   2,2   7,6   11:04   ZZW
21   0,2   2,7   14:18  -1,6   02:27  18,1   0,0   0,0   1,5   7,9   10:55   ZZW
22   0,7   4,9   23:59 -17,8   17:06  17,6   0,0   6,6   4,4  13,0   19:59     Z
23   4,6   8,2   17:03   3,3   08:50  12,0   0,0   0,0   3,6  10,4   23:40     Z
24   7,1   9,4   19:05   4,8   03:24  11,2   0,0   2,8   5,4  14,4   05:08     Z
25  10,5  15,2   15:01   7,4   02:53   7,8   0,0   0,0   4,6  15,1   18:08     Z
26   9,7  12,3   13:59   6,8   08:44   8,6   0,0   1,3   7,1  21,6   15:27   ZZW
27  11,0  12,3   14:37   9,7   00:00   7,3   0,0   6,3  11,2  23,8   10:54   ZZW
28   6,8  10,8   00:00   3,7   20:19  11,5   0,0   3,8   3,9  16,9   00:00   ZZW
29   8,1  10,3   13:45   4,0   00:00  10,2   0,0   0,0  10,8  23,0   18:36   ZZW
30   7,5  10,0   00:00   3,4   22:49  10,8   0,0  22,1   8,3  28,8   07:00   ZZW
31   6,5  12,0   22:47   3,6   00:00  11,8   0,0   4,8   5,2  14,8   21:34   ZZW
----------------------------------------------------------------------------------
     5,0  15,2    25   -17,8    22   411,1   0,0 114,2   4,5  28,8    30     ZZW

Max >=  27,0:  0
Max <=   0,0:  0
Min <=   0,0:  7
Min <= -18,0:  0
Max Rain: 22,1 on day 30
Days of Rain: 21 (>= 0,2 mm)  16 (>= 2,0 mm)  1 (>= 20,0 mm)
Heat Base: 18,3  Cool Base: 18,3  Method: Integration