NOAA-Style Climate Reports


Report for 2016 february
                   Monthly Climatological Summary for feb 2016

Name: Weerstation Tilburg-Reeshof   City: Tilburg   State: Noord Brabant
Elevation: 7 m  Lat: N 51° 34' 46"   Lon: E 005° 00' 37"

                  Temperature (°C), Rain (mm), Wind Speed (km/h)

                                      Heat  Cool        Avg
    Mean                              Deg   Deg         Wind                 Dom
Day Temp  High   Time   Low    Time   Days  Days  Rain  Speed High   Time    Dir
----------------------------------------------------------------------------------
 1  11,9  12,7   14:17  11,2   08:25   6,4   0,0   1,8  10,2  29,9   14:27   ZZW
 4   9,4  12,0   00:46   3,8   23:57   8,5   0,0   4,5   1,1  23,4   00:02   ZZW
 5   8,5  11,9   13:28   3,6   00:36   9,8   0,0   0,0   5,0  12,2   12:37     Z
 6  10,0  11,7   14:53   9,1   08:23   8,3   0,0   0,0   6,9  20,5   14:14     Z
 7   9,0  11,5   03:53   6,8   20:28   9,3   0,0   2,0   9,0  23,4   16:40     Z
 8   8,6  10,4   13:43   7,0   09:34   9,7   0,0  14,0  13,8  38,5   20:12   ZZW
 9   5,7   8,9   00:00   3,2   16:58  12,6   0,0  11,4   6,5  28,4   00:19   ZZW
10   5,0   7,8   14:09   3,2   00:34  13,3   0,0   7,6   4,8  15,1   04:06   ZZW
11   4,1   8,7   14:58   1,5   08:43  14,2   0,0   0,0   3,3  13,0   12:03   ZZW
12   3,8   8,0   16:18   0,6   23:55  14,5   0,0   0,8   2,2   9,4   11:40   ZZW
13   2,2   5,5   14:52  -0,8   08:28  16,1   0,0   0,5   2,4  12,2   21:02   NNW
14   1,9   3,5   00:00   0,9   20:53  16,4   0,0  10,4   3,4  12,2   00:06     N
15   3,1   7,1   15:48  -1,1   23:59  15,2   0,0   2,8   6,0  24,1   05:33     N
16   0,3   6,4   14:47  -4,0   07:39  18,0   0,0   0,0   0,9   7,9   16:10   WNW
17   0,1   5,8   16:14  -3,7   08:16  18,2   0,0   0,0   1,6   8,6   14:17   ZZW
18   2,6   5,8   13:51  -0,4   07:42  15,7   0,0   0,0   3,3  13,7   10:38     Z
19   4,1   9,4   15:23   1,1   04:25  14,2   0,0   2,8   3,8  14,8   23:37     Z
20   8,1  11,3   23:59   5,0   00:00  10,2   0,0   9,7   8,4  23,0   22:21   ZZW
21  11,7  12,9   16:07  11,1   11:13   6,5   0,0   0,8  10,5  25,2   14:11   ZZW
22   7,7  11,9   00:15   4,6   23:27  10,6   0,0  14,7   4,8  24,1   00:09   ZZW
23   4,9   7,6   11:38   1,8   23:57  13,4   0,0   7,9   2,3  15,1   16:35   WZW
24   2,7   7,2   14:49  -0,8   23:55  15,6   0,0   0,5   1,3  11,2   16:33     W
25   1,8   5,9   14:14  -1,6   05:57  16,5   0,0   0,3   1,5  11,5   14:32    ZW
26   3,3   7,2   13:04   0,6   00:00  15,0   0,0   0,0   1,3   6,8   14:29   ZZW
27   3,7   7,8   14:10   0,3   08:10  14,6   0,0   0,0   4,2  15,8   13:11     N
28   3,1   7,9   15:19  -0,6   07:27  15,2   0,0   0,0   7,4  21,6   15:58     N
29   3,1   8,2   16:00  -0,9   23:54  15,2   0,0   0,0   4,9  18,4   15:52     N
----------------------------------------------------------------------------------
     5,2  12,9    21    -4,0    16   353,2   0,0  92,5   4,9  38,5     8     ZZW

Max >=  27,0:  0
Max <=   0,0:  0
Min <=   0,0:  9
Min <= -18,0:  0
Max Rain: 14,7 on day 22
Days of Rain: 17 (>= 0,2 mm)  11 (>= 2,0 mm)  0 (>= 20,0 mm)
Heat Base: 18,3  Cool Base: 18,3  Method: Integration