NOAA-Style Climate Reports


Report for 2016 maart
                   Monthly Climatological Summary for mrt 2016

Name: Weerstation Tilburg-Reeshof   City: Tilburg   State: Noord Brabant
Elevation: 7 m  Lat: N 51° 34' 46"   Lon: E 005° 00' 37"

                  Temperature (°C), Rain (mm), Wind Speed (km/h)

                                      Heat  Cool        Avg
    Mean                              Deg   Deg         Wind                 Dom
Day Temp  High   Time   Low    Time   Days  Days  Rain  Speed High   Time    Dir
----------------------------------------------------------------------------------
 1   2,0   7,8   23:58  -3,4   04:19  16,3   0,0   6,1   5,4  17,3   20:30     Z
 2   6,2   8,8   13:36   3,3   22:57  12,1   0,0  10,4   6,2  19,4   13:45   ZZW
 3   4,6   9,9   15:23   1,2   23:49  13,7   0,0   1,3   2,2  14,4   13:41    NW
 4   3,0   6,3   16:25  -0,8   23:43  15,3   0,0  14,2   3,2  18,0   08:35   ZZW
 5   1,6   7,7   17:08  -2,9   05:54  16,7   0,0   0,5   0,5   5,4   16:00     Z
 6   4,2   8,6   14:41   2,4   00:05  14,1   0,0   0,0   1,4  10,1   17:39    NW
 7   3,5   9,1   16:10  -0,5   23:57  14,8   0,0   0,5   1,3   8,3   11:41   ZZW
 8   3,1   8,0   14:23  -1,3   05:48  15,2   0,0   0,0   2,3  12,2   12:06     Z
 9   5,9  10,9   14:33   3,0   00:00  12,4   0,0   0,0   6,1  21,6   13:45   ZZW
10   5,4  11,5   15:18  -0,5   07:35  12,9   0,0   0,0   2,4  11,2   18:18   NNW
11   5,6  10,9   13:07   1,5   07:24  12,7   0,0   0,0   2,9  13,3   13:15     N
12   4,4  12,3   15:43  -1,0   06:52  13,9   0,0   0,0   1,8  10,8   17:05   NNW
13   4,6  11,1   15:26  -0,5   06:58  13,7   0,0   0,0   4,7  15,5   13:15     N
14   4,8  11,4   16:48  -0,4   07:00  13,5   0,0   0,0   4,4  15,5   14:12     N
15   5,1   8,4   11:50   1,2   06:09  13,0   0,0   0,0   3,8  15,5   11:57     N
16   5,8   9,4   13:18   2,1   05:55  12,5   0,0   0,0   4,8  19,4   12:19     N
17   6,2  12,9   15:34   0,1   05:50  12,0   0,0   0,0   3,2  15,1   13:35     N
18   5,3   7,4   14:15   2,4   06:00  13,0   0,0   0,0   2,3  10,8   17:17     N
19   6,9   8,9   15:37   5,7   06:46  11,4   0,0   0,0   3,9  14,4   19:33     N
20   7,9  11,4   13:46   5,4   07:36  10,4   0,0   0,0   3,0  13,7   12:50     N
21   8,0  10,6   14:50   5,5   23:55  10,3   0,0   1,3   1,6   9,4   09:24    NW
22   8,0  12,7   12:51   3,8   06:39  10,3   0,0   0,0   2,4  15,1   15:13   NNW
23   8,3  11,4   13:26   5,6   02:44   9,9   0,0   0,0   2,8  14,4   12:40     N
24   8,5  10,8   14:38   6,9   07:12   9,8   0,0   0,5   3,3  14,8   14:39   ZZW
25   7,7  10,1   13:46   3,0   23:55  10,6   0,0   6,1   4,3  13,7   04:19   ZZW
26   9,3  17,1   16:45   1,7   01:48   9,0   0,0   0,5   6,2  22,0   14:28     Z
27  10,6  15,2   17:51   7,4   08:05   7,4   0,0   7,1   7,9  24,1   15:12   ZZW
28  10,2  13,8   15:04   7,7   07:39   8,1   0,0   3,3  10,4  26,3   10:40     Z
29   8,8  12,8   15:27   6,4   07:16   9,5   0,0   2,3   8,1  21,6   12:16   ZZW
30  10,0  13,8   15:42   7,5   07:38   8,3   0,0   2,3   4,9  20,5   13:48     Z
31   9,0  12,7   15:46   6,7   07:24   9,3   0,0   0,0   3,0  18,7   16:58     N
----------------------------------------------------------------------------------
     6,3  17,1    26    -3,4     1   372,1   0,0  56,4   3,9  26,3    28      ZW

Max >=  27,0:  0
Max <=   0,0:  0
Min <=   0,0:  9
Min <= -18,0:  0
Max Rain: 14,2 on day 4
Days of Rain: 14 (>= 0,2 mm)  8 (>= 2,0 mm)  0 (>= 20,0 mm)
Heat Base: 18,3  Cool Base: 18,3  Method: Integration