NOAA-Style Climate Reports


Report for 2016 april
                   Monthly Climatological Summary for apr 2016

Name: Weerstation Tilburg-Reeshof   City: Tilburg   State: Noord Brabant
Elevation: 7 m  Lat: N 51° 34' 46"   Lon: E 005° 00' 37"

                  Temperature (°C), Rain (mm), Wind Speed (km/h)

                                      Heat  Cool        Avg
    Mean                              Deg   Deg         Wind                 Dom
Day Temp  High   Time   Low    Time   Days  Days  Rain  Speed High   Time    Dir
----------------------------------------------------------------------------------
 1   9,1  17,0   16:32   2,9   07:42   9,2   0,0   0,0   2,8  10,8   17:51    NW
 2  11,8  15,6   15:42   8,6   07:23   6,5   0,0   0,0   2,2   8,6   13:51   ZZW
 3  16,9  24,4   17:50  12,6   07:17   2,5   1,1   2,5   3,5  12,2   12:50     Z
 4  14,4  18,4   16:38  11,2   23:26   3,9   0,0   1,3   4,1  15,8   13:51     Z
 5  11,9  15,2   18:10   9,2   23:22   6,4   0,0   1,0   1,9  14,8   15:52   ZZW
 6   9,7  12,6   16:09   6,4   21:58   8,6   0,0   4,3   7,3  21,6   15:31   ZZW
 7   7,4  11,7   14:29   4,4   06:32  10,9   0,0   2,8   5,6  19,1   12:59     Z
 8   9,1  15,4   16:43   4,9   06:13   9,2   0,0   0,5   1,6   6,8   18:11   ZZW
 9  10,7  19,1   17:27   3,4   07:34   7,6   0,0   0,8   3,5  16,6   15:03     Z
10  12,0  18,2   18:05   6,4   08:10   6,3   0,0   2,0   2,5  11,9   15:07    NW
11  15,3  23,5   16:28   8,8   07:29   4,0   1,0   1,8   3,9  14,4   16:09   WZW
12  13,0  20,0   15:54   8,2   06:56   5,4   0,1   0,5   2,9  11,2   16:58   ZZW
13  10,8  19,4   17:16   5,1   06:53   7,5   0,0   3,3   1,8  16,2   18:56   ZZW
14  12,1  22,1   18:05   3,9   06:57   6,7   0,5   0,0   2,5  12,2   15:22   ZZW
15  11,4  14,7   16:12   9,6   23:59   6,9   0,0  18,8   3,1  15,5   12:12   ZZW
16  10,1  12,8   12:38   6,5   23:20   8,2   0,0   0,5   5,1  16,9   08:30   ZZW
17   7,8  13,4   17:52   4,0   07:26  10,5   0,0   0,5   1,9  14,4   15:12   NNW
18   8,2  15,0   16:19   1,4   05:25  10,1   0,0   0,0   3,7  18,0   14:08   ZZW
19  11,3  16,4   17:37   6,8   23:50   7,0   0,0   0,0   3,7  17,3   15:09    NW
20   9,9  17,5   17:39   3,0   06:16   8,4   0,0   0,0   3,0  18,7   12:10     N
21  12,4  20,6   15:59   4,9   06:34   6,2   0,3   0,0   4,9  15,8   16:02     N
22  11,3  15,8   14:17   7,1   06:21   7,0   0,0   0,0   5,8  16,9   13:52     N
23   8,5  12,8   16:18   4,8   23:34   9,8   0,0   0,5   4,9  18,0   16:19     N
24   6,1  11,1   16:52   3,4   06:37  12,2   0,0   1,5   3,0  17,3   11:20   NNW
25   5,7  10,4   12:31   2,5   03:22  12,6   0,0   5,1   4,3  15,8   14:02   ZZW
26   5,0  10,4   16:32   2,0   02:57  13,3   0,0   7,1   4,6  13,7   16:35    ZW
27   6,4  10,0   15:37   4,0   00:33  11,9   0,0   7,1   3,6  12,2   04:53     W
28   6,2  11,0   17:58   0,8   06:56  12,1   0,0   4,1   2,8  15,8   14:34     Z
29   8,0  12,2   16:14   4,5   00:47  10,3   0,0   2,5   6,0  16,9   12:44     Z
30   9,5  14,2   17:51   6,0   06:31   8,8   0,0   0,0   3,1  15,8   17:54     N
----------------------------------------------------------------------------------
    10,1  24,4     3     0,8    28   250,0   3,0  68,5   3,7  21,6     6      ZW

Max >=  27,0:  0
Max <=   0,0:  0
Min <=   0,0:  0
Min <= -18,0:  0
Max Rain: 18,8 on day 15
Days of Rain: 21 (>= 0,2 mm)  11 (>= 2,0 mm)  0 (>= 20,0 mm)
Heat Base: 18,3  Cool Base: 18,3  Method: Integration