NOAA-Style Climate Reports


Report for 2016 mei
                   Monthly Climatological Summary for mei 2016

Name: Weerstation Tilburg-Reeshof   City: Tilburg   State: Noord Brabant
Elevation: 7 m  Lat: N 51° 34' 46"   Lon: E 005° 00' 37"

                  Temperature (°C), Rain (mm), Wind Speed (km/h)

                                      Heat  Cool        Avg
    Mean                              Deg   Deg         Wind                 Dom
Day Temp  High   Time   Low    Time   Days  Days  Rain  Speed High   Time    Dir
----------------------------------------------------------------------------------
 1   9,8  17,1   18:20   3,6   05:34   8,5   0,0   0,0   3,2  19,4   14:23     N
 2  12,4  21,0   16:25   3,4   06:06   6,2   0,3   0,0   2,8  12,2   15:25   ZZW
 3  12,4  16,9   17:28   7,2   23:57   5,9   0,0   1,8   3,0  10,1   02:57    NW
 4  11,5  20,4   18:58   3,1   05:58   6,9   0,1   0,0   1,8  12,6   13:04   WZW
 5  15,2  23,6   18:00   7,2   06:22   4,3   1,2   0,0   3,0  16,9   16:57    ZW
 6  19,0  28,0   17:27  11,3   06:17   2,4   3,1   0,0   3,0  14,8   16:21    ZW
 7  21,0  30,0   15:35  12,6   06:20   1,6   4,3   0,0   2,0  13,7   13:35    ZW
 8  22,4  29,8   18:29  15,5   06:47   0,5   4,6   0,0   3,0  14,8   12:59     W
 9  22,0  29,6   16:05  15,8   06:18   0,5   4,2   0,0   3,6  14,8   12:20   WNW
10  20,6  24,4   14:14  17,1   06:35   0,1   2,5   0,0   2,3  10,8   16:07   WZW
11  21,9  29,5   16:21  15,3   05:37   0,6   4,2   0,0   2,7  12,2   17:42   NNW
12  21,9  29,1   16:26  15,3   06:18   0,5   4,1   0,0   4,4  21,6   18:04     N
13  18,9  26,6   15:37  11,7   23:55   1,5   2,1   0,0   6,2  23,0   17:05     N
14  10,5  14,3   14:54   7,1   23:57   7,8   0,0   0,5   4,4  18,4   17:08     N
15   9,7  13,3   14:10   6,4   02:49   8,6   0,0   0,5   2,6  11,9   11:59    NW
16  10,4  15,7   18:09   4,6   05:09   7,9   0,0   0,0   1,5  11,2   15:44   WNW
17  14,4  19,9   15:23   9,5   03:25   4,1   0,2   0,0   2,8  10,8   10:23   ZZW
18  15,7  21,8   17:13   9,9   05:57   3,2   0,6   0,5   3,2  14,8   16:34     Z
19  15,6  22,3   17:28  11,1   06:06   3,3   0,5   3,3   2,2  10,1   16:01   ZZW
20  15,0  19,8   17:31  11,2   03:29   3,4   0,1   0,0   4,1  14,4   17:31   ZZW
21  19,2  27,6   17:18  12,8   03:20   1,7   2,7   0,0   4,4  13,7   10:33     Z
22  17,0  19,2   13:29  14,3   23:38   1,4   0,1  18,3   2,8  11,5   19:39    ZW
23  12,6  14,4   00:24  10,6   07:39   5,7   0,0  19,6   3,0  12,2   16:54   NNW
24  13,0  17,1   14:32  10,6   05:34   5,3   0,0   0,0   2,9  14,8   09:59     N
25  13,9  21,4   19:05  10,6   04:47   4,6   0,2   0,0   1,9   7,6   17:00   ZZW
26  15,6  24,5   17:11   8,4   05:29   3,6   1,0   0,0   3,0  15,5   14:08     N
27  17,8  23,1   15:01  13,8   06:02   1,7   1,2   0,0   4,0  14,0   15:03     N
28  18,9  24,9   16:06  12,9   06:19   1,5   2,1   0,0   2,8  14,0   18:50     N
29  17,1  20,2   11:52  14,5   18:36   1,4   0,3  15,0   3,4  13,0   13:14     N
30  15,4  16,3   00:00  13,6   18:41   2,9   0,0  69,3   3,9  18,7   13:29     N
31  17,9  21,4   18:25  15,3   06:28   0,9   0,5   0,0   2,5  14,8   00:28     N
----------------------------------------------------------------------------------
    16,1  30,0     7     3,1     4   108,5  40,2 128,8   3,1  23,0    13     WNW

Max >=  27,0:  7
Max <=   0,0:  0
Min <=   0,0:  0
Min <= -18,0:  0
Max Rain: 69,3 on day 30
Days of Rain: 9 (>= 0,2 mm)  5 (>= 2,0 mm)  1 (>= 20,0 mm)
Heat Base: 18,3  Cool Base: 18,3  Method: Integration