NOAA-Style Climate Reports


Report for 2016 juni
                   Monthly Climatological Summary for jun 2016

Name: Weerstation Tilburg-Reeshof   City: Tilburg   State: Noord Brabant
Elevation: 7 m  Lat: N 51° 34' 46"   Lon: E 005° 00' 37"

                  Temperature (°C), Rain (mm), Wind Speed (km/h)

                                      Heat  Cool        Avg
    Mean                              Deg   Deg         Wind                 Dom
Day Temp  High   Time   Low    Time   Days  Days  Rain  Speed High   Time    Dir
----------------------------------------------------------------------------------
 1  17,7  22,9   15:45  14,2   03:53   1,5   0,9   8,9   1,8  12,6   20:35   NNW
 2  16,2  20,7   14:50  13,3   19:08   2,2   0,1   0,0   4,9  16,9   15:52     N
 3  16,6  21,5   18:06  13,4   02:56   2,2   0,5   2,0   1,7   9,7   16:59     N
 4  19,0  26,8   16:07  14,1   05:06   1,6   2,4   0,0   1,7   7,9   17:09     W
 5  21,6  30,2   15:10  15,0   05:29   0,7   4,0   0,0   2,9  15,1   15:55     N
 6  21,1  28,7   15:24  13,6   06:31   1,2   4,0   0,0   3,6  16,6   14:59     N
 7  22,5  29,6   15:00  18,4   06:17   0,0   4,2   0,0   4,0  18,4   17:10     N
 8  19,1  24,2   14:56  15,2   23:53   0,6   1,5   0,0   3,2  17,3   20:11     N
 9  17,2  23,2   15:13  12,9   06:14   2,1   1,1   0,0   3,0  14,4   15:53     N
10  17,3  23,8   15:09  11,2   05:25   2,4   1,4   0,0   2,0  12,2   14:46     N
11  18,0  23,1   14:44  15,3   06:22   1,0   0,6   0,0   3,1  11,5   13:14     N
12  18,4  24,0   12:28  15,1   19:06   1,0   1,1  22,6   1,7  12,2   17:19   ZZW
13  16,6  19,6   12:40  15,2   05:27   1,8   0,1   8,1   2,8  11,2   15:12   ZZW
14  16,2  21,6   15:07  14,1   05:09   2,4   0,3   3,3   3,3  13,3   16:17   ZZW
15  15,9  20,3   13:53  12,6   04:41   2,5   0,1   7,9   2,1   9,0   14:24   ZZW
16  15,8  23,5   15:01  10,8   05:50   3,5   0,9   1,0   1,7   9,4   17:32   ZZW
17  16,2  22,0   14:04  13,6   05:41   2,4   0,3   7,1   1,4   9,4   14:48   WZW
18  14,9  18,2   12:03  12,5   19:17   3,4   0,0   3,8   2,3  11,5   10:46   WZW
19  15,9  20,7   15:14  11,8   06:09   2,8   0,3   0,8   2,0  11,5   13:08    ZW
20  15,7  18,0   14:01  13,7   17:51   2,6   0,0  13,0   4,8  15,5   14:12   ZZW
21  17,5  20,7   14:50  15,8   04:48   1,3   0,4   5,6   2,5   9,0   14:51   ZZW
22  21,4  28,7   20:19  14,4   06:19   1,1   4,2   0,5   2,7  11,9   11:05   ZZW
23  25,0  32,2   17:46  20,8   05:38   0,0   6,7   5,6   2,3  11,2   14:37     W
24  21,4  24,0   19:04  17,8   23:54   0,0   3,1   0,5   2,4   8,6   18:27    ZW
25  16,5  19,9   11:09  13,8   23:52   1,9   0,1   3,3   1,3  10,8   19:44    ZW
26  15,1  19,9   16:02  11,2   05:38   3,2   0,1   9,9   3,2  11,5   12:10   ZZW
27  15,5  18,9   20:17  13,4   03:51   2,8   0,0   6,6   3,3  12,2   09:07   ZZW
28  18,7  25,4   15:39  13,4   03:20   1,6   2,0   2,3   2,5  10,8   15:57   ZZW
29  16,8  22,9   14:57  13,7   06:01   2,1   0,6   9,4   4,8  16,9   15:33   ZZW
30  16,7  19,1   15:15  14,8   03:54   1,7   0,0   5,3   3,8  15,1   16:05   ZZW
----------------------------------------------------------------------------------
    17,9  32,2    23    10,8    16    53,6  41,0 127,5   2,8  18,4     7     WZW

Max >=  27,0:  5
Max <=   0,0:  0
Min <=   0,0:  0
Min <= -18,0:  0
Max Rain: 22,6 on day 12
Days of Rain: 21 (>= 0,2 mm)  17 (>= 2,0 mm)  1 (>= 20,0 mm)
Heat Base: 18,3  Cool Base: 18,3  Method: Integration