NOAA-Style Climate Reports


Report for 2016 juli
                   Monthly Climatological Summary for jul 2016

Name: Weerstation Tilburg-Reeshof   City: Tilburg   State: Noord Brabant
Elevation: 7 m  Lat: N 51° 34' 46"   Lon: E 005° 00' 37"

                  Temperature (°C), Rain (mm), Wind Speed (km/h)

                                      Heat  Cool        Avg
    Mean                              Deg   Deg         Wind                 Dom
Day Temp  High   Time   Low    Time   Days  Days  Rain  Speed High   Time    Dir
----------------------------------------------------------------------------------
 1  17,0  20,2   14:56  15,3   01:00   1,5   0,2   5,6   4,4  13,3   17:54   ZZW
 2  15,8  19,4   13:28  12,6   23:57   2,5   0,0   3,8   5,0  15,8   10:41   ZZW
 3  16,2  21,6   15:16  11,6   03:18   2,5   0,5   0,0   3,2  13,0   10:35   ZZW
 4  18,7  26,4   14:43  12,0   06:05   1,8   2,2   0,0   1,6   7,6   14:37   ZZW
 5  16,9  20,0   14:21  13,6   23:57   1,5   0,1   0,5   3,7  15,8   12:13    ZW
 6  16,7  22,7   15:02  12,2   02:57   2,4   0,8   0,0   2,2  11,5   20:29    NW
 7  17,6  23,5   15:06  10,4   05:29   2,4   1,6   0,0   1,9  11,5   12:22   ZZW
 8  19,3  22,2   15:02  16,5   06:29   0,2   1,2   0,0   3,6  15,8   14:27   ZZW
 9  20,8  26,9   14:55  17,0   03:49   0,3   2,8   0,0   3,7  12,2   13:45   ZZW
10  22,6  31,3   14:56  16,8   05:46   0,2   4,4   0,0   3,6  14,8   15:47   ZZW
11  19,7  23,9   15:48  16,6   06:48   0,2   1,6   0,0   6,1  19,4   15:33   ZZW
12  17,9  24,2   13:19  14,5   04:19   1,1   0,7   0,8   4,0  18,4   13:44   ZZW
13  15,2  18,5   11:55  11,9   05:58   3,1   0,0   1,5   2,4  13,0   17:39    ZW
14  15,9  21,6   15:07  11,5   06:20   2,8   0,4   0,0   2,6  18,4   14:10     N
15  17,0  22,9   15:03  10,6   04:51   2,4   1,1   0,0   2,2  11,5   18:18   ZZW
16  19,9  25,6   16:02  16,4   06:23   0,5   2,2   0,0   3,0  11,2   14:35   ZZW
17  21,1  24,6   17:32  18,6   23:53   0,0   2,8   3,8   2,1   9,7   17:30    ZW
18  22,2  29,1   15:17  15,9   05:50   0,6   4,4   0,0   1,8  12,2   18:41   WNW
19  25,5  33,5   15:00  17,4   06:29   0,1   7,3   0,0   2,0  10,8   14:06    ZW
20  27,1  36,4   15:16  20,9   06:12   0,0   8,8   0,0   3,3  16,9   16:23   ZZW
21  23,0  28,9   14:55  18,8   05:24   0,0   4,7   0,0   2,5  11,2   18:29    ZW
22  21,9  27,0   15:20  18,0   08:25   0,0   3,6   5,6   2,2  11,2   19:05     N
23  22,9  27,7   15:13  19,8   06:55   0,0   4,6   0,0   2,6  11,5   09:53     N
24  22,3  28,2   15:43  18,7   04:49   0,0   4,0   0,0   2,2   9,4   18:37   ZZW
25  20,1  24,3   13:50  17,3   23:56   0,1   1,8   0,0   2,4  10,4   14:57   ZZW
26  19,0  25,4   14:02  13,9   05:53   1,3   2,0   0,0   1,6   9,4   19:56   WZW
27  18,9  24,6   15:02  15,9   06:58   0,4   1,1   0,0   3,9  15,5   14:43   ZZW
28  20,1  25,4   15:04  18,0   01:26   0,0   1,9   1,5   2,6  13,0   14:33   ZZW
29  18,7  23,2   15:13  16,4   02:06   0,5   0,9   6,1   3,8  15,8   17:19   ZZW
30  18,0  22,8   14:32  14,9   04:58   0,9   0,7   0,5   2,5  11,5   14:55   ZZW
31  18,5  22,5   14:58  15,9   23:56   0,7   0,9   2,3   1,7  10,4   14:40   WZW
----------------------------------------------------------------------------------
    19,6  36,4    20    10,4     7    30,0  69,3  32,0   2,9  19,4    11     ZZW

Max >=  27,0:  8
Max <=   0,0:  0
Min <=   0,0:  0
Min <= -18,0:  0
Max Rain: 6,1 on day 29
Days of Rain: 11 (>= 0,2 mm)  6 (>= 2,0 mm)  0 (>= 20,0 mm)
Heat Base: 18,3  Cool Base: 18,3  Method: Integration