NOAA-Style Climate Reports


Report for 2016 augustus
                   Monthly Climatological Summary for aug 2016

Name: Weerstation Tilburg-Reeshof   City: Tilburg   State: Noord Brabant
Elevation: 7 m  Lat: N 51° 34' 46"   Lon: E 005° 00' 37"

                  Temperature (°C), Rain (mm), Wind Speed (km/h)

                                      Heat  Cool        Avg
    Mean                              Deg   Deg         Wind                 Dom
Day Temp  High   Time   Low    Time   Days  Days  Rain  Speed High   Time    Dir
----------------------------------------------------------------------------------
 1  17,0  21,0   15:00  14,5   04:08   1,7   0,4   8,4   2,3  11,2   12:26   ZZW
 2  16,3  19,1   14:57  14,4   04:51   2,1   0,0  13,5   3,4  11,2   17:33   ZZW
 3  18,2  19,5   14:59  16,3   18:20   0,3   0,1  11,7   5,4  15,8   06:28   ZZW
 4  17,2  22,3   15:07  13,8   05:07   1,6   0,5   1,0   4,6  15,8   16:18   ZZW
 5  17,7  23,4   15:28  13,0   05:28   1,7   1,1   0,0   2,7   9,7   11:23    ZW
 6  17,9  23,7   14:51  13,2   06:02   1,7   1,3   0,0   2,8  13,0   14:49   ZZW
 7  18,8  24,7   15:03  12,9   03:52   1,8   2,3   0,0   4,5  15,5   14:11   ZZW
 8  18,8  22,4   14:54  15,4   23:58   0,5   0,9   0,0   4,4  14,0   11:36   ZZW
 9  14,6  18,2   11:34  11,5   07:24   3,7   0,0   7,1   2,0  14,8   18:42     W
10  13,2  17,2   11:55  10,4   06:39   5,1   0,0  17,0   1,7  15,1   12:10   WZW
11  12,4  15,5   14:57   8,6   02:28   5,9   0,0   6,9   4,0  17,3   12:34   ZZW
12  19,2  23,2   19:26  15,4   00:04   0,8   1,6   0,0   3,3  15,8   16:25   ZZW
13  18,7  23,3   15:07  14,5   06:58   1,0   1,4   0,0   3,3  14,8   14:31   ZZW
14  19,2  24,6   15:58  15,3   04:24   0,8   1,7   0,0   2,1  13,3   17:37     N
15  18,2  24,0   14:58  13,3   07:24   1,6   1,5   0,0   3,0  14,8   13:04     N
16  17,9  23,8   14:56  12,7   06:28   1,8   1,4   0,0   4,3  16,6   12:32     N
17  19,1  25,8   14:56  13,2   06:31   1,5   2,4   0,0   3,5  16,2   14:58     N
18  19,1  26,4   15:45  12,4   06:47   1,6   2,4   0,0   2,9  12,2   13:04     N
19  19,3  25,1   14:37  13,8   06:30   1,1   2,1   0,0   2,4  14,4   21:25   ZZW
20  19,4  25,0   15:07  15,2   06:25   0,7   1,8   0,0   4,8  15,8   15:27   ZZW
21  17,1  20,3   16:18  14,8   06:54   1,4   0,2   5,8   5,5  16,2   17:21   ZZW
22  18,4  24,2   17:44  14,8   02:12   1,3   1,4   1,3   4,0  13,7   15:18   ZZW
23  21,3  29,9   14:58  13,5   07:14   1,4   4,4   0,0   1,7   9,4   17:51   ZZW
24  25,1  33,7   15:02  17,6   06:57   0,0   6,9   0,0   2,1  11,5   16:04   ZZW
25  26,2  34,3   15:48  19,5   07:11   0,0   7,9   0,0   2,2   8,6   11:38   ZZW
26  23,9  29,2   14:59  21,0   07:13   0,0   5,6   0,0   2,3  13,0   16:00     N
27  22,8  29,5   15:45  18,0   06:27   0,0   4,5   0,0   3,8  12,2   16:31     N
28  22,0  25,1   14:44  17,8   23:55   0,0   3,7   0,0   3,4  14,8   12:16   ZZW
29  18,5  23,4   15:04  15,6   23:59   0,7   0,9   1,0   2,4  14,0   17:54    NW
30  17,7  25,3   15:07  10,9   07:00   2,4   1,8   0,0   1,4   9,7   15:57    NW
31  19,4  26,9   15:03  12,8   06:42   1,4   2,5   0,0   1,6   9,7   15:52   ZZW
----------------------------------------------------------------------------------
    18,9  34,3    25     8,6    11    45,6  62,7  73,7   3,2  17,3    11      ZW

Max >=  27,0:  5
Max <=   0,0:  0
Min <=   0,0:  0
Min <= -18,0:  0
Max Rain: 17,0 on day 10
Days of Rain: 10 (>= 0,2 mm)  7 (>= 2,0 mm)  0 (>= 20,0 mm)
Heat Base: 18,3  Cool Base: 18,3  Method: Integration