NOAA-Style Climate Reports


Report for 2016 september
                   Monthly Climatological Summary for sep 2016

Name: Weerstation Tilburg-Reeshof   City: Tilburg   State: Noord Brabant
Elevation: 7 m  Lat: N 51° 34' 46"   Lon: E 005° 00' 37"

                  Temperature (°C), Rain (mm), Wind Speed (km/h)

                                      Heat  Cool        Avg
    Mean                              Deg   Deg         Wind                 Dom
Day Temp  High   Time   Low    Time   Days  Days  Rain  Speed High   Time    Dir
----------------------------------------------------------------------------------
 1  18,9  25,5   15:05  15,2   04:42   1,0   1,6   0,0   2,5  14,0   14:59   ZZW
 2  17,3  23,4   14:47  13,4   04:29   2,0   1,0   1,5   3,1  13,7   13:40   ZZW
 3  18,5  25,3   15:51  13,9   03:47   1,4   1,7   0,8   3,5  12,6   16:56   ZZW
 4  18,4  21,2   14:43  15,6   19:32   0,5   0,6   2,5   4,7  15,1   08:45   ZZW
 5  18,3  22,9   15:42  14,6   06:35   1,2   1,2   0,0   1,6   9,4   16:58    ZW
 6  19,3  24,9   14:11  14,7   05:47   1,0   2,0   0,0   1,6   9,0   10:37   ZZW
 7  20,4  28,3   15:20  14,2   07:17   1,1   3,2   0,0   1,3   7,6   13:33   WZW
 8  20,9  29,5   15:05  15,2   05:41   0,7   3,2   0,0   2,7  13,7   16:20   ZZW
 9  18,0  24,9   15:11  12,8   07:31   1,8   1,5   0,0   2,4   9,4   13:12   ZZW
10  19,5  27,6   14:58  13,3   07:05   1,5   2,7   0,0   2,6  12,6   16:19   ZZW
11  19,5  22,6   14:57  17,1   08:52   0,2   1,4   0,0   1,8  10,8   08:26   ZZW
12  19,5  28,7   17:12  17,0   07:00   0,6   1,9   0,0   0,7   5,8   17:38     Z
13  24,8  33,4   14:59  18,6   07:32   0,0   6,5   0,0   1,6  11,2   11:14   ZZW
14  25,1  33,7   15:01  19,5   07:02   0,0   6,8   0,0   1,5  11,9   17:05   WZW
15  23,2  31,1   15:00  17,7   23:59   0,0   4,9   7,4   3,3  13,7   18:33    ZW
16  17,4  22,4   14:45  14,8   07:20   1,4   0,5   0,0   3,3  13,7   14:36     Z
17  17,6  22,6   14:57  15,4   02:51   1,2   0,5   1,5   2,2   8,3   16:37   ZZW
18  17,2  20,1   14:57  15,4   07:18   1,3   0,2   0,0   2,9  16,9   12:28     N
19  16,2  20,5   14:57  12,6   07:41   2,3   0,2   0,0   1,2   7,2   14:34     N
20  15,2  21,4   14:45  10,0   07:37   3,6   0,4   0,0   1,0   8,3   14:18     N
21  16,2  22,9   15:11  10,9   05:16   3,0   0,9   0,0   1,0   8,3   16:38   WZW
22  16,2  23,5   15:03  10,0   07:17   3,4   1,3   0,0   1,3   7,6   13:48   ZZW
23  16,4  22,4   16:14  11,9   23:54   2,7   0,8   0,0   1,5   8,6   14:08    ZW
24  16,9  26,0   16:19  11,0   01:18   3,2   1,8   0,0   2,5  13,7   14:16   ZZW
25  17,0  25,5   14:11  12,3   06:38   2,6   1,3   0,0   3,5  12,2   15:14   ZZW
26  14,3  20,6   16:18   9,0   07:29   4,3   0,3   0,5   1,4   7,6   15:59   ZZW
27  14,5  23,8   16:41   6,8   07:52   4,8   1,0   0,0   2,1  11,2   15:43   ZZW
28  19,3  24,4   16:02  15,5   06:35   0,8   1,8   0,0   5,3  15,5   10:07   ZZW
29  16,8  19,0   16:54  14,4   23:51   1,5   0,1   1,8   6,0  18,0   09:48   ZZW
30  15,3  20,4   16:13  12,7   06:30   3,2   0,2   0,0   3,5  14,0   14:59   ZZW
----------------------------------------------------------------------------------
    18,3  33,7    14     6,8    27    52,3  51,5  16,0   2,5  18,0    29     ZZW

Max >=  27,0:  7
Max <=   0,0:  0
Min <=   0,0:  0
Min <= -18,0:  0
Max Rain: 7,4 on day 15
Days of Rain: 7 (>= 0,2 mm)  2 (>= 2,0 mm)  0 (>= 20,0 mm)
Heat Base: 18,3  Cool Base: 18,3  Method: Integration