NOAA-Style Climate Reports


Report for 2016 oktober
                   Monthly Climatological Summary for okt 2016

Name: Weerstation Tilburg-Reeshof   City: Tilburg   State: Noord Brabant
Elevation: 7 m  Lat: N 51° 34' 46"   Lon: E 005° 00' 37"

                  Temperature (°C), Rain (mm), Wind Speed (km/h)

                                      Heat  Cool        Avg
    Mean                              Deg   Deg         Wind                 Dom
Day Temp  High   Time   Low    Time   Days  Days  Rain  Speed High   Time    Dir
----------------------------------------------------------------------------------
 1  14,7  19,9   15:49  10,9   23:59   3,8   0,1   1,5   2,8  14,0   18:41     Z
 2  12,3  16,2   13:03   8,9   05:04   6,0   0,0   3,8   3,6  17,6   14:23   ZZW
 3  14,8  18,9   16:26  12,3   07:37   3,5   0,0   5,6   2,4  11,5   11:51   NNW
 4  13,3  17,3   16:56  10,5   06:39   5,0   0,0   0,0   2,8  14,4   10:26     N
 5  11,1  15,7   15:14   7,6   23:52   7,2   0,0   0,0   4,2  14,4   16:58     N
 6   9,7  14,3   13:32   5,0   05:31   8,6   0,0   0,0   4,6  14,8   14:47     N
 7  12,0  14,8   17:32   8,8   23:43   6,3   0,0   0,0   3,5  10,4   03:59     N
 8  12,2  16,4   15:12   8,9   00:00   6,1   0,0   0,0   2,7  11,2   12:55     N
 9  10,4  15,9   16:29   5,6   07:59   7,8   0,0   0,0   1,1  11,2   16:10     N
10   9,2  15,8   14:39   4,5   06:37   9,1   0,0   0,0   1,5  13,7   15:03     N
11   9,2  14,9   14:38   3,1   07:59   9,1   0,0   0,0   1,8  11,2   14:47     N
12  10,0  11,3   14:39   8,7   22:38   8,3   0,0   0,0   4,4  14,8   03:49     N
13   9,7  13,6   15:44   7,2   04:43   8,6   0,0   0,0   3,8  16,9   17:46   NNW
14  10,7  14,6   14:13   8,0   07:29   7,6   0,0   4,6   2,9  10,8   03:06   NNW
15  11,9  16,1   17:01  10,5   01:18   6,4   0,0   7,6   2,8  13,0   13:38   ZZW
16  13,8  21,7   16:03   8,9   08:32   4,9   0,4   0,0   2,3  11,9   14:40   ZZW
17  13,2  18,1   16:58   9,7   08:55   5,1   0,0   0,0   1,9  11,9   12:01   ZZW
18  10,3  13,2   12:42   8,2   22:34   8,0   0,0   4,8   3,5  14,0   17:01   ZZW
19   9,2  12,4   15:55   5,2   23:35   9,1   0,0  14,0   3,3  18,0   10:11    ZW
20   9,6  13,5   14:15   5,3   00:00   8,7   0,0   1,0   2,1  15,8   18:18     N
21   8,3  12,4   17:02   5,6   03:51  10,0   0,0   0,5   1,5   7,9   13:14    ZW
22   7,9  12,4   14:36   2,8   23:52  10,4   0,0   0,0   1,4  10,1   15:10     N
23   4,7  10,8   15:40   0,2   08:12  13,6   0,0   0,0   1,1   7,2   12:37   NNW
24   7,8  10,2   15:00   5,2   00:00  10,5   0,0   0,0   2,5   9,7   14:50     N
25   9,3  10,8   14:37   8,3   05:10   9,0   0,0   0,0   0,8   6,5   04:55     N
26   9,9  13,8   16:34   6,1   09:17   8,4   0,0   0,0   1,2   8,6   12:26   ZZW
27  11,4  14,6   16:32   8,3   02:29   6,9   0,0   0,0   3,4  11,9   13:05   ZZW
28  13,0  14,3   15:05  11,1   00:00   5,3   0,0   0,5   3,7  12,2   14:10   ZZW
29  12,6  16,3   16:30   8,4   23:18   5,7   0,0   0,0   0,9  10,1   14:29   NNW
30  10,1  16,4   14:53   6,4   03:20   8,5   0,0   0,0   0,5   6,5   14:01   NNW
31  10,1  17,5   15:21   6,0   07:32   7,5   0,0   0,0   0,3   6,5   13:41    NW
----------------------------------------------------------------------------------
    10,7  21,7    16     0,2    23   235,0   0,5  43,9   2,4  18,0    19      NW

Max >=  27,0:  0
Max <=   0,0:  0
Min <=   0,0:  0
Min <= -18,0:  0
Max Rain: 14,0 on day 19
Days of Rain: 10 (>= 0,2 mm)  6 (>= 2,0 mm)  0 (>= 20,0 mm)
Heat Base: 18,3  Cool Base: 18,3  Method: Integration