NOAA-Style Climate Reports


Report for 2016 november
                   Monthly Climatological Summary for nov 2016

Name: Weerstation Tilburg-Reeshof   City: Tilburg   State: Noord Brabant
Elevation: 7 m  Lat: N 51° 34' 46"   Lon: E 005° 00' 37"

                  Temperature (°C), Rain (mm), Wind Speed (km/h)

                                      Heat  Cool        Avg
    Mean                              Deg   Deg         Wind                 Dom
Day Temp  High   Time   Low    Time   Days  Days  Rain  Speed High   Time    Dir
----------------------------------------------------------------------------------
 1   9,3  14,8   14:16   4,8   07:08   9,0   0,0   0,0   1,1  16,6   17:29     N
 2   8,1  12,0   14:06   5,5   01:12  10,2   0,0   3,3   1,4   9,0   12:34   ZZW
 3   7,2  11,9   14:58   3,3   08:17  11,1   0,0   0,5   1,4  10,1   14:51   ZZW
 4   7,8  11,0   13:40   5,7   00:00  10,5   0,0   1,3   3,7  12,2   19:46     Z
 5   7,5  10,4   12:36   5,8   23:59  10,8   0,0   1,5   3,0  10,1   16:40   ZZW
 6   6,0   8,0   13:46   4,8   01:36  12,3   0,0   4,3   4,4  13,7   12:42   ZZW
 7   5,4   6,5   10:45   4,3   23:51  12,9   0,0   1,3   2,6  11,9   12:50     N
 8   4,0   8,0   15:23   0,0   08:35  14,3   0,0   0,5   2,2  11,5   16:25     Z
 9   3,5   5,5   12:52   0,7   02:56  14,8   0,0   8,4   1,6   8,6   13:12   ZZW
10   6,1   8,0   12:58   4,1   01:23  12,2   0,0  10,2   1,3   7,2   09:30   ZZW
11   3,8   7,2   14:04  -1,4   23:50  14,5   0,0   0,0   3,7  15,8   07:19     N
12   2,0   5,7   15:42  -2,0   02:06  16,3   0,0   1,8   1,7   7,6   10:33   ZZW
13   4,5   6,0   13:58   3,4   22:42  13,8   0,0   2,0   1,3   5,4   04:09   ZZW
14   3,8   6,3   19:16   0,7   05:26  14,5   0,0   3,3   2,5  12,2   23:33     Z
15   9,8  12,2   16:34   6,3   00:00   8,5   0,0   3,6   3,9  13,0   00:30   ZZW
16  12,5  14,0   13:53  10,6   23:53   5,8   0,0  10,9   4,2  12,6   09:43   ZZW
17   9,8  11,4   21:57   7,9   08:03   8,5   0,0  10,9   6,0  21,6   22:15   ZZW
18   5,9   8,8   00:00   3,1   22:21  12,4   0,0  13,7   6,0  20,2   11:55     Z
19   5,9   8,3   13:33   3,6   00:45  12,4   0,0   0,0   5,7  16,2   05:54     Z
20   9,1  12,8   13:35   5,2   00:06   9,2   0,0   6,6   7,9  40,7   11:57   ZZW
21  11,8  14,2   12:34   9,0   00:00   6,5   0,0   5,6   3,8  15,1   17:27     Z
22  11,3  14,0   14:55   7,9   23:53   7,0   0,0   0,0   5,3  16,6   02:48     Z
23   9,0  12,2   13:36   6,2   05:31   9,2   0,0   0,0   2,5  12,2   23:47     N
24   8,1  10,0   13:29   4,8   23:54  10,2   0,0   0,0   8,0  23,0   11:16     N
25   4,5   8,8   15:05   1,1   23:51  13,8   0,0   0,0   5,1  18,0   01:08     N
26   1,6   5,1   14:52  -0,4   08:20  16,6   0,0   0,0   1,2   7,2   13:45     N
27   5,5  10,0   14:29   1,3   00:00  12,8   0,0   0,0   1,6  10,1   14:41     N
28   1,7   5,3   14:47  -1,2   23:54  16,6   0,0   0,0   2,7  11,5   14:37     N
29  -1,3   4,1   14:59  -3,9   08:52  19,6   0,0   0,0   0,6   6,1   14:16     N
30   0,3   6,3   15:00  -5,0   04:14  18,0   0,0   0,0   2,7   9,7   15:35   ZZW
----------------------------------------------------------------------------------
     6,2  14,8     1    -5,0    30   364,3   0,0  89,7   3,3  40,7    20     ZZW

Max >=  27,0:  0
Max <=   0,0:  0
Min <=   0,0:  7
Min <= -18,0:  0
Max Rain: 13,7 on day 18
Days of Rain: 18 (>= 0,2 mm)  12 (>= 2,0 mm)  0 (>= 20,0 mm)
Heat Base: 18,3  Cool Base: 18,3  Method: Integration