NOAA-Style Climate Reports


Report for 2016 december
                   Monthly Climatological Summary for dec 2016

Name: Weerstation Tilburg-Reeshof   City: Tilburg   State: Noord Brabant
Elevation: 7 m  Lat: N 51° 34' 46"   Lon: E 005° 00' 37"

                  Temperature (°C), Rain (mm), Wind Speed (km/h)

                                      Heat  Cool        Avg
    Mean                              Deg   Deg         Wind                 Dom
Day Temp  High   Time   Low    Time   Days  Days  Rain  Speed High   Time    Dir
----------------------------------------------------------------------------------
 1   5,7   7,8   20:21   3,7   00:00  12,5   0,0   0,0   3,4   9,0   09:42   ZZW
 2   7,3  10,4   12:45   2,8   22:22  11,0   0,0   1,8   1,2  11,2   13:31   NNW
 3   1,3   6,8   14:41  -1,6   07:38  17,0   0,0   0,0   0,2   4,7   12:27   NNW
 4   0,4   4,4   14:40  -1,6   08:28  17,9   0,0   0,5   1,5   9,0   13:10   NNW
 5  -0,1   5,6   14:24  -2,6   07:17  18,4   0,0   0,0   0,4   4,7   13:05   ZZW
 6   0,7   6,8   14:31  -3,4   07:12  17,6   0,0   0,0   0,7   5,4   21:49   ZZW
 7   6,1  10,0   14:34   2,5   00:10  12,2   0,0   0,0   4,3  14,4   13:52     Z
 8   7,8  10,4   15:08   6,2   03:03  10,4   0,0   0,0   5,6  14,8   11:13     Z
 9   9,4  12,2   14:28   7,5   23:59   8,9   0,0   0,0   4,9  12,2   20:21   ZZW
10   7,3   8,8   21:19   5,9   07:54  11,0   0,0   0,5   5,2  12,2   22:29   ZZW
11   8,5   9,9   12:43   7,2   23:54   9,8   0,0   3,3   3,5  20,5   02:33   ZZW
12   6,2   8,2   14:36   3,2   05:27  12,1   0,0   0,0   1,7   9,0   12:20     Z
13   6,8   8,0   15:32   5,5   00:00  11,5   0,0   1,5   2,8   8,6   10:52     Z
14   7,7  11,0   14:46   6,0   09:45  10,6   0,0   0,0   1,6   7,2   02:40     Z
15   6,0   7,4   14:14   4,5   23:52  12,3   0,0   0,0   2,2   9,0   10:46   ZZW
16   5,8   8,8   14:36   4,2   01:57  12,5   0,0   0,8   1,9   8,3   10:59   ZZW
17   6,1   7,8   14:53   3,8   08:39  12,2   0,0   0,0   1,4   5,4   10:38   ZZW
18   7,4   8,8   13:48   6,2   08:44  10,9   0,0   0,0   1,4   7,2   08:54   ZZW
19   6,2   8,7   14:11   2,2   23:50  12,1   0,0   0,0   0,9   7,6   12:43    NW
20   1,1   4,6   15:06  -0,6   06:56  17,2   0,0   0,0   1,2   8,3   23:55    ZW
21   3,6   7,1   15:04  -0,3   04:27  14,7   0,0   3,8   5,6  14,4   09:50     Z
22   6,1   7,0   14:20   4,9   23:42  12,2   0,0   4,8   3,4  10,8   16:20     Z
23   5,5   8,4   14:23   3,7   03:59  12,8   0,0   1,3   5,7  22,0   23:08     Z
24   7,9   9,1   21:51   6,5   00:00  10,4   0,0   1,5   6,9  16,9   15:13   ZZW
25  10,0  11,6   23:31   8,2   00:00   8,2   0,0   1,8   7,7  18,7   04:56   ZZW
26   8,5  11,6   00:02   4,4   22:23   9,8   0,0   1,5   4,9  18,7   01:29   ZZW
27   5,6   9,4   14:16   2,8   08:44  12,7   0,0   0,0   1,9   9,7   00:57   ZZW
28   2,7   5,2   00:00  -1,3   23:51  15,6   0,0   0,0   1,4   9,7   17:17   ZZW
29  -1,5   0,2   14:09  -2,8   22:33  19,8   0,0   0,0   0,8   4,3   17:10   ZZW
30  -1,8   3,2   15:00  -5,0   06:07  20,1   0,0   0,5   1,2   7,9   13:15     Z
31   0,3   2,0   13:58  -0,9   00:00  18,0   0,0   0,5   3,8  11,2   18:45     Z
----------------------------------------------------------------------------------
     5,0  12,2     9    -5,0    30   412,4   0,0  24,1   2,9  22,0    23     ZZW

Max >=  27,0:  0
Max <=   0,0:  0
Min <=   0,0: 10
Min <= -18,0:  0
Max Rain: 4,8 on day 22
Days of Rain: 14 (>= 0,2 mm)  3 (>= 2,0 mm)  0 (>= 20,0 mm)
Heat Base: 18,3  Cool Base: 18,3  Method: Integration