NOAA-Style Climate Reports


Report for 2017 januari
                   Monthly Climatological Summary for jan 2017

Name: Weerstation Tilburg-Reeshof   City: Tilburg   State: Noord Brabant
Elevation: 7 m  Lat: N 51° 34' 46"   Lon: E 005° 00' 37"

                  Temperature (°C), Rain (mm), Wind Speed (km/h)

                                      Heat  Cool        Avg
    Mean                              Deg   Deg         Wind                 Dom
Day Temp  High   Time   Low    Time   Days  Days  Rain  Speed High   Time    Dir
----------------------------------------------------------------------------------
 1  -0,1   0,8   23:07  -1,2   13:30  18,3   0,0   1,0   4,8  13,7   13:59     Z
 2   2,1   5,3   15:58  -0,2   09:12  16,2   0,0   0,0   1,1  11,2   13:40    ZW
 3   3,3   5,9   22:50   1,2   00:38  15,0   0,0   0,5   4,9  14,8   13:03     Z
 4   5,8   7,0   13:44   3,3   23:52  12,5   0,0   0,8   3,5  17,3   17:39   NNW
 5   1,2   4,1   13:30  -3,9   23:51  17,1   0,0   0,0   1,6  12,2   14:38     N
 6  -2,9   0,6   15:15  -5,3   09:06  21,2   0,0   0,0   1,9  10,1   22:02     Z
 7  -0,4   1,3   23:41  -1,8   03:50  18,7   0,0   0,5   2,5  12,2   08:44   ZZW
 8   3,1   5,6   13:52   1,2   04:37  15,2   0,0   3,3   0,2   2,5   00:53   ZZW
 9   4,6   5,7   14:27   2,9   00:55  13,7   0,0   2,8   4,0  15,1   20:16     Z
10   5,3   6,8   15:03   3,2   08:55  13,0   0,0   3,8   2,9  11,5   02:16     Z
11   6,9  10,0   13:55   5,2   05:28  11,4   0,0   0,5   5,6  16,9   09:40   ZZW
12   5,7   8,1   13:29   1,4   23:57  12,6   0,0  17,5   5,1  14,0   12:58   ZZW
13   2,3   4,7   20:32   0,7   01:26  16,0   0,0  19,3   3,7  14,4   14:13   WZW
14   2,4   4,4   00:00   0,9   23:05  15,9   0,0   3,8   2,2  13,0   12:52     W
15   1,4   3,5   14:46   0,0   06:00  16,9   0,0   1,8   0,9   5,8   13:55   ZZW
16   0,0   1,0   02:28  -1,6   19:48  18,3   0,0   0,0   1,2   7,6   23:15   NNW
17  -2,3   0,5   14:57  -4,0   05:35  20,6   0,0   0,0   1,3   6,8   00:13   NNW
18  -2,5  -0,3   15:04  -4,0   00:23  20,8   0,0   0,0   1,8   8,6   19:54   NNW
19  -1,3   3,8   15:01  -4,1   08:33  19,6   0,0   0,5   1,2   8,6   16:12     N
20  -0,8   4,8   14:25  -5,1   09:00  19,1   0,0   0,0   1,3   7,9   21:32     N
21   0,1   5,4   15:06  -3,3   23:59  18,2   0,0   0,0   1,1   7,2   13:31   NNW
22  -2,2   3,5   14:55  -6,0   08:09  20,5   0,0   0,0   0,3   5,4   13:25    ZW
23   1,6   3,6   13:17   0,0   00:00  16,7   0,0   0,0   1,5   7,2   17:08     Z
24   1,7   3,0   14:42   0,8   23:47  16,6   0,0   0,5   1,5   7,6   02:39   ZZW
25  -0,4   1,2   13:05  -2,9   23:43  18,7   0,0   0,0   1,3  12,6   14:30    ZW
26  -2,5   1,6   15:04  -5,1   07:15  20,8   0,0   0,0   1,5   8,6   14:27   ZZW
27   0,8   6,6   16:06  -4,9   02:47  17,5   0,0   0,0   2,9  10,1   11:47   ZZW
28   6,1  10,9   15:30   2,6   04:45  12,2   0,0   0,0   3,7  14,0   12:31     Z
29   5,1   7,9   16:13   3,5   09:08  13,2   0,0   3,3   4,7  14,0   13:07     Z
30   5,7   7,5   11:50   3,2   22:07  12,6   0,0   6,6   4,5  14,0   08:58   ZZW
31   4,2   6,2   14:05   3,3   00:00  14,1   0,0   0,0   1,7  11,9   23:15    ZW
----------------------------------------------------------------------------------
     1,7  10,9    28    -6,0    22   513,2   0,0  66,5   2,5  17,3     4     ZZW

Max >=  27,0:  0
Max <=   0,0:  1
Min <=   0,0: 17
Min <= -18,0:  0
Max Rain: 19,3 on day 13
Days of Rain: 16 (>= 0,2 mm)  8 (>= 2,0 mm)  0 (>= 20,0 mm)
Heat Base: 18,3  Cool Base: 18,3  Method: Integration