NOAA-Style Climate Reports


Report for 2017 february
                   Monthly Climatological Summary for feb 2017

Name: Weerstation Tilburg-Reeshof   City: Tilburg   State: Noord Brabant
Elevation: 7 m  Lat: N 51° 34' 46"   Lon: E 005° 00' 37"

                  Temperature (°C), Rain (mm), Wind Speed (km/h)

                                      Heat  Cool        Avg
    Mean                              Deg   Deg         Wind                 Dom
Day Temp  High   Time   Low    Time   Days  Days  Rain  Speed High   Time    Dir
----------------------------------------------------------------------------------
 1   4,0   6,8   15:21   0,5   05:03  13,9   0,0   0,0   3,6  11,5   11:22   ZZW
 2   9,4  14,0   14:39   6,0   04:58   8,9   0,0   0,5   4,0  11,2   14:18     Z
 3   9,5  12,2   13:54   6,9   20:38   8,8   0,0   0,8   4,0  14,4   13:54     Z
 4   6,1   7,8   00:43   4,0   08:01  12,2   0,0   5,8   2,4  13,0   02:17   ZZW
 5   5,8   8,9   15:49   3,6   06:53  12,5   0,0   0,0   2,7  14,0   21:06   NNW
 6   5,2   8,5   13:19   2,2   04:44  13,1   0,0   0,0   0,8   6,5   00:19   NNW
 7   4,8   5,7   15:28   3,2   23:54  13,3   0,0   2,3   1,6  10,8   23:25    NW
 8   2,2   3,2   00:00   0,6   23:58  16,1   0,0   0,5   4,4  12,2   16:03     N
 9   0,2   1,6   15:11  -1,3   23:55  18,1   0,0   0,0   4,3  11,2   04:40     N
10  -1,1   0,2   15:24  -3,0   05:45  19,4   0,0   0,0   3,5  12,6   12:35     N
11   0,4   1,4   18:35  -0,8   05:55  17,9   0,0   1,3   3,3  10,4   13:40     N
12   2,6   5,6   16:01   0,7   00:00  15,6   0,0   3,6   2,8  12,2   12:44   NNW
13   3,3   8,3   16:21  -0,2   07:56  15,0   0,0   0,0   3,8  13,3   12:44   NNW
14   5,0  12,1   15:38   0,0   07:59  13,3   0,0   0,0   2,2   9,0   15:24   WZW
15   7,9  15,2   16:09   1,8   06:25  10,4   0,0   0,0   2,5  10,1   15:59     Z
16   7,3  10,1   16:01   4,4   07:37  11,0   0,0   0,0   2,7  12,2   14:14   ZZW
17   7,5  10,4   14:24   5,3   01:48  10,8   0,0   0,5   2,1   7,9   03:03    ZW
18   7,0  12,4   15:20   3,2   23:50  11,3   0,0   0,0   1,7   8,6   16:08     Z
19   5,5   8,7   15:41   2,7   05:02  12,8   0,0   0,0   3,4  12,2   09:26   ZZW
20   9,4  11,3   21:12   7,5   00:00   8,9   0,0   3,5   5,4  14,8   11:24   ZZW
21  10,6  12,4   14:52   9,1   06:17   7,7   0,0   0,5   3,7  18,0   22:18   ZZW
22  10,4  11,9   12:09   9,2   19:10   7,9   0,0  24,1   8,3  24,5   02:50   ZZW
23   9,2  11,2   14:57   5,2   23:35   9,1   0,0   9,9  11,5  29,9   20:08   ZZW
24   5,2   8,9   15:09   2,0   23:55  13,1   0,0   2,3   2,3  11,9   00:04     W
25   5,3   9,0   16:50   1,1   04:09  13,0   0,0   0,0   6,5  18,7   12:20     Z
26   8,9  10,8   23:53   6,9   06:23   9,4   0,0   0,5   7,5  17,3   13:47     Z
27   9,5  11,7   11:41   6,4   22:54   8,8   0,0  10,9   8,1  24,5   15:56     Z
28   5,0   7,7   13:57   2,6   22:22  13,3   0,0   7,9   7,5  27,7   06:34   ZZW
----------------------------------------------------------------------------------
     5,9  15,2    15    -3,0    10   345,6   0,0  74,9   4,2  29,9    23     ZZW

Max >=  27,0:  0
Max <=   0,0:  0
Min <=   0,0:  5
Min <= -18,0:  0
Max Rain: 24,1 on day 22
Days of Rain: 16 (>= 0,2 mm)  9 (>= 2,0 mm)  1 (>= 20,0 mm)
Heat Base: 18,3  Cool Base: 18,3  Method: Integration